000
CXUS56 KLOX 031318
CF6SMO
PRELIMINARY LOCAL CLIMATOLOGICAL DATA (WS FORM: F-6)
STATION: SANTA MONICA AIRPORT CA
MONTH: SEPTEMBER
YEAR: 2020
LATITUDE: 34 0 N
LONGITUDE: 118 27 W
TEMPERATURE IN F: :PCPN: SNOW: WIND :SUNSHINE: SKY :PK WND
================================================================================
1 2 3 4 5 6A 6B 7 8 9 10 11 12 13 14 15 16 17 18
12Z AVG MX 2MIN
DY MAX MIN AVG DEP HDD CDD WTR SNW DPTH SPD SPD DIR MIN PSBL S-S WX SPD DR
================================================================================
1 72 64 68 -1 0 3 0.00 0.0 0 5.6 15 240 M M 4 20 230
2 73 61 67 -2 0 2 0.00 0.0 0 4.6 14 250 M M 2 20 260
3 74 62 68 -1 0 3 0.00 0.0 0 3.6 13 250 M M 0 17 260
4 78 63 71 2 0 6 0.00 0.0 0 3.7 12 240 M M 0 16 250
5 88 65 77 8 0 12 0.00 0.0 0 3.4 10 210 M M 0 13 200
6 98 71 85 16 0 20 0.00 0.0 0 4.4 10 200 M M 0 14 220
7 86 70 78 9 0 13 0.00 0.0 0 3.9 12 150 M M 1 8 14 140
8 76 68 72 3 0 7 0.00 0.0 0 3.3 8 240 M M 8 11 230
9 75 64 70 1 0 5 0.00 0.0 0 3.5 12 220 M M 0 15 220
10 72 60 66 -3 0 1 0.00 0.0 0 2.9 8 210 M M 2 128 10 210
11 76 59 68 -1 0 3 0.00 0.0 0 3.9 9 250 M M 1 18 13 260
12 75 59 67 -2 0 2 0.00 0.0 0 3.5 9 240 M M 1 18 12 210
13 76 58 67 -2 0 2 0.00 0.0 0 3.5 12 240 M M 0 18 15 240
14 77 60 69 1 0 4 0.00 0.0 0 4.0 12 240 M M 1 18 15 230
15 78 60 69 1 0 4 0.00 M M 3.1 10 240 M M M 14 230
16 84 60 72 4 0 7 0.00 M M 3.7 13 230 M M M 17 230
17 83 59 71 3 0 6 0.00 M M 3.0 10 230 M M M 13 240
18 86 62 74 6 0 9 0.00 M M 3.9 12 250 M M M 15 240
19 78 62 70 2 0 5 0.00 M M 3.4 10 240 M M M 14 220
20 74 59 67 -1 0 2 0.00 M M 3.7 10 230 M M M 13 230
21 73 63 68 0 0 3 0.00 M M 4.6 12 230 M M M 16 220
22 74 63 69 1 0 4 0.00 M M 3.8 12 230 M M M 15 260
23 75 61 68 0 0 3 0.00 M M 3.1 12 240 M M M 15 260
24 79 59 69 1 0 4 0.00 M M 3.4 10 250 M M M 15 210
25 74 61 68 1 0 3 0.00 M M 3.4 12 230 M M M 16 220
26 77 63 70 3 0 5 0.00 M M 2.7 12 220 M M M 17 230
27 75 66 71 4 0 6 0.00 M M 3.6 12 220 M M M 15 220
28 76 64 70 3 0 5 0.00 M M 3.8 12 240 M M M 14 250
29 87 63 75 8 0 10 0.00 M M 4.2 16 210 M M M 13 220
30 91 65 78 11 0 13 0.00 M M 4.5 13 240 M M M 17 240
================================================================================
SM 2360 1874 0 172 0.00 0.0 111.7 M 20
================================================================================
AV 78.7 62.5 3.7 FASTST M M 1 MAX(MPH)
MISC ----> # 16 210 # 20 230
================================================================================
NOTES:
# LAST OF SEVERAL OCCURRENCES
COLUMN 17 PEAK WIND IN M.P.H.
PRELIMINARY LOCAL CLIMATOLOGICAL DATA (WS FORM: F-6) , PAGE 2
STATION: SANTA MONICA AIRPORT CA
MONTH: SEPTEMBER
YEAR: 2020
LATITUDE: 34 0 N
LONGITUDE: 118 27 W
[TEMPERATURE DATA] [PRECIPITATION DATA] SYMBOLS USED IN COLUMN 16
AVERAGE MONTHLY: 70.6 TOTAL FOR MONTH: 0.00 1 = FOG OR MIST
DPTR FM NORMAL: 2.4 DPTR FM NORMAL: -0.22 2 = FOG REDUCING VISIBILITY
HIGHEST: 98 ON 6 GRTST 24HR 0.00 ON 30-30 TO 1/4 MILE OR LESS
LOWEST: 58 ON 13 3 = THUNDER
SNOW, ICE PELLETS, HAIL 4 = ICE PELLETS
TOTAL MONTH: 0.0 INCH 5 = HAIL
GRTST 24HR 0.0 6 = FREEZING RAIN OR DRIZZLE
GRTST DEPTH: 0 7 = DUSTSTORM OR SANDSTORM:
VSBY 1/2 MILE OR LESS
8 = SMOKE OR HAZE
[NO. OF DAYS WITH] [WEATHER - DAYS WITH] 9 = BLOWING SNOW
X = TORNADO
MAX 32 OR BELOW: 0 0.01 INCH OR MORE: 0
MAX 90 OR ABOVE: 2 0.10 INCH OR MORE: 0
MIN 32 OR BELOW: 0 0.50 INCH OR MORE: 0
MIN 0 OR BELOW: 0 1.00 INCH OR MORE: 0
[HDD (BASE 65) ]
TOTAL THIS MO. 0 CLEAR (SCALE 0-3) 12
DPTR FM NORMAL -9 PTCLDY (SCALE 4-7) 2
TOTAL FM JUL 1 9 CLOUDY (SCALE 8-10) 0
DPTR FM NORMAL -7
[CDD (BASE 65) ]
TOTAL THIS MO. 172
DPTR FM NORMAL 65 [PRESSURE DATA]
TOTAL FM JAN 1 574 HIGHEST SLP M ON M
DPTR FM NORMAL 143 LOWEST SLP 29.66 ON 8
[REMARKS]
#FINAL-09-20#