000
CXUS56 KLOX 020337
CF6SMO
PRELIMINARY LOCAL CLIMATOLOGICAL DATA (WS FORM: F-6)
STATION: SANTA MONICA AIRPORT CA
MONTH: AUGUST
YEAR: 2019
LATITUDE: 34 0 N
LONGITUDE: 118 27 W
TEMPERATURE IN F: :PCPN: SNOW: WIND :SUNSHINE: SKY :PK WND
================================================================================
1 2 3 4 5 6A 6B 7 8 9 10 11 12 13 14 15 16 17 18
12Z AVG MX 2MIN
DY MAX MIN AVG DEP HDD CDD WTR SNW DPTH SPD SPD DIR MIN PSBL S-S WX SPD DR
================================================================================
1 74 63 69 -1 0 4 0.00 0.0 0 4.3 14 230 M M 1 18 18 240
2 76 63 70 0 0 5 0.00 0.0 0 3.9 12 240 M M 0 15 220
3 75 63 69 -1 0 4 0.00 0.0 0 4.4 12 220 M M 0 17 220
4 77 63 70 0 0 5 0.00 0.0 0 4.5 12 220 M M 1 8 15 240
5 73 63 68 -2 0 3 0.00 0.0 0 4.6 14 240 M M 2 18 21 260
6 76 64 70 1 0 5 0.00 0.0 0 4.8 14 230 M M 3 1 18 220
7 76 62 69 0 0 4 0.00 0.0 0 4.5 13 220 M M 6 18 16 220
8 69 62 66 -3 0 1 0.00 0.0 0 4.1 12 230 M M 8 18 17 230
9 75 60 68 -1 0 3 0.00 0.0 0 4.0 12 230 M M 0 18 16 230
10 75 61 68 -1 0 3 0.00 0.0 0 4.3 14 220 M M 0 19 210
11 76 64 70 1 0 5 0.00 0.0 0 5.3 15 220 M M 5 19 220
12 75 63 69 0 0 4 0.00 0.0 0 5.0 12 240 M M 6 18 17 220
13 73 63 68 -1 0 3 0.00 0.0 0 4.6 13 230 M M 6 18 16 230
14 73 61 67 -2 0 2 0.00 0.0 0 5.2 12 240 M M 6 18 15 240
15 74 61 68 -1 0 3 0.00 0.0 0 4.5 13 230 M M 6 18 17 220
16 72 62 67 -2 0 2 0.00 0.0 0 5.0 12 240 M M 6 18 16 240
17 75 65 70 1 0 5 0.00 0.0 0 6.2 13 240 M M 7 19 240
18 73 63 68 -1 0 3 0.00 0.0 0 5.3 14 240 M M 5 18 250
19 75 64 70 1 0 5 0.00 0.0 0 4.3 13 230 M M 4 18 220
20 75 63 69 0 0 4 0.00 0.0 0 3.5 14 240 M M 0 19 260
21 80 63 72 3 0 7 0.00 0.0 0 4.2 12 220 M M 0 15 230
22 75 63 69 0 0 4 0.00 0.0 0 4.7 12 220 M M 4 18 16 220
23 76 66 71 2 0 6 0.00 0.0 0 4.9 13 220 M M 4 16 220
24 78 65 72 3 0 7 0.00 0.0 0 4.1 12 220 M M 1 17 220
25 79 65 72 3 0 7 0.00 0.0 0 4.1 14 220 M M 0 16 230
26 81 67 74 5 0 9 0.00 0.0 0 4.1 12 230 M M 0 1 15 220
27 77 67 72 3 0 7 0.00 0.0 0 4.1 13 220 M M 2 17 230
28 77 68 73 4 0 8 0.00 0.0 0 4.8 12 240 M M 5 18 15 210
29 78 67 73 4 0 8 0.00 0.0 0 4.5 13 270 M M 1 17 270
30 81 67 74 5 0 9 0.00 0.0 0 4.3 13 240 M M 0 16 230
31 78 66 72 3 0 7 0.00 0.0 0 3.9 13 240 M M 1 1 17 240
================================================================================
SM 2347 1977 0 152 0.00 0.0 140.2 M 90
================================================================================
AV 75.7 63.8 4.5 FASTST M M 3 MAX(MPH)
MISC ----> # 15 220 # 21 260
================================================================================
NOTES:
# LAST OF SEVERAL OCCURRENCES
COLUMN 17 PEAK WIND IN M.P.H.
PRELIMINARY LOCAL CLIMATOLOGICAL DATA (WS FORM: F-6) , PAGE 2
STATION: SANTA MONICA AIRPORT CA
MONTH: AUGUST
YEAR: 2019
LATITUDE: 34 0 N
LONGITUDE: 118 27 W
[TEMPERATURE DATA] [PRECIPITATION DATA] SYMBOLS USED IN COLUMN 16
AVERAGE MONTHLY: 69.7 TOTAL FOR MONTH: 0.00 1 = FOG OR MIST
DPTR FM NORMAL: 0.4 DPTR FM NORMAL: -0.05 2 = FOG REDUCING VISIBILITY
HIGHEST: 81 ON 30,26 GRTST 24HR 0.00 ON 31-31 TO 1/4 MILE OR LESS
LOWEST: 60 ON 9 3 = THUNDER
SNOW, ICE PELLETS, HAIL 4 = ICE PELLETS
TOTAL MONTH: 0.0 INCH 5 = HAIL
GRTST 24HR 0.0 6 = FREEZING RAIN OR DRIZZLE
GRTST DEPTH: 0 7 = DUSTSTORM OR SANDSTORM:
VSBY 1/2 MILE OR LESS
8 = SMOKE OR HAZE
[NO. OF DAYS WITH] [WEATHER - DAYS WITH] 9 = BLOWING SNOW
X = TORNADO
MAX 32 OR BELOW: 0 0.01 INCH OR MORE: 0
MAX 90 OR ABOVE: 0 0.10 INCH OR MORE: 0
MIN 32 OR BELOW: 0 0.50 INCH OR MORE: 0
MIN 0 OR BELOW: 0 1.00 INCH OR MORE: 0
[HDD (BASE 65) ]
TOTAL THIS MO. 0 CLEAR (SCALE 0-3) 17
DPTR FM NORMAL -3 PTCLDY (SCALE 4-7) 13
TOTAL FM JUL 1 0 CLOUDY (SCALE 8-10) 1
DPTR FM NORMAL -7
[CDD (BASE 65) ]
TOTAL THIS MO. 152
DPTR FM NORMAL 14 [PRESSURE DATA]
TOTAL FM JAN 1 357 HIGHEST SLP M ON M
DPTR FM NORMAL 33 LOWEST SLP 29.69 ON 22
[REMARKS]
#FINAL-08-19#