000
CXUS56 KLOX 011655
CF6SMX
PRELIMINARY LOCAL CLIMATOLOGICAL DATA (WS FORM: F-6)
STATION: SANTA MARIA AIRPORT CA
MONTH: MAY
YEAR: 2020
LATITUDE: 34 54 N
LONGITUDE: 120 27 W
TEMPERATURE IN F: :PCPN: SNOW: WIND :SUNSHINE: SKY :PK WND
================================================================================
1 2 3 4 5 6A 6B 7 8 9 10 11 12 13 14 15 16 17 18
12Z AVG MX 2MIN
DY MAX MIN AVG DEP HDD CDD WTR SNW DPTH SPD SPD DIR MIN PSBL S-S WX SPD DR
================================================================================
1 78 46 62 5 3 0 0.00 M 0 11.1 29 300 M M 1 35 290
2 66 47 57 0 8 0 0.00 0.0 0 10.2 24 300 M M 3 12 30 290
3 70 48 59 2 6 0 0.00 0.0 0 9.8 29 310 M M 4 12 36 310
4 79 45 62 5 3 0 0.00 0.0 0 9.5 26 300 M M 0 32 310
5 73 44 59 2 6 0 0.00 0.0 0 10.3 28 300 M M 1 1 33 300
6 89 51 70 13 0 5 0.00 0.0 0 11.7 25 10 M M 2 8 34 30
7 90 54 72 15 0 7 0.00 0.0 0 10.4 23 300 M M 1 8 28 300
8 85 50 68 11 0 3 0.00 0.0 0 5.3 15 300 M M 1 18 17 300
9 72 51 62 4 3 0 0.00 0.0 0 5.0 14 320 M M 6 128 M M
10 64 51 58 0 7 0 0.00 0.0 0 5.1 13 300 M M 10 18 16 290
11 73 53 63 5 2 0 0.00 0.0 0 5.7 17 330 M M 4 8 24 340
12 70 50 60 2 5 0 0.03 0.0 0 7.8 21 300 M M 6 1 26 290
13 72 47 60 2 5 0 0.00 0.0 0 11.3 29 300 M M 2 12 35 290
14 71 53 62 4 3 0 0.00 0.0 0 13.5 31 290 M M 4 1 36 300
15 70 50 60 2 5 0 0.00 0.0 0 14.9 32 300 M M 0 1 40 300
16 76 50 63 5 2 0 0.00 0.0 0 12.2 30 310 M M 2 36 300
17 77 48 63 5 2 0 0.03 M 0 5.4 15 260 M M 6 128 21 310
18 71 50 61 3 4 0 0.08 0.0 0 7.8 22 300 M M 6 1 27 300
19 72 47 60 2 5 0 0.00 0.0 0 8.7 23 290 M M 2 1 27 280
20 68 46 57 -1 8 0 0.00 0.0 0 9.4 29 300 M M 1 1 34 290
21 75 46 61 3 4 0 0.00 0.0 0 8.9 26 310 M M 2 128 32 300
22 66 48 57 -1 8 0 0.00 0.0 0 10.4 25 290 M M 3 18 32 310
23 68 46 57 -1 8 0 0.00 0.0 0 6.2 21 320 M M 3 18 24 310
24 76 45 61 3 4 0 0.00 0.0 0 5.7 18 300 M M 1 128 21 300
25 81 49 65 7 0 0 0.00 0.0 0 4.1 14 330 M M 0 18 19 300
26 83 52 68 9 0 3 0.00 0.0 0 4.1 12 330 M M 0 18 15 340
27 81 53 67 8 0 2 0.00 0.0 0 4.6 16 360 M M 0 128 19 360
28 76 52 64 5 1 0 0.00 0.0 0 5.3 14 340 M M 5 12 18 260
29 77 57 67 8 0 2 0.00 0.0 0 7.6 20 240 M M 7 18 27 260
30 74 56 65 6 0 0 T 0.0 0 9.0 21 180 M M 8 8 28 120
31 72 53 63 4 2 0 0.00 0.0 0 6.5 18 300 M M 7 1 22 300
================================================================================
SM 2315 1538 104 22 0.14 0.0 257.5 M 98
================================================================================
AV 74.7 49.6 8.3 FASTST M M 3 MAX(MPH)
MISC ----> # 32 300 # 40 300
================================================================================
NOTES:
# LAST OF SEVERAL OCCURRENCES
COLUMN 17 PEAK WIND IN M.P.H.
PRELIMINARY LOCAL CLIMATOLOGICAL DATA (WS FORM: F-6) , PAGE 2
STATION: SANTA MARIA AIRPORT CA
MONTH: MAY
YEAR: 2020
LATITUDE: 34 54 N
LONGITUDE: 120 27 W
[TEMPERATURE DATA] [PRECIPITATION DATA] SYMBOLS USED IN COLUMN 16
AVERAGE MONTHLY: 62.2 TOTAL FOR MONTH: 0.14 1 = FOG OR MIST
DPTR FM NORMAL: 4.1 DPTR FM NORMAL: -0.17 2 = FOG REDUCING VISIBILITY
HIGHEST: 90 ON 7 GRTST 24HR 0.08 ON 18-18 TO 1/4 MILE OR LESS
LOWEST: 44 ON 5 3 = THUNDER
SNOW, ICE PELLETS, HAIL 4 = ICE PELLETS
TOTAL MONTH: 0.0 INCH 5 = HAIL
GRTST 24HR 0.0 6 = FREEZING RAIN OR DRIZZLE
GRTST DEPTH: 0 7 = DUSTSTORM OR SANDSTORM:
VSBY 1/2 MILE OR LESS
8 = SMOKE OR HAZE
[NO. OF DAYS WITH] [WEATHER - DAYS WITH] 9 = BLOWING SNOW
X = TORNADO
MAX 32 OR BELOW: 0 0.01 INCH OR MORE: 3
MAX 90 OR ABOVE: 1 0.10 INCH OR MORE: 0
MIN 32 OR BELOW: 0 0.50 INCH OR MORE: 0
MIN 0 OR BELOW: 0 1.00 INCH OR MORE: 0
[HDD (BASE 65) ]
TOTAL THIS MO. 104 CLEAR (SCALE 0-3) 18
DPTR FM NORMAL -119 PTCLDY (SCALE 4-7) 12
TOTAL FM JUL 1 2038 CLOUDY (SCALE 8-10) 1
DPTR FM NORMAL -644
[CDD (BASE 65) ]
TOTAL THIS MO. 22
DPTR FM NORMAL 18 [PRESSURE DATA]
TOTAL FM JAN 1 29 HIGHEST SLP 30.14 ON 20
DPTR FM NORMAL 19 LOWEST SLP 29.84 ON 8
[REMARKS]
#FINAL-05-20#