000
CXUS54 KMAF 011110
CF6SNK
PRELIMINARY LOCAL CLIMATOLOGICAL DATA (WS FORM: F-6)
STATION: SNYDER WINSTON FIELD
MONTH: JULY
YEAR: 2020
LATITUDE: 32 41 N
LONGITUDE: 100 57 W
TEMPERATURE IN F: :PCPN: SNOW: WIND :SUNSHINE: SKY :PK WND
================================================================================
1 2 3 4 5 6A 6B 7 8 9 10 11 12 13 14 15 16 17 18
12Z AVG MX 2MIN
DY MAX MIN AVG DEP HDD CDD WTR SNW DPTH SPD SPD DIR MIN PSBL S-S WX SPD DR
================================================================================
1 100 76 88 M 0 23 M M M 10.3 26 150 M M 0 31 150
2 93 69 81 M 0 16 0.36 M M 9.6 16 60 M M 2 25 60
3 98 72 85 M 0 20 M M M 8.3 17 150 M M 1 23 150
4 99 72 86 M 0 21 M M M 5.2 10 270 M M 1 M M
5 93 69 81 M 0 16 0.06 M M 11.2 39 260 M M 1 47 260
6 88 67 78 M 0 13 0.04 M M 4.5 10 330 M M 4 20 330
7 94 70 82 M 0 17 M M M 6.9 16 140 M M 2 18 140
8 100 69 85 M 0 20 M M M 9.4 15 150 M M 0 24 140
9 103 77 90 M 0 25 M M M 12.8 21 140 M M 0 25 150
10 102 75 89 M 0 24 M M M 9.7 17 130 M M 0 23 140
11 105 75 90 M 0 25 M M M 10.4 18 150 M M 0 28 190
12 105 80 93 M 0 28 M M M 9.4 15 210 M M 0 26 210
13 110 76 93 M 0 28 M M M 12.4 21 190 M M 0 31 200
14 111 83 97 M 0 32 M M M 14.2 20 200 M M 0 31 220
15 106 79 93 M 0 28 M M M 11.8 17 150 M M 0 25 150
16 102 78 90 M 0 25 M M M 7.6 15 150 M M 0 22 150
17 101 75 88 M 0 23 M M M 9.5 21 120 M M 0 24 120
18 98 76 87 M 0 22 M M M 11.0 16 130 M M 0 23 140
19 95 74 85 M 0 20 M M M 9.9 14 140 M M 1 22 170
20 96 73 85 M 0 20 M M M 9.5 16 130 M M 0 24 160
21 96 75 86 M 0 21 M M M 10.3 18 130 M M 1 24 70
22 93 75 84 M 0 19 0.17 M M 7.6 22 110 M M 2 3 26 110
23 91 72 82 M 0 17 0.59 M M 7.0 17 360 M M 1 3 23 230
24 95 73 84 M 0 19 M M M 8.8 16 90 M M 2 21 90
25 94 72 83 M 0 18 M M M 8.2 16 110 M M 1 21 70
26 92 71 82 M 0 17 M M M 7.9 14 140 M M 3 21 140
27 94 72 83 M 0 18 M M M 6.6 15 130 M M 1 20 130
28 95 73 84 M 0 19 0.08 M M 7.5 17 130 M M 3 3 33 80
29 98 75 87 M 0 22 M M M 11.2 18 150 M M 1 23 150
30 101 72 87 M 0 22 0.23 M M 9.6 22 360 M M 1 39 130
31 88 69 79 M 0 14 M M M 7.9 14 10 M M 2 21 10
================================================================================
SM 3036 2284 0 652 1.53 M 285.9 M 30
================================================================================
AV 97.9 73.7 9.2 FASTST M M 1 MAX(MPH)
MISC ----> 39 260 47 260
================================================================================
NOTES:
# LAST OF SEVERAL OCCURRENCES
COLUMN 17 PEAK WIND IN M.P.H.
PRELIMINARY LOCAL CLIMATOLOGICAL DATA (WS FORM: F-6) , PAGE 2
STATION: SNYDER WINSTON FIELD
MONTH: JULY
YEAR: 2020
LATITUDE: 32 41 N
LONGITUDE: 100 57 W
[TEMPERATURE DATA] [PRECIPITATION DATA] SYMBOLS USED IN COLUMN 16
AVERAGE MONTHLY: 85.8 TOTAL FOR MONTH: 1.53 1 = FOG OR MIST
DPTR FM NORMAL: 0.0 DPTR FM NORMAL: M 2 = FOG REDUCING VISIBILITY
HIGHEST: 111 ON 14 GRTST 24HR 0.59 ON 23-23 TO 1/4 MILE OR LESS
LOWEST: 67 ON 6 3 = THUNDER
SNOW, ICE PELLETS, HAIL 4 = ICE PELLETS
TOTAL MONTH: M 5 = HAIL
GRTST 24HR M ON M 6 = FREEZING RAIN OR DRIZZLE
GRTST DEPTH: M ON M 7 = DUSTSTORM OR SANDSTORM:
VSBY 1/2 MILE OR LESS
8 = SMOKE OR HAZE
[NO. OF DAYS WITH] [WEATHER - DAYS WITH] 9 = BLOWING SNOW
X = TORNADO
MAX 32 OR BELOW: 0 0.01 INCH OR MORE: 7
MAX 90 OR ABOVE: 29 0.10 INCH OR MORE: 4
MIN 32 OR BELOW: 0 0.50 INCH OR MORE: 1
MIN 0 OR BELOW: 0 1.00 INCH OR MORE: 0
[HDD (BASE 65) ]
TOTAL THIS MO. 0 CLEAR (SCALE 0-3) 30
DPTR FM NORMAL M PTCLDY (SCALE 4-7) 1
TOTAL FM JUL 1 0 CLOUDY (SCALE 8-10) 0
DPTR FM NORMAL M
[CDD (BASE 65) ]
TOTAL THIS MO. 652
DPTR FM NORMAL M [PRESSURE DATA]
TOTAL FM JAN 1 1537 HIGHEST SLP M ON M
DPTR FM NORMAL M LOWEST SLP M ON M
[REMARKS]
#FINAL-07-20#