000
CXAK56 PAFC 011338
CF6SNP
PRELIMINARY LOCAL CLIMATOLOGICAL DATA (WS FORM: F-6)
STATION: SAINT PAUL ISLAND
MONTH: FEBRUARY
YEAR: 2024
LATITUDE: 57 9 N
LONGITUDE: 170 13 W
TEMPERATURE IN F: :PCPN: SNOW: WIND :SUNSHINE: SKY :PK WND
================================================================================
1 2 3 4 5 6A 6B 7 8 9 10 11 12 13 14 15 16 17 18
12Z AVG MX 2MIN
DY MAX MIN AVG DEP HDD CDD WTR SNW DPTH SPD SPD DIR MIN PSBL S-S WX SPD DR
================================================================================
1 37 31 34 9 31 0 0.47 M M 27.9 38 80 M M 10 16 50 110
2 36 26 31 6 34 0 0.08 M M 17.2 38 110 M M 7 18 53 110
3 37 33 35 10 30 0 0.27 M M 17.4 35 110 M M 9 18 46 100
4 37 33 35 10 30 0 0.09 M M 16.5 31 80 M M 7 18 40 80
5 37 33 35 10 30 0 0.07 M M 22.3 39 170 M M 9 18 51 170
6 38 34 36 11 29 0 T M M 28.8 49 200 M M 8 18 69 200
7 36 34 35 10 30 0 0.03 M M 27.3 39 220 M M 9 18 52 210
8 36 32 34 9 31 0 T M M 10.4 24 220 M M 8 18 32 210
9 33 30 32 7 33 0 0.11 M M 17.6 25 330 M M 10 1 33 320
10 31 21 26 1 39 0 0.02 M M 9.1 18 320 M M 9 1 24 320
11 29 12 21 -4 44 0 0.02 M M 5.6 13 30 M M 6 1 16 40
12 27 21 24 -1 41 0 0.00 M M 13.9 20 350 M M 9 25 350
13 26 6 16 -9 49 0 0.03 M M 8.1 17 320 M M 8 18 21 290
14 32 5 19 -6 46 0 0.02 M M 2.3 7 10 M M 2 18 9 340
15 29 10 20 -5 45 0 0.00 M M 14.3 33 360 M M 2 8 41 360
16 25 23 24 -1 41 0 T M M 26.5 41 350 M M 9 189 53 350
17 33 25 29 4 36 0 0.04 M M 7.1 16 140 M M 10 1 21 140
18 34 28 31 6 34 0 0.05 M M 9.8 25 190 M M 4 18 29 180
19 35 29 32 7 33 0 0.06 M M 11.7 18 130 M M 5 18 24 120
20 34 28 31 6 34 0 0.02 M M 13.8 41 170 M M 10 1 58 210
21 34 26 30 5 35 0 0.01 M M 24.7 43 220 M M 6 128 54 220
22 34 28 31 6 34 0 0.11 M M 20.3 38 200 M M 8 18 56 190
23 33 29 31 6 34 0 T M M 27.6 36 240 M M 7 128 48 240
24 34 17 26 1 39 0 0.04 M M 8.0 26 260 M M 4 18 32 260
25 36 23 30 5 35 0 0.24 M M 19.0 33 90 M M 9 128 43 100
26 35 24 30 5 35 0 0.02 M M 17.9 36 360 M M 10 128 46 10
27 25 20 23 -2 42 0 0.01 M M 15.4 23 330 M M 10 18 29 320
28 29 16 23 -2 42 0 0.01 M M 16.6 37 360 M M 9 1289 45 360
29 24 15 20 -5 45 0 0.00 M M 15.9 30 100 M M 9 8 44 110
================================================================================
SM 946 692 1061 0 1.82 M 473.0 M 223
================================================================================
AV 32.6 23.9 16.3 FASTST M M 8 MAX(MPH)
MISC ----> 49 200 69 200
================================================================================
NOTES:
# LAST OF SEVERAL OCCURRENCES
COLUMN 17 PEAK WIND IN M.P.H.
PRELIMINARY LOCAL CLIMATOLOGICAL DATA (WS FORM: F-6) , PAGE 2
STATION: SAINT PAUL ISLAND
MONTH: FEBRUARY
YEAR: 2024
LATITUDE: 57 9 N
LONGITUDE: 170 13 W
[TEMPERATURE DATA] [PRECIPITATION DATA] SYMBOLS USED IN COLUMN 16
AVERAGE MONTHLY: 28.2 TOTAL FOR MONTH: 1.82 1 = FOG OR MIST
DPTR FM NORMAL: 2.9 DPTR FM NORMAL: 0.39 2 = FOG REDUCING VISIBILITY
HIGHEST: 38 ON 6 GRTST 24HR 0.49 ON 1- 2 TO 1/4 MILE OR LESS
LOWEST: 5 ON 14 3 = THUNDER
SNOW, ICE PELLETS, HAIL 4 = ICE PELLETS
TOTAL MONTH: M 5 = HAIL
GRTST 24HR M ON M 6 = FREEZING RAIN OR DRIZZLE
GRTST DEPTH: M ON M 7 = DUSTSTORM OR SANDSTORM:
VSBY 1/2 MILE OR LESS
8 = SMOKE OR HAZE
[NO. OF DAYS WITH] [WEATHER - DAYS WITH] 9 = BLOWING SNOW
X = TORNADO
MAX 32 OR BELOW: 10 0.01 INCH OR MORE: 22
MAX 90 OR ABOVE: 0 0.10 INCH OR MORE: 5
MIN 32 OR BELOW: 24 0.50 INCH OR MORE: 0
MIN 0 OR BELOW: 0 1.00 INCH OR MORE: 0
[HDD (BASE 65) ]
TOTAL THIS MO. 1061 CLEAR (SCALE 0-3) 2
DPTR FM NORMAL -51 PTCLDY (SCALE 4-7) 11
TOTAL FM JUL 1 6475 CLOUDY (SCALE 8-10) 16
DPTR FM NORMAL -379
[CDD (BASE 65) ]
TOTAL THIS MO. 0
DPTR FM NORMAL 0 [PRESSURE DATA]
TOTAL FM JAN 1 0 HIGHEST SLP 30.43 ON 29
DPTR FM NORMAL 0 LOWEST SLP 28.41 ON 6
[REMARKS]
#FINAL-02-24#