000
CXUS56 KMTR 010900
CF6SNS
PRELIMINARY LOCAL CLIMATOLOGICAL DATA (WS FORM: F-6)
STATION: SALINAS AIRPORT
MONTH: JULY
YEAR: 2022
LATITUDE: 36 40 N
LONGITUDE: 121 36 W
TEMPERATURE IN F: :PCPN: SNOW: WIND :SUNSHINE: SKY :PK WND
================================================================================
1 2 3 4 5 6A 6B 7 8 9 10 11 12 13 14 15 16 17 18
12Z AVG MX 2MIN
DY MAX MIN AVG DEP HDD CDD WTR SNW DPTH SPD SPD DIR MIN PSBL S-S WX SPD DR
================================================================================
1 67 56 62 0 3 0 0.00 M M 11.4 18 290 M M 7 28 280
2 68 57 63 1 2 0 0.00 M M 12.4 20 260 M M 9 27 290
3 69 58 64 2 1 0 T M M 9.8 18 280 M M 6 24 270
4 78 55 67 5 0 2 0.00 M M 7.5 18 290 M M 5 18 25 310
5 77 64 71 9 0 6 0.00 M M 9.1 21 300 M M 8 1 26 310
6 76 63 70 7 0 5 0.00 M M 8.9 17 310 M M 4 23 300
7 75 61 68 5 0 3 0.00 M M 10.0 18 280 M M 4 27 290
8 75 58 67 4 0 2 T M M 9.9 18 290 M M 2 18 25 310
9 72 57 65 2 0 0 0.00 M M 10.5 18 300 M M 4 18 25 300
10 73 57 65 2 0 0 0.00 M M 9.3 18 300 M M 5 18 23 330
11 74 56 65 2 0 0 0.00 M M 8.6 17 320 M M 7 128 23 320
12 72 60 66 3 0 1 0.00 M M 8.9 18 330 M M 9 18 26 320
13 76 61 69 6 0 4 T M M 8.4 17 300 M M 7 18 24 330
14 71 58 65 2 0 0 0.00 M M 8.9 18 280 M M 5 18 24 280
15 71 57 64 1 1 0 0.00 M M 11.8 18 290 M M 5 25 290
16 71 56 64 1 1 0 0.00 M M 9.2 17 330 M M 5 1 26 290
17 71 57 64 1 1 0 0.00 M M 9.3 18 340 M M 4 8 25 330
18 77 58 68 5 0 3 0.00 M M 8.0 17 300 M M 1 24 290
19 71 54 63 0 2 0 0.00 M M 9.8 18 310 M M 5 18 25 300
20 71 54 63 0 2 0 0.00 M M 8.1 20 300 M M 7 18 25 330
21 72 54 63 0 2 0 T M M 9.3 18 300 M M 6 18 24 280
22 73 55 64 1 1 0 0.00 M M 10.1 17 300 M M 4 1 29 350
23 68 55 62 -1 3 0 0.00 M M 10.6 20 290 M M 7 18 27 300
24 69 54 62 -1 3 0 T M M 9.2 16 300 M M 7 23 320
25 70 56 63 0 2 0 0.00 M M 7.8 17 300 M M 8 1 27 290
26 70 58 64 1 1 0 0.00 M M 7.9 18 320 M M 8 24 300
27 71 57 64 1 1 0 0.00 M M 7.8 18 310 M M 6 1 24 330
28 73 56 65 2 0 0 0.00 M M 9.5 20 310 M M 6 1 27 300
29 72 59 66 3 0 1 0.00 M M 9.5 20 290 M M 7 28 310
30 72 60 66 3 0 1 0.00 M M 6.9 16 310 M M 4 23 270
31 78 60 69 6 0 4 T M M 6.5 17 290 M M 1 8 22 300
================================================================================
SM 2243 1781 26 32 T M 284.9 M 173
================================================================================
AV 72.4 57.5 9.2 FASTST M M 6 MAX(MPH)
MISC ----> 21 300 29 350
================================================================================
NOTES:
# LAST OF SEVERAL OCCURRENCES
COLUMN 17 PEAK WIND IN M.P.H.
PRELIMINARY LOCAL CLIMATOLOGICAL DATA (WS FORM: F-6) , PAGE 2
STATION: SALINAS AIRPORT
MONTH: JULY
YEAR: 2022
LATITUDE: 36 40 N
LONGITUDE: 121 36 W
[TEMPERATURE DATA] [PRECIPITATION DATA] SYMBOLS USED IN COLUMN 16
AVERAGE MONTHLY: 64.9 TOTAL FOR MONTH: T 1 = FOG OR MIST
DPTR FM NORMAL: 2.0 DPTR FM NORMAL: -0.01 2 = FOG REDUCING VISIBILITY
HIGHEST: 78 ON 31, 4 GRTST 24HR T ON 3- 3 TO 1/4 MILE OR LESS
LOWEST: 54 ON 24,21 3 = THUNDER
SNOW, ICE PELLETS, HAIL 4 = ICE PELLETS
TOTAL MONTH: M 5 = HAIL
GRTST 24HR M ON M 6 = FREEZING RAIN OR DRIZZLE
GRTST DEPTH: M ON M 7 = DUSTSTORM OR SANDSTORM:
VSBY 1/2 MILE OR LESS
8 = SMOKE OR HAZE
[NO. OF DAYS WITH] [WEATHER - DAYS WITH] 9 = BLOWING SNOW
X = TORNADO
MAX 32 OR BELOW: 0 0.01 INCH OR MORE: 0
MAX 90 OR ABOVE: 0 0.10 INCH OR MORE: 0
MIN 32 OR BELOW: 0 0.50 INCH OR MORE: 0
MIN 0 OR BELOW: 0 1.00 INCH OR MORE: 0
[HDD (BASE 65) ]
TOTAL THIS MO. 26 CLEAR (SCALE 0-3) 3
DPTR FM NORMAL -54 PTCLDY (SCALE 4-7) 26
TOTAL FM JUL 1 26 CLOUDY (SCALE 8-10) 2
DPTR FM NORMAL -54
[CDD (BASE 65) ]
TOTAL THIS MO. 32
DPTR FM NORMAL 19 [PRESSURE DATA]
TOTAL FM JAN 1 118 HIGHEST SLP M ON M
DPTR FM NORMAL 79 LOWEST SLP 29.87 ON 17
[REMARKS]
#FINAL-07-22#