000
CXUS55 KCYS 042109
CF6SNY
PRELIMINARY LOCAL CLIMATOLOGICAL DATA (WS FORM: F-6)...CORRECTED
STATION: SIDNEY NEBRASKA AIRPORT
MONTH: JULY
YEAR: 2022
LATITUDE: 41 5 N
LONGITUDE: 102 59 W
TEMPERATURE IN F: :PCPN: SNOW: WIND :SUNSHINE: SKY :PK WND
================================================================================
1 2 3 4 5 6A 6B 7 8 9 10 11 12 13 14 15 16 17 18
12Z AVG MX 2MIN
DY MAX MIN AVG DEP HDD CDD WTR SNW DPTH SPD SPD DIR MIN PSBL S-S WX SPD DR
================================================================================
1 85 56 71 0 0 6 T M M 9.0 28 210 M M 5 13 42 210
2 87 54 71 0 0 6 0.45 M M 9.8 29 110 M M 1 1 37 120
3 96 63 80 8 0 15 0.02 M M 13.2 24 320 M M 1 3 33 160
4 96 64 80 8 0 15 T M M 9.6 44 300 M M 0 56 300
5 100 64 82 10 0 17 0.24 M M 11.5 47 290 M M 2 3 70 290
6 75 65 70 -2 0 5 0.30 M M 6.5 17 70 M M 5 13 24 70
7 88 61 75 2 0 10 T M M 10.9 33 310 M M 2 1 44 310
8 91 53 72 -1 0 7 0.00 M M 8.1 18 360 M M 0 23 360
9 103 62 83 10 0 18 0.00 M M 13.6 23 200 M M 0 35 170
10 98 70 84 11 0 19 T M M 13.2 30 180 M M 1 3 39 180
11 84 59 72 -1 0 7 0.00 M M 13.4 39 20 M M 1 54 20
12 95 58 77 3 0 12 0.00 M M 13.7 30 180 M M 1 37 190
13 101 57 79 5 0 14 0.00 M M 7.1 17 280 M M 0 8 26 250
14 102 64 83 9 0 18 0.00 M M 9.2 25 300 M M 0 3 34 300
15 99 63 81 7 0 16 0.12 M M 10.0 32 10 M M 2 13 50 250
16 94 65 80 6 0 15 0.00 M M 9.4 22 350 M M 0 31 340
17 100 59 80 6 0 15 0.00 M M 9.4 18 190 M M 0 31 10
18 106 68 87 13 0 22 0.00 M M 13.4 28 210 M M 0 3 36 240
19 96 58 77 3 0 12 0.00 M M 11.1 21 350 M M 0 30 360
20 95 53 74 -1 0 9 0.00 M M 6.4 17 220 M M 0 24 200
21 102 57 80 5 0 15 0.06 M M 10.0 25 10 M M 0 3 41 10
22 97 59 78 3 0 13 0.00 M M 10.0 20 40 M M 0 29 110
23 94 63 79 4 0 14 T M M 13.6 38 350 M M 1 3 46 340
24 89 55 72 -3 0 7 0.05 M M 12.5 24 170 M M 2 13 34 90
25 87 60 74 -1 0 9 T M M 10.2 18 160 M M 3 13 28 170
26 90 63 77 2 0 12 T M M 12.2 29 50 M M 4 128 39 50
27 85 61 73 -2 0 8 0.19 M M 9.2 21 70 M M 4 138 24 70
28 77 62 70 -5 0 5 0.08 M M 7.8 20 160 M M 7 13 24 160
29 82 61 72 -3 0 7 0.04 M M 13.9 23 170 M M 3 1 33 150
30 91 57 74 -1 0 9 0.00 M M 12.7 20 180 M M 1 1 27 160
31 96 58 77 3 0 12 0.01 M M 9.9 33 250 M M 1 38 58 250
================================================================================
SM 2881 1872 0 369 1.56 M 330.5 M 47
================================================================================
AV 92.9 60.4 10.7 FASTST M M 2 MAX(MPH)
MISC ----> 47 290 70 290
================================================================================
NOTES:
# LAST OF SEVERAL OCCURRENCES
COLUMN 17 PEAK WIND IN M.P.H.
PRELIMINARY LOCAL CLIMATOLOGICAL DATA (WS FORM: F-6) , PAGE 2
STATION: SIDNEY NEBRASKA AIRPORT
MONTH: JULY
YEAR: 2022
LATITUDE: 41 5 N
LONGITUDE: 102 59 W
[TEMPERATURE DATA] [PRECIPITATION DATA] SYMBOLS USED IN COLUMN 16
AVERAGE MONTHLY: 76.7 TOTAL FOR MONTH: 1.56 1 = FOG OR MIST
DPTR FM NORMAL: 3.0 DPTR FM NORMAL: -0.59 2 = FOG REDUCING VISIBILITY
HIGHEST: 106 ON 18 GRTST 24HR 0.54 ON 5- 6 TO 1/4 MILE OR LESS
LOWEST: 53 ON 20, 8 3 = THUNDER
SNOW, ICE PELLETS, HAIL 4 = ICE PELLETS
TOTAL MONTH: M 5 = HAIL
GRTST 24HR M ON M 6 = FREEZING RAIN OR DRIZZLE
GRTST DEPTH: M ON M 7 = DUSTSTORM OR SANDSTORM:
VSBY 1/2 MILE OR LESS
8 = SMOKE OR HAZE
[NO. OF DAYS WITH] [WEATHER - DAYS WITH] 9 = BLOWING SNOW
X = TORNADO
MAX 32 OR BELOW: 0 0.01 INCH OR MORE: 11
MAX 90 OR ABOVE: 21 0.10 INCH OR MORE: 5
MIN 32 OR BELOW: 0 0.50 INCH OR MORE: 0
MIN 0 OR BELOW: 0 1.00 INCH OR MORE: 0
[HDD (BASE 65) ]
TOTAL THIS MO. 0 CLEAR (SCALE 0-3) 25
DPTR FM NORMAL -6 PTCLDY (SCALE 4-7) 6
TOTAL FM JUL 1 0 CLOUDY (SCALE 8-10) 0
DPTR FM NORMAL 0
[CDD (BASE 65) ]
TOTAL THIS MO. 369
DPTR FM NORMAL 94 [PRESSURE DATA]
TOTAL FM JAN 1 559 HIGHEST SLP 30.12 ON 28
DPTR FM NORMAL 155 LOWEST SLP 29.66 ON 3
[REMARKS]
JULY 10...RECORD HIGH LOW 70 DEGREES (PREVIOUS 67 DEGREES IN 2000)
JULY 14...RECORD HIGH 102 DEGREES (PREVIOUS 101 DEGREES IN 2006)
JULY 14...RECORD HIGH LOW 70 DEGREES (PREVIOUS 67 DEGREES IN 1968)
JULY 18...RECORD HIGH 106 DEGREES (PREVIOUS 102 DEGREES IN 2006)
JULY 18...TIED RECORD HIGH LOW 68 DEGREES PREVIOUSLY SET IN 1997
MEAN TEMPERATURE 76.7 DEGREES WAS 4TH WARMEST JULY
#FINAL-07-22#