000
CXUS56 KPQR 011155
CF6SPB
PRELIMINARY LOCAL CLIMATOLOGICAL DATA (WS FORM: F-6)
STATION: SCAPPOOSE OR
MONTH: SEPTEMBER
YEAR: 2021
LATITUDE: 45 46 N
LONGITUDE: 122 50 W
TEMPERATURE IN F: :PCPN: SNOW: WIND :SUNSHINE: SKY :PK WND
================================================================================
1 2 3 4 5 6A 6B 7 8 9 10 11 12 13 14 15 16 17 18
12Z AVG MX 2MIN
DY MAX MIN AVG DEP HDD CDD WTR SNW DPTH SPD SPD DIR MIN PSBL S-S WX SPD DR
================================================================================
1 80 64 72 6 0 7 0.00 M M 9.7 15 330 M M 0 22 340
2 86 51 69 3 0 4 0.00 M M 6.0 13 360 M M 0 18 350
3 86 50 68 2 0 3 0.00 M M 2.2 10 70 M M 0 12 70
4 88 50 69 3 0 4 0.00 M M 4.2 12 360 M M 0 19 150
5 87 57 72 6 0 7 0.00 M M 4.5 15 320 M M 4 22 10
6 84 56 70 4 0 5 0.00 M M 6.6 14 350 M M 2 19 20
7 89 53 71 6 0 6 0.00 M M 3.2 9 20 M M 0 15 340
8 88 57 73 8 0 8 T M M 4.3 17 360 M M 0 23 30
9 85 56 71 6 0 6 0.00 M M 3.9 18 340 M M 0 26 340
10 70 59 65 0 0 0 0.00 M M 4.5 10 340 M M 7 14 330
11 81 47 64 0 1 0 0.00 M M 3.6 14 360 M M 0 8 19 20
12 77 61 69 5 0 4 0.00 M M 6.6 12 320 M M 5 20 290
13 76 46 61 -3 4 0 0.00 M M 4.6 15 360 M M 3 20 360
14 83 49 66 2 0 1 0.00 M M 3.6 13 10 M M 2 17 30
15 73 53 63 -1 2 0 T M M 7.6 16 330 M M 3 27 280
16 78 39 59 -4 6 0 0.00 M M 4.1 10 10 M M 0 13 20
17 76 51 64 1 1 0 0.09 M M 4.1 21 240 M M 8 18 30 240
18 69 54 62 -1 3 0 2.28 M M 4.3 15 270 M M 9 13 20 190
19 70 51 61 -1 4 0 0.22 M M 3.3 14 240 M M 8 1 16 240
20 73 46 60 -2 5 0 0.00 M M 3.1 12 360 M M 4 12 14 360
21 86 46 66 4 0 1 0.00 M M 1.6 7 150 M M 0 11 160
22 69 53 61 -1 4 0 0.06 M M 2.9 10 350 M M 6 14 280
23 75 53 64 3 1 0 0.00 M M 7.6 18 10 M M 4 24 360
24 90 50 70 9 0 5 0.00 M M 3.2 9 360 M M 0 14 360
25 83 50 67 7 0 2 0.00 M M 2.5 10 10 M M 0 13 360
26 75 54 65 5 0 0 0.06 M M 5.9 16 130 M M 8 20 130
27 65 50 58 -2 7 0 0.28 M M 5.5 15 140 M M 8 1 20 150
28 62 50 56 -4 9 0 0.15 M M 4.2 9 150 M M 9 M M
29 66 46 56 -3 9 0 0.02 M M 2.8 12 140 M M 10 12 14 160
30 62 47 55 -4 10 0 0.09 M M 2.5 12 360 M M 7 18 14 360
================================================================================
SM 2332 1549 66 63 3.25 M 132.7 M 107
================================================================================
AV 77.7 51.6 4.4 FASTST M M 4 MAX(MPH)
MISC ----> 21 240 30 240
================================================================================
NOTES:
# LAST OF SEVERAL OCCURRENCES
COLUMN 17 PEAK WIND IN M.P.H.
PRELIMINARY LOCAL CLIMATOLOGICAL DATA (WS FORM: F-6) , PAGE 2
STATION: SCAPPOOSE OR
MONTH: SEPTEMBER
YEAR: 2021
LATITUDE: 45 46 N
LONGITUDE: 122 50 W
[TEMPERATURE DATA] [PRECIPITATION DATA] SYMBOLS USED IN COLUMN 16
AVERAGE MONTHLY: 64.7 TOTAL FOR MONTH: 3.25 1 = FOG OR MIST
DPTR FM NORMAL: 1.7 DPTR FM NORMAL: 1.69 2 = FOG REDUCING VISIBILITY
HIGHEST: 90 ON 24 GRTST 24HR 2.28 ON 18-18 TO 1/4 MILE OR LESS
LOWEST: 39 ON 16 3 = THUNDER
SNOW, ICE PELLETS, HAIL 4 = ICE PELLETS
TOTAL MONTH: M 5 = HAIL
GRTST 24HR M ON M 6 = FREEZING RAIN OR DRIZZLE
GRTST DEPTH: M ON M 7 = DUSTSTORM OR SANDSTORM:
VSBY 1/2 MILE OR LESS
8 = SMOKE OR HAZE
[NO. OF DAYS WITH] [WEATHER - DAYS WITH] 9 = BLOWING SNOW
X = TORNADO
MAX 32 OR BELOW: 0 0.01 INCH OR MORE: 9
MAX 90 OR ABOVE: 1 0.10 INCH OR MORE: 4
MIN 32 OR BELOW: 0 0.50 INCH OR MORE: 1
MIN 0 OR BELOW: 0 1.00 INCH OR MORE: 1
[HDD (BASE 65) ]
TOTAL THIS MO. 66 CLEAR (SCALE 0-3) 16
DPTR FM NORMAL -37 PTCLDY (SCALE 4-7) 9
TOTAL FM JUL 1 77 CLOUDY (SCALE 8-10) 5
DPTR FM NORMAL -83
[CDD (BASE 65) ]
TOTAL THIS MO. 63
DPTR FM NORMAL 18 [PRESSURE DATA]
TOTAL FM JAN 1 684 HIGHEST SLP 30.38 ON 20
DPTR FM NORMAL 352 LOWEST SLP 29.62 ON 17
[REMARKS]
#FINAL-09-21#