000
CXUS55 KPUB 011210
CF6SPD
PRELIMINARY LOCAL CLIMATOLOGICAL DATA (WS FORM: F-6)
STATION: SPRINGFIELD CO
MONTH: SEPTEMBER
YEAR: 2023
LATITUDE: 37 16 N
LONGITUDE: 102 37 W
TEMPERATURE IN F: :PCPN: SNOW: WIND :SUNSHINE: SKY :PK WND
================================================================================
1 2 3 4 5 6A 6B 7 8 9 10 11 12 13 14 15 16 17 18
12Z AVG MX 2MIN
DY MAX MIN AVG DEP HDD CDD WTR SNW DPTH SPD SPD DIR MIN PSBL S-S WX SPD DR
================================================================================
1 101 66 84 13 0 19 0.00 M M 14.4 26 180 M M M 40 180
2 98 61 80 9 0 15 0.00 M M 12.4 21 190 M M M 31 190
3 99 59 79 9 0 14 0.00 M M 8.5 22 190 M M M 28 180
4 99 65 82 12 0 17 0.00 M M 11.4 25 200 M M M 37 360
5 86 54 70 0 0 5 0.00 M M 8.9 20 20 M M 0 27 20
6 91 47 69 -1 0 4 0.00 M M 11.8 25 180 M M 0 34 200
7 97 61 79 10 0 14 0.00 M M 9.2 23 340 M M 0 28 340
8 93 59 76 7 0 11 0.00 M M 10.5 18 330 M M 0 24 340
9 94 57 76 7 0 11 0.00 M M 11.8 23 150 M M M 31 200
10 89 58 74 6 0 9 0.23 M M 15.9 35 40 M M M 46 40
11 62 55 59 -9 6 0 0.79 M M 9.9 18 20 M M M 24 20
12 70 50 60 -8 5 0 0.00 M M 7.5 17 150 M M 0 25 150
13 73 56 65 -2 0 0 0.00 M M 13.0 22 140 M M 0 27 130
14 75 58 67 0 0 2 0.00 M M 8.3 17 100 M M 0 23 100
15 71 53 62 -5 3 0 0.00 M M 9.1 18 10 M M M 27 40
16 77 50 64 -2 1 0 0.00 M M 5.9 15 20 M M M 24 50
17 85 47 66 0 0 1 0.00 M M 5.6 16 220 M M M 23 200
18 89 52 71 6 0 6 0.00 M M 10.6 28 290 M M M 36 290
19 86 58 72 7 0 7 0.00 M M 13.4 24 310 M M 0 35 300
20 87 52 70 5 0 5 0.00 M M 8.2 16 180 M M 0 21 190
21 90 60 75 11 0 10 0.00 M M 12.9 24 190 M M 0 36 260
22 90 55 73 9 0 8 0.00 M M 10.1 23 220 M M 0 33 220
23 74 48 61 -2 4 0 0.00 M M 7.3 29 350 M M 0 37 350
24 79 47 63 0 2 0 0.00 M M 6.6 14 180 M M 0 17 170
25 85 47 66 4 0 1 0.00 M M 9.1 17 220 M M 0 24 170
26 91 57 74 12 0 9 0.00 M M 9.8 16 190 M M 0 23 220
27 M 51 M M M M 0.00 M M M M M M M 0 M M
28 M M M M M M 0.00 M M M M M M M M M M
29 91 51 71 11 0 6 0.00 M M 7.9 22 190 M M 0 27 180
30 88 60 74 14 0 9 0.00 M M 17.1 36 220 M M 0 46 270
================================================================================
SM 2410 1594 21 183 1.02 M 287.1 M 0
================================================================================
AV 86.1 55.0 10.3 FASTST M M 0 MAX(MPH)
MISC ----> 36 220 # 46 40
================================================================================
NOTES:
# LAST OF SEVERAL OCCURRENCES
COLUMN 17 PEAK WIND IN M.P.H.
PRELIMINARY LOCAL CLIMATOLOGICAL DATA (WS FORM: F-6) , PAGE 2
STATION: SPRINGFIELD CO
MONTH: SEPTEMBER
YEAR: 2023
LATITUDE: 37 16 N
LONGITUDE: 102 37 W
[TEMPERATURE DATA] [PRECIPITATION DATA] SYMBOLS USED IN COLUMN 16
AVERAGE MONTHLY: 70.5 TOTAL FOR MONTH: 1.02 1 = FOG OR MIST
DPTR FM NORMAL: 4.4 DPTR FM NORMAL: -0.36 2 = FOG REDUCING VISIBILITY
HIGHEST: 101 ON 1 GRTST 24HR 0.79 ON 11-11 TO 1/4 MILE OR LESS
LOWEST: 47 ON 25,24 3 = THUNDER
SNOW, ICE PELLETS, HAIL 4 = ICE PELLETS
TOTAL MONTH: M 5 = HAIL
GRTST 24HR M ON M 6 = FREEZING RAIN OR DRIZZLE
GRTST DEPTH: M ON M 7 = DUSTSTORM OR SANDSTORM:
VSBY 1/2 MILE OR LESS
8 = SMOKE OR HAZE
[NO. OF DAYS WITH] [WEATHER - DAYS WITH] 9 = BLOWING SNOW
X = TORNADO
MAX 32 OR BELOW: 0 0.01 INCH OR MORE: 2
MAX 90 OR ABOVE: 12 0.10 INCH OR MORE: 2
MIN 32 OR BELOW: 0 0.50 INCH OR MORE: 1
MIN 0 OR BELOW: 0 1.00 INCH OR MORE: 0
[HDD (BASE 65) ]
TOTAL THIS MO. 21 CLEAR (SCALE 0-3) 18
DPTR FM NORMAL -60 PTCLDY (SCALE 4-7) 0
TOTAL FM JUL 1 21 CLOUDY (SCALE 8-10) 12
DPTR FM NORMAL -68
[CDD (BASE 65) ]
TOTAL THIS MO. 183
DPTR FM NORMAL 71 [PRESSURE DATA]
TOTAL FM JAN 1 953 HIGHEST SLP 30.20 ON 11
DPTR FM NORMAL -16 LOWEST SLP 29.44 ON 4
[REMARKS]
#FINAL-09-23#