000
CXUS53 KILX 010900
CF6SPI
PRELIMINARY LOCAL CLIMATOLOGICAL DATA (WS FORM: F-6)
STATION: SPRINGFIELD IL
MONTH: JUNE
YEAR: 2022
LATITUDE: 39 50 N
LONGITUDE: 89 41 W
TEMPERATURE IN F: :PCPN: SNOW: WIND :SUNSHINE: SKY :PK WND
================================================================================
1 2 3 4 5 6A 6B 7 8 9 10 11 12 13 14 15 16 17 18
12Z AVG MX 2MIN
DY MAX MIN AVG DEP HDD CDD WTR SNW DPTH SPD SPD DIR MIN PSBL S-S WX SPD DR
================================================================================
1 78 65 72 2 0 7 1.24 0.0 0 5.0 16 310 M M 8 13 22 260
2 76 57 67 -3 0 2 0.00 0.0 0 7.2 16 280 M M 3 21 280
3 84 53 69 -2 0 4 0.00 0.0 0 7.6 17 310 M M 0 24 320
4 84 53 69 -2 0 4 0.00 0.0 0 2.2 10 240 M M 1 13 260
5 85 61 73 2 0 8 0.00 0.0 0 6.4 17 170 M M 2 22 180
6 82 66 74 2 0 9 T 0.0 0 9.6 18 200 M M 3 25 200
7 82 65 74 2 0 9 0.00 0.0 0 5.9 16 10 M M 3 1 20 20
8 75 60 68 -4 0 3 0.59 0.0 0 9.5 21 10 M M 5 13 26 10
9 82 55 69 -3 0 4 0.00 0.0 0 3.8 17 300 M M 3 23 300
10 72 60 66 -7 0 1 T 0.0 0 4.6 12 60 M M 7 14 320
11 83 58 71 -2 0 6 T 0.0 0 4.0 12 230 M M 2 17 210
12 88 70 79 6 0 14 0.28 0.0 0 4.4 12 110 M M 4 13 16 160
13 94 76 85 12 0 20 0.00 0.0 0 9.7 22 190 M M 1 1 30 200
14 95 79 87 13 0 22 0.00 0.0 0 11.0 18 200 M M 0 26 210
15 95 74 85 11 0 20 0.00 0.0 0 10.8 21 200 M M 0 31 190
16 97 78 88 14 0 23 T 0.0 0 M 12 260 M M 2 23 240
17 87 68 78 4 0 13 1.32 0.0 0 6.5 23 220 M M 1 13 33 230
18 83 61 72 -2 0 7 0.00 0.0 0 8.8 17 80 M M 0 22 90
19 84 54 69 -6 0 4 0.00 0.0 0 6.8 13 180 M M 0 17 200
20 90 60 75 0 0 10 0.00 0.0 0 7.9 14 180 M M 0 20 200
21 93 67 80 5 0 15 0.00 0.0 0 7.1 14 270 M M 0 18 200
22 89 64 77 2 0 12 0.00 0.0 M 7.6 15 360 M M 0 22 350
23 90 61 76 1 0 11 0.00 0.0 0 2.8 13 30 M M 0 17 340
24 88 61 75 -1 0 10 T 0.0 0 3.1 9 130 M M 2 14 120
25 88 72 80 4 0 15 0.26 0.0 0 10.1 25 360 M M 5 13 34 350
26 81 62 72 -4 0 7 0.00 0.0 M 9.2 18 320 M M 2 27 350
27 80 54 67 -9 0 2 0.00 0.0 0 6.8 20 340 M M 0 29 340
28 83 57 70 -6 0 5 0.00 0.0 0 4.2 10 180 M M 0 16 200
29 89 64 77 1 0 12 0.00 0.0 0 7.6 12 180 M M 0 19 230
30 89 66 78 2 0 13 0.00 0.0 0 8.9 16 210 M M 0 23 210
================================================================================
SM 2566 1901 0 292 3.69 0.0 199.1 M 54
================================================================================
AV 85.5 63.4 6.9 FASTST M M 2 MAX(MPH)
MISC ----> 25 360 34 350
================================================================================
NOTES:
# LAST OF SEVERAL OCCURRENCES
COLUMN 17 PEAK WIND IN M.P.H.
PRELIMINARY LOCAL CLIMATOLOGICAL DATA (WS FORM: F-6) , PAGE 2
STATION: SPRINGFIELD IL
MONTH: JUNE
YEAR: 2022
LATITUDE: 39 50 N
LONGITUDE: 89 41 W
[TEMPERATURE DATA] [PRECIPITATION DATA] SYMBOLS USED IN COLUMN 16
AVERAGE MONTHLY: 74.5 TOTAL FOR MONTH: 3.69 1 = FOG OR MIST
DPTR FM NORMAL: 0.8 DPTR FM NORMAL: -0.92 2 = FOG REDUCING VISIBILITY
HIGHEST: 97 ON 16 GRTST 24HR 1.32 ON 17-17 TO 1/4 MILE OR LESS
LOWEST: 53 ON 4, 3 3 = THUNDER
SNOW, ICE PELLETS, HAIL 4 = ICE PELLETS
TOTAL MONTH: 0.0 INCH 5 = HAIL
GRTST 24HR 0.0 6 = FREEZING RAIN OR DRIZZLE
GRTST DEPTH: 0 7 = DUSTSTORM OR SANDSTORM:
VSBY 1/2 MILE OR LESS
8 = SMOKE OR HAZE
[NO. OF DAYS WITH] [WEATHER - DAYS WITH] 9 = BLOWING SNOW
X = TORNADO
MAX 32 OR BELOW: 0 0.01 INCH OR MORE: 5
MAX 90 OR ABOVE: 7 0.10 INCH OR MORE: 5
MIN 32 OR BELOW: 0 0.50 INCH OR MORE: 3
MIN 0 OR BELOW: 0 1.00 INCH OR MORE: 2
[HDD (BASE 65) ]
TOTAL THIS MO. 0 CLEAR (SCALE 0-3) 25
DPTR FM NORMAL -11 PTCLDY (SCALE 4-7) 5
TOTAL FM JUL 1 4340 CLOUDY (SCALE 8-10) 0
DPTR FM NORMAL -874
[CDD (BASE 65) ]
TOTAL THIS MO. 292
DPTR FM NORMAL 22 [PRESSURE DATA]
TOTAL FM JAN 1 475 HIGHEST SLP 30.29 ON 27
DPTR FM NORMAL 71 LOWEST SLP 29.65 ON 6
[REMARKS]
#FINAL-06-22#