000
CXUS53 KILX 011803
CLMSPI
CLIMATE REPORT
NATIONAL WEATHER SERVICE LINCOLN IL
1203 PM CST THU FEB 01 2024
...................................
...THE SPRINGFIELD IL CLIMATE SUMMARY FOR THE MONTH OF JANUARY 2024...
CLIMATE NORMAL PERIOD 1991 TO 2020
CLIMATE RECORD PERIOD 1879 TO 2024
WEATHER OBSERVED NORMAL DEPART LAST YEAR`S
VALUE DATE(S) VALUE FROM VALUE
NORMAL
..............................................................
TEMPERATURE (F)
RECORD
HIGH 73 01/23/1909
LOW -22 01/05/1884
HIGHEST 46 01/29 35 11 67
LOWEST -12 01/14 19 -31 5
AVG. MAXIMUM 32.6 35.9 -3.3 42.1
AVG. MINIMUM 20.7 19.9 0.8 28.1
MEAN 26.7 27.9 -1.2 35.1
DAYS MAX >= 90 0 0.0 0.0 0
DAYS MAX <= 32 8 12.2 -4.2 4
DAYS MIN <= 32 24 26.5 -2.5 24
DAYS MIN <= 0 7 2.7 4.3 0
PRECIPITATION (INCHES)
RECORD
MAXIMUM 6.17 1907
MINIMUM 0.04 1986
TOTALS 4.33 2.03 2.30 1.81
DAILY AVG. 0.14 0.07 0.07 0.06
DAYS >= .01 19 9.7 9.3 13
DAYS >= .10 12 4.7 7.3 6
DAYS >= .50 3 1.2 1.8 1
DAYS >= 1.00 0 0.3 -0.3 0
GREATEST
24 HR. TOTAL 0.91 01/22 TO 01/23 0.78
SNOWFALL (INCHES)
RECORDS
TOTAL 21.7 1979
TOTALS 8.1 6.7 1.4 3.3
SINCE 7/1 9.1 12.3 -3.2 MM
DAYS >= 1.0 4 2.1 1.9 MM
GREATEST
SNOW DEPTH 3 01/19 2
01/20
24 HR TOTAL MM MM
DEGREE DAYS
HEATING TOTAL 1178 1150 28 920
SINCE 7/1 2868 3168 -300 MM
COOLING TOTAL 0 0 0 0
SINCE 1/1 0 0 0 MM
..............................................................
WIND (MPH)
AVERAGE WIND SPEED 10.2
HIGHEST WIND SPEED/DIRECTION 39/250 DATE 01/12
HIGHEST GUST SPEED/DIRECTION 50/240 DATE 01/12
SKY COVER
POSSIBLE SUNSHINE (PERCENT) MM
AVERAGE SKY COVER 0.67
NUMBER OF DAYS FAIR 7
NUMBER OF DAYS PC 6
NUMBER OF DAYS CLOUDY 14
AVERAGE RH (PERCENT) 82
WEATHER CONDITIONS. NUMBER OF DAYS WITH
THUNDERSTORM 2 MIXED PRECIP 0
HEAVY RAIN 3 RAIN 7
LIGHT RAIN 12 FREEZING RAIN 1
LT FREEZING RAIN 1 HAIL 0
HEAVY SNOW 0 SNOW 1
LIGHT SNOW 13 SLEET 1
FOG 26 FOG W/VIS <= 1/4 MILE 6
HAZE 10
- INDICATES NEGATIVE NUMBERS.
R INDICATES RECORD WAS SET OR TIED.
MM INDICATES DATA IS MISSING.
T INDICATES TRACE AMOUNT.
&&
RECORD COLD HIGH OF -3 DEGREES ON JANUARY 14
$$