000
CXUS54 KEWX 011010
CF6SSF
PRELIMINARY LOCAL CLIMATOLOGICAL DATA (WS FORM: F-6)
STATION: SAN ANTONIO STINSON FIELD
MONTH: MAY
YEAR: 2023
LATITUDE: 29 19 N
LONGITUDE: 98 29 W
TEMPERATURE IN F: :PCPN: SNOW: WIND :SUNSHINE: SKY :PK WND
================================================================================
1 2 3 4 5 6A 6B 7 8 9 10 11 12 13 14 15 16 17 18
12Z AVG MX 2MIN
DY MAX MIN AVG DEP HDD CDD WTR SNW DPTH SPD SPD DIR MIN PSBL S-S WX SPD DR
================================================================================
1 85 56 71 -3 0 6 0.00 M M 8.0 16 100 M M 0 22 80
2 81 69 75 0 0 10 0.00 M M 7.7 16 110 M M 6 21 130
3 84 65 75 0 0 10 0.00 M M 5.6 14 140 M M 3 20 150
4 86 69 78 3 0 13 0.00 M M 7.3 25 160 M M 7 1 34 160
5 95 72 84 9 0 19 0.00 M M 7.5 18 150 M M 4 18 32 160
6 90 76 83 7 0 18 T M M 10.4 24 130 M M 8 138 31 130
7 82 71 77 1 0 12 0.02 M M 9.1 25 120 M M 5 13 34 140
8 91 71 81 5 0 16 T M M 10.9 22 130 M M 3 18 31 140
9 76 65 71 -5 0 6 0.33 M M 5.8 30 330 M M 8 13 46 330
10 84 67 76 -1 0 11 0.00 M M 7.6 16 110 M M 9 1 21 130
11 90 73 82 5 0 17 0.00 M M 7.8 17 140 M M 8 18 24 130
12 88 76 82 5 0 17 T M M 11.0 24 130 M M 9 18 32 130
13 79 65 72 -5 0 7 2.49 M M 6.2 23 320 M M 5 13 34 320
14 87 66 77 -1 0 12 0.00 M M 3.9 13 100 M M 3 16 110
15 80 68 74 -4 0 9 0.14 M M 4.2 21 170 M M 4 13 28 160
16 85 67 76 -2 0 11 0.83 M M 3.2 35 290 M M 4 13 46 290
17 89 64 77 -1 0 12 0.00 M M 2.7 8 100 M M 1 1 13 150
18 88 65 77 -2 0 12 0.00 M M 4.2 14 130 M M 0 19 140
19 91 70 81 2 0 16 0.00 M M 5.7 13 140 M M 4 1 20 110
20 82 69 76 -3 0 11 0.65 M M 7.2 18 110 M M 5 13 27 110
21 75 68 72 -8 0 7 0.14 M M 4.7 9 80 M M 8 18 13 350
22 86 65 76 -4 0 11 0.00 M M 2.0 8 150 M M 3 1 12 160
23 90 70 80 0 0 15 0.00 M M 5.0 13 140 M M 2 1 17 120
24 91 66 79 -1 0 14 0.02 M M 6.5 26 30 M M 2 38 20
25 86 71 79 -1 0 14 0.00 M M 6.3 15 110 M M 4 19 120
26 88 71 80 -1 0 15 0.00 M M 4.9 12 90 M M 4 1 19 80
27 88 69 79 -2 0 14 0.00 M M 5.5 14 160 M M 3 21 150
28 84 70 77 -4 0 12 T M M 6.9 16 170 M M 3 25 180
29 88 66 77 -4 0 12 0.38 M M 4.0 24 350 M M 4 13 37 350
30 88 64 76 -6 0 11 0.00 M M 3.3 14 140 M M 1 19 140
31 89 68 79 -3 0 14 0.00 M M 6.4 20 120 M M 2 27 130
================================================================================
SM 2666 2112 0 384 5.00 M 191.5 M 132
================================================================================
AV 86.0 68.1 6.2 FASTST M M 4 MAX(MPH)
MISC ----> 35 290 # 46 330
================================================================================
NOTES:
# LAST OF SEVERAL OCCURRENCES
COLUMN 17 PEAK WIND IN M.P.H.
PRELIMINARY LOCAL CLIMATOLOGICAL DATA (WS FORM: F-6) , PAGE 2
STATION: SAN ANTONIO STINSON FIELD
MONTH: MAY
YEAR: 2023
LATITUDE: 29 19 N
LONGITUDE: 98 29 W
[TEMPERATURE DATA] [PRECIPITATION DATA] SYMBOLS USED IN COLUMN 16
AVERAGE MONTHLY: 77.1 TOTAL FOR MONTH: 5.00 1 = FOG OR MIST
DPTR FM NORMAL: -1.1 DPTR FM NORMAL: 1.12 2 = FOG REDUCING VISIBILITY
HIGHEST: 95 ON 5 GRTST 24HR 2.49 ON 13-13 TO 1/4 MILE OR LESS
LOWEST: 56 ON 1 3 = THUNDER
SNOW, ICE PELLETS, HAIL 4 = ICE PELLETS
TOTAL MONTH: M 5 = HAIL
GRTST 24HR M ON M 6 = FREEZING RAIN OR DRIZZLE
GRTST DEPTH: M ON M 7 = DUSTSTORM OR SANDSTORM:
VSBY 1/2 MILE OR LESS
8 = SMOKE OR HAZE
[NO. OF DAYS WITH] [WEATHER - DAYS WITH] 9 = BLOWING SNOW
X = TORNADO
MAX 32 OR BELOW: 0 0.01 INCH OR MORE: 9
MAX 90 OR ABOVE: 7 0.10 INCH OR MORE: 7
MIN 32 OR BELOW: 0 0.50 INCH OR MORE: 3
MIN 0 OR BELOW: 0 1.00 INCH OR MORE: 1
[HDD (BASE 65) ]
TOTAL THIS MO. 0 CLEAR (SCALE 0-3) 11
DPTR FM NORMAL -1 PTCLDY (SCALE 4-7) 16
TOTAL FM JUL 1 1070 CLOUDY (SCALE 8-10) 4
DPTR FM NORMAL -169
[CDD (BASE 65) ]
TOTAL THIS MO. 384
DPTR FM NORMAL -25 [PRESSURE DATA]
TOTAL FM JAN 1 820 HIGHEST SLP 30.13 ON 20
DPTR FM NORMAL 63 LOWEST SLP 29.68 ON 11
[REMARKS]
#FINAL-05-23#