000
CXUS54 KEWX 011010
CF6SSF
PRELIMINARY LOCAL CLIMATOLOGICAL DATA (WS FORM: F-6)
STATION: SAN ANTONIO STINSON FIELD
MONTH: JUNE
YEAR: 2021
LATITUDE: 29 19 N
LONGITUDE: 98 29 W
TEMPERATURE IN F: :PCPN: SNOW: WIND :SUNSHINE: SKY :PK WND
================================================================================
1 2 3 4 5 6A 6B 7 8 9 10 11 12 13 14 15 16 17 18
12Z AVG MX 2MIN
DY MAX MIN AVG DEP HDD CDD WTR SNW DPTH SPD SPD DIR MIN PSBL S-S WX SPD DR
================================================================================
1 88 69 79 -3 0 14 0.40 M M 5.8 31 110 M M 5 13 48 110
2 89 72 81 -1 0 16 0.00 M M 4.0 17 20 M M 2 27 20
3 81 69 75 -7 0 10 1.39 M M 6.7 20 360 M M 7 13 31 360
4 87 70 79 -4 0 14 0.00 M M 3.7 9 100 M M 6 18 15 40
5 90 71 81 -2 0 16 T M M 5.0 22 10 M M 3 138 32 30
6 93 71 82 -1 0 17 0.00 M M 8.0 16 130 M M 5 18 24 150
7 94 81 88 5 0 23 0.00 M M 10.2 18 170 M M 9 8 24 160
8 93 79 86 3 0 21 0.00 M M 9.1 18 130 M M 7 18 24 120
9 94 79 87 4 0 22 0.00 M M 8.6 16 140 M M 6 18 22 140
10 95 78 87 3 0 22 0.00 M M 8.8 15 150 M M 6 22 160
11 95 79 87 3 0 22 0.00 M M 8.9 17 140 M M 4 25 150
12 95 77 86 2 0 21 0.00 M M 6.9 15 150 M M 3 20 160
13 98 75 87 3 0 22 0.00 M M 3.8 13 140 M M 2 16 110
14 99 77 88 4 0 23 0.11 M M 4.9 26 80 M M 1 3 40 70
15 99 74 87 3 0 22 0.00 M M 2.7 15 140 M M 2 3 21 130
16 97 73 85 1 0 20 0.00 M M 6.1 23 80 M M 0 34 80
17 98 76 87 3 0 22 0.00 M M 5.3 14 140 M M 1 22 120
18 95 76 86 2 0 21 0.00 M M 3.5 14 120 M M 1 19 110
19 96 71 84 0 0 19 0.00 M M 4.7 14 140 M M 0 21 140
20 95 78 87 3 0 22 0.00 M M 9.8 20 130 M M 5 27 130
21 95 83 89 5 0 24 0.00 M M 8.9 17 140 M M 7 8 23 130
22 91 76 84 0 0 19 1.79 M M 6.7 18 100 M M 5 13 25 100
23 95 79 87 3 0 22 0.00 M M 8.4 17 140 M M 5 1 22 150
24 96 77 87 3 0 22 0.00 0.0 0 9.2 21 130 M M 4 27 140
25 95 79 87 3 0 22 0.00 0.0 0 11.4 22 130 M M 6 28 130
26 96 77 87 2 0 22 0.00 0.0 0 12.6 21 120 M M 5 29 140
27 91 78 85 0 0 20 0.02 M M 5.8 16 90 M M 4 3 19 90
28 92 76 84 -1 0 19 0.07 M M 6.7 21 130 M M 4 27 100
29 88 75 82 -3 0 17 1.19 M M 5.1 15 60 M M 7 138 22 70
30 89 77 83 -2 0 18 0.04 0.0 0 5.5 20 130 M M 5 13 28 120
================================================================================
SM 2799 2272 0 594 5.01 0.0 206.8 M 127
================================================================================
AV 93.3 75.7 6.9 FASTST M M 4 MAX(MPH)
MISC ----> 31 110 48 110
================================================================================
NOTES:
# LAST OF SEVERAL OCCURRENCES
COLUMN 17 PEAK WIND IN M.P.H.
PRELIMINARY LOCAL CLIMATOLOGICAL DATA (WS FORM: F-6) , PAGE 2
STATION: SAN ANTONIO STINSON FIELD
MONTH: JUNE
YEAR: 2021
LATITUDE: 29 19 N
LONGITUDE: 98 29 W
[TEMPERATURE DATA] [PRECIPITATION DATA] SYMBOLS USED IN COLUMN 16
AVERAGE MONTHLY: 84.5 TOTAL FOR MONTH: 5.01 1 = FOG OR MIST
DPTR FM NORMAL: 0.7 DPTR FM NORMAL: 1.84 2 = FOG REDUCING VISIBILITY
HIGHEST: 99 ON 15,14 GRTST 24HR 1.79 ON 22-22 TO 1/4 MILE OR LESS
LOWEST: 69 ON 3, 1 3 = THUNDER
SNOW, ICE PELLETS, HAIL 4 = ICE PELLETS
TOTAL MONTH: 0.0 INCH 5 = HAIL
GRTST 24HR 0.0 6 = FREEZING RAIN OR DRIZZLE
GRTST DEPTH: 0 7 = DUSTSTORM OR SANDSTORM:
VSBY 1/2 MILE OR LESS
8 = SMOKE OR HAZE
[NO. OF DAYS WITH] [WEATHER - DAYS WITH] 9 = BLOWING SNOW
X = TORNADO
MAX 32 OR BELOW: 0 0.01 INCH OR MORE: 8
MAX 90 OR ABOVE: 24 0.10 INCH OR MORE: 5
MIN 32 OR BELOW: 0 0.50 INCH OR MORE: 3
MIN 0 OR BELOW: 0 1.00 INCH OR MORE: 3
[HDD (BASE 65) ]
TOTAL THIS MO. 0 CLEAR (SCALE 0-3) 8
DPTR FM NORMAL 0 PTCLDY (SCALE 4-7) 21
TOTAL FM JUL 1 1395 CLOUDY (SCALE 8-10) 1
DPTR FM NORMAL 155
[CDD (BASE 65) ]
TOTAL THIS MO. 594
DPTR FM NORMAL 30 [PRESSURE DATA]
TOTAL FM JAN 1 1335 HIGHEST SLP 30.04 ON 30
DPTR FM NORMAL 14 LOWEST SLP 29.65 ON 6
[REMARKS]
#FINAL-06-21#