000
CXUS53 KGRB 250746
CF6STE
PRELIMINARY LOCAL CLIMATOLOGICAL DATA (WS FORM: F-6)
STATION: STEVENS POINT WI
MONTH: NOVEMBER
YEAR: 2019
LATITUDE: 44 32 N
LONGITUDE: 89 32 W
TEMPERATURE IN F: :PCPN: SNOW: WIND :SUNSHINE: SKY :PK WND
================================================================================
1 2 3 4 5 6A 6B 7 8 9 10 11 12 13 14 15 16 17 18
12Z AVG MX 2MIN
DY MAX MIN AVG DEP HDD CDD WTR SNW DPTH SPD SPD DIR MIN PSBL S-S WX SPD DR
================================================================================
1 36 17 27 M 38 0 0.00 0.0 0 4.4 9 210 M M 8 M M
2 35 28 32 M 33 0 0.00 0.0 0 7.5 16 270 M M 10 24 270
3 37 21 29 M 36 0 0.00 0.0 0 4.2 10 90 M M 8 M M
4 40 24 32 M 33 0 0.00 0.0 0 6.5 14 260 M M 9 18 260
5 31 18 25 M 40 0 0.00 0.0 0 7.2 15 300 M M 4 23 280
6 28 17 23 M 42 0 0.08 M 0 3.5 8 320 M M 7 M M
7 22 5 14 M 51 0 0.00 0.0 0 5.7 13 300 M M 1 23 300
8 24 -2 11 M 54 0 0.00 0.0 0 5.0 13 200 M M 3 17 190
9 40 24 32 M 33 0 0.00 0.0 0 6.2 10 190 M M 6 1 16 190
10 32 18 25 M 40 0 0.00 0.0 0 7.6 14 360 M M 9 21 360
11 19 6 13 M 52 0 0.00 0.0 0 9.1 14 330 M M 6 22 280
12 15 2 9 M 56 0 0.00 0.0 0 6.5 9 190 M M 0 16 310
13 20 10 15 M 50 0 0.00 0.0 0 7.3 15 170 M M 9 20 170
14 28 20 24 M 41 0 0.00 0.0 0 6.5 12 250 M M 8 18 270
15 37 20 29 M 36 0 0.00 0.0 0 4.2 8 330 M M 2 M M
16 37 20 29 M 36 0 0.00 0.0 0 6.9 13 140 M M 1 18 140
17 35 30 33 M 32 0 0.00 0.0 0 4.7 10 170 M M 9 18 16 170
18 32 28 30 M 35 0 0.00 0.0 0 2.2 5 240 M M 10 1 M M
19 32 27 30 M 35 0 0.00 0.0 0 0.3 5 230 M M 10 1 M M
20 45 32 39 M 26 0 0.00 0.0 0 4.0 10 140 M M 9 1 17 140
21 42 24 33 M 32 0 0.50 M 0 8.3 16 330 M M 10 23 320
22 29 20 25 M 40 0 0.00 0.0 0 6.3 13 300 M M 5 18 300
23 38 18 28 M 37 0 0.00 0.0 0 6.0 12 260 M M 1 17 260
24 43 28 36 M 29 0 0.00 0.0 0 4.3 8 250 M M 3 16 280
================================================================================
SM 777 455 937 0 0.58 0.0 134.4 M 148
================================================================================
AV 32.4 19.0 5.6 FASTST M M 6 MAX(MPH)
MISC ----> # 16 270 # 24 270
================================================================================
NOTES:
# LAST OF SEVERAL OCCURRENCES
COLUMN 17 PEAK WIND IN M.P.H.
PRELIMINARY LOCAL CLIMATOLOGICAL DATA (WS FORM: F-6) , PAGE 2
STATION: STEVENS POINT WI
MONTH: NOVEMBER
YEAR: 2019
LATITUDE: 44 32 N
LONGITUDE: 89 32 W
[TEMPERATURE DATA] [PRECIPITATION DATA] SYMBOLS USED IN COLUMN 16
AVERAGE MONTHLY: 25.7 TOTAL FOR MONTH: 0.58 1 = FOG OR MIST
DPTR FM NORMAL: M DPTR FM NORMAL: M 2 = FOG REDUCING VISIBILITY
HIGHEST: 45 ON 20 GRTST 24HR 0.50 ON 21-21 TO 1/4 MILE OR LESS
LOWEST: -2 ON 8 3 = THUNDER
SNOW, ICE PELLETS, HAIL 4 = ICE PELLETS
TOTAL MONTH: 0.0 INCH 5 = HAIL
GRTST 24HR 0.0 6 = FREEZING RAIN OR DRIZZLE
GRTST DEPTH: 0 7 = DUSTSTORM OR SANDSTORM:
VSBY 1/2 MILE OR LESS
8 = SMOKE OR HAZE
[NO. OF DAYS WITH] [WEATHER - DAYS WITH] 9 = BLOWING SNOW
X = TORNADO
MAX 32 OR BELOW: 12 0.01 INCH OR MORE: 2
MAX 90 OR ABOVE: 0 0.10 INCH OR MORE: 1
MIN 32 OR BELOW: 24 0.50 INCH OR MORE: 1
MIN 0 OR BELOW: 1 1.00 INCH OR MORE: 0
[HDD (BASE 65) ]
TOTAL THIS MO. 937 CLEAR (SCALE 0-3) 6
DPTR FM NORMAL M PTCLDY (SCALE 4-7) 7
TOTAL FM JUL 1 1892 CLOUDY (SCALE 8-10) 11
DPTR FM NORMAL M
[CDD (BASE 65) ]
TOTAL THIS MO. 0
DPTR FM NORMAL M [PRESSURE DATA]
TOTAL FM JAN 1 240 HIGHEST SLP M ON M
DPTR FM NORMAL 240 LOWEST SLP M ON M
[REMARKS]