000
CXUS55 KSTO 020250
CF6STO
PRELIMINARY LOCAL CLIMATOLOGICAL DATA (WS FORM: F-6)
STATION: SACRAMENTO CITY
MONTH: NOVEMBER
YEAR: 2023
LATITUDE: 38 36 N
LONGITUDE: 121 23 W
TEMPERATURE IN F: :PCPN: SNOW: WIND :SUNSHINE: SKY :PK WND
================================================================================
1 2 3 4 5 6A 6B 7 8 9 10 11 12 13 14 15 16 17 18
12Z AVG MX 2MIN
DY MAX MIN AVG DEP HDD CDD WTR SNW DPTH SPD SPD DIR MIN PSBL S-S WX SPD DR
================================================================================
1 75 43 59 -1 6 0 0.00 0.0 M M M M M M M M M
2 77 48 63 3 2 0 0.00 0.0 M M M M M M M M M
3 80 52 66 6 0 1 0.00 0.0 M M M M M M M M M
4 82 56 69 10 0 4 0.00 0.0 M M M M M M M M M
5 72 59 66 7 0 1 0.01 0.0 M M M M M M M M M
6 73 54 64 6 1 0 0.35 0.0 M M M M M M M M M
7 67 50 59 1 6 0 0.00 0.0 M M M M M M M M M
8 71 45 58 0 7 0 0.00 0.0 M M M M M M M M M
9 69 41 55 -2 10 0 0.00 0.0 M M M M M M M M M
10 68 45 57 0 8 0 0.00 0.0 M M M M M M M M M
11 72 44 58 1 7 0 0.00 0.0 M M M M M M M M M
12 75 46 61 5 4 0 0.00 0.0 M M M M M M M M M
13 71 49 60 4 5 0 0.00 0.0 M M M M M M M M M
14 72 49 61 5 4 0 0.00 0.0 M M M M M M M M M
15 62 48 55 0 10 0 0.01 0.0 M M M M M M M M M
16 71 53 62 7 3 0 0.01 0.0 M M M M M M M M M
17 73 50 62 7 3 0 0.03 0.0 M M M M M M M M M
18 63 54 59 5 6 0 0.32 0.0 M M M M M M M M M
19 62 42 52 -2 13 0 0.00 0.0 M M M M M M M M M
20 66 41 54 0 11 0 0.00 0.0 M M M M M M M M M
21 64 42 53 0 12 0 0.00 0.0 M M M M M M M M M
22 67 40 54 1 11 0 0.00 0.0 M M M M M M M M M
23 69 43 56 3 9 0 0.00 0.0 M M M M M M M M M
24 60 40 50 -2 15 0 0.00 0.0 M M M M M M M M M
25 62 38 50 -2 15 0 0.00 0.0 M M M M M M M M M
26 62 35 49 -3 16 0 0.00 0.0 M M M M M M M M M
27 62 35 49 -3 16 0 0.00 0.0 M M M M M M M M M
28 63 36 50 -1 15 0 0.00 0.0 M M M M M M M M M
29 64 40 52 1 13 0 0.00 0.0 M M M M M M M M M
30 65 41 53 2 12 0 0.00 0.0 M M M M M M M M M
================================================================================
SM 2059 1359 240 6 0.73 0.0 M M M
================================================================================
AV 68.6 45.3 M FASTST M M M MAX(MPH)
MISC ----> M M M M
================================================================================
NOTES:
# LAST OF SEVERAL OCCURRENCES
COLUMN 17 PEAK WIND IN M.P.H.
PRELIMINARY LOCAL CLIMATOLOGICAL DATA (WS FORM: F-6) , PAGE 2
STATION: SACRAMENTO CITY
MONTH: NOVEMBER
YEAR: 2023
LATITUDE: 38 36 N
LONGITUDE: 121 23 W
[TEMPERATURE DATA] [PRECIPITATION DATA] SYMBOLS USED IN COLUMN 16
AVERAGE MONTHLY: 57.0 TOTAL FOR MONTH: 0.73 1 = FOG OR MIST
DPTR FM NORMAL: 1.7 DPTR FM NORMAL: -1.05 2 = FOG REDUCING VISIBILITY
HIGHEST: 82 ON 4 GRTST 24HR 0.35 ON 6- 6 TO 1/4 MILE OR LESS
LOWEST: 35 ON 26,27 3 = THUNDER
SNOW, ICE PELLETS, HAIL 4 = ICE PELLETS
TOTAL MONTH: 0.0 INCH 5 = HAIL
GRTST 24HR 0.0 6 = FREEZING RAIN OR DRIZZLE
GRTST DEPTH: M ON M 7 = DUSTSTORM OR SANDSTORM:
VSBY 1/2 MILE OR LESS
8 = SMOKE OR HAZE
[NO. OF DAYS WITH] [WEATHER - DAYS WITH] 9 = BLOWING SNOW
X = TORNADO
MAX 32 OR BELOW: 0 0.01 INCH OR MORE: 6
MAX 90 OR ABOVE: 0 0.10 INCH OR MORE: 2
MIN 32 OR BELOW: 0 0.50 INCH OR MORE: 0
MIN 0 OR BELOW: 0 1.00 INCH OR MORE: 0
[HDD (BASE 65) ]
TOTAL THIS MO. 240 CLEAR (SCALE 0-3) 0
DPTR FM NORMAL -53 PTCLDY (SCALE 4-7) 0
TOTAL FM JUL 1 291 CLOUDY (SCALE 8-10) 30
DPTR FM NORMAL -63
[CDD (BASE 65) ]
TOTAL THIS MO. 6
DPTR FM NORMAL 4 [PRESSURE DATA]
TOTAL FM JAN 1 1728 HIGHEST SLP M ON M
DPTR FM NORMAL 151 LOWEST SLP M ON M
[REMARKS]
#FINAL-11-23#