000
CXUS53 KGRB 280725
CF6SUE
PRELIMINARY LOCAL CLIMATOLOGICAL DATA (WS FORM: F-6)
STATION: STURGEON BAY WI
MONTH: OCTOBER
YEAR: 2019
LATITUDE: 44 55 N
LONGITUDE: 87 25 W
TEMPERATURE IN F: :PCPN: SNOW: WIND :SUNSHINE: SKY :PK WND
================================================================================
1 2 3 4 5 6A 6B 7 8 9 10 11 12 13 14 15 16 17 18
12Z AVG MX 2MIN
DY MAX MIN AVG DEP HDD CDD WTR SNW DPTH SPD SPD DIR MIN PSBL S-S WX SPD DR
================================================================================
1 78 51 65 M 0 0 0.01 0.0 0 10.8 20 240 M M 7 13 31 200
2 53 50 52 M 13 0 0.04 0.0 0 12.2 17 30 M M 10 25 30
3 58 49 54 M 11 0 0.05 M 0 12.1 18 330 M M 10 1 28 290
4 53 45 49 M 16 0 T M 0 8.7 15 350 M M 10 16 140
5 56 48 52 M 13 0 0.14 M 0 11.0 20 150 M M 10 1 31 150
6 66 50 58 M 7 0 0.29 0.0 0 14.0 23 220 M M 2 32 220
7 63 46 55 M 10 0 0.00 0.0 0 8.6 16 270 M M 0 22 270
8 64 45 55 M 10 0 0.00 0.0 0 8.8 16 170 M M 0 25 170
9 65 53 59 M 6 0 0.00 0.0 0 9.5 15 170 M M 0 20 180
10 64 53 59 M 6 0 T 0.0 0 9.0 12 130 M M 1 18 120
11 61 37 49 M 16 0 1.16 M 0 16.2 23 150 M M 9 1 36 190
12 44 35 40 M 25 0 T M 0 13.9 21 200 M M 7 33 220
13 42 36 39 M 26 0 0.02 M 0 11.0 15 250 M M 9 1 20 210
14 49 36 43 M 22 0 0.03 M 0 9.6 14 290 M M 4 18 250
15 M M M M M M 0.11 M 0 9.5 25 340 M M 8 13 36 350
16 52 42 47 M 18 0 0.17 M 0 19.4 27 340 M M 8 18 39 340
17 49 37 43 M 22 0 0.00 0.0 0 6.8 13 340 M M 4 20 340
18 52 34 43 M 22 0 0.00 0.0 0 8.7 17 170 M M 1 24 170
19 56 48 52 M 13 0 T M 0 14.0 20 170 M M 3 1 30 170
20 61 43 52 M 13 0 0.00 0.0 0 4.9 8 270 M M 6 128 M M
21 56 45 51 M 14 0 0.41 M 0 13.3 28 160 M M 9 12 38 150
22 49 43 46 M 19 0 0.02 M M 19.8 24 220 M M 8 1 33 220
23 48 42 45 M 20 0 0.00 0.0 0 12.9 22 250 M M 8 30 250
24 46 39 43 M 22 0 0.00 0.0 0 8.6 13 300 M M 6 17 300
25 45 33 39 M 26 0 0.00 0.0 0 6.8 13 220 M M 4 M M
26 48 33 41 M 24 0 0.10 M 0 6.8 14 160 M M 1 1 M M
27 55 42 49 M 16 0 0.05 M 0 9.4 14 240 M M 3 22 350
================================================================================
SM 1433 1115 410 0 2.60 0.0 296.3 M 148
================================================================================
AV 55.1 42.9 11.0 FASTST M M 5 MAX(MPH)
MISC ----> # 28 160 # 39 340
================================================================================
NOTES:
# LAST OF SEVERAL OCCURRENCES
COLUMN 17 PEAK WIND IN M.P.H.
PRELIMINARY LOCAL CLIMATOLOGICAL DATA (WS FORM: F-6) , PAGE 2
STATION: STURGEON BAY WI
MONTH: OCTOBER
YEAR: 2019
LATITUDE: 44 55 N
LONGITUDE: 87 25 W
[TEMPERATURE DATA] [PRECIPITATION DATA] SYMBOLS USED IN COLUMN 16
AVERAGE MONTHLY: 49.0 TOTAL FOR MONTH: 2.60 1 = FOG OR MIST
DPTR FM NORMAL: M DPTR FM NORMAL: M 2 = FOG REDUCING VISIBILITY
HIGHEST: 78 ON 1 GRTST 24HR 1.16 ON 11-11 TO 1/4 MILE OR LESS
LOWEST: 33 ON 26,25 3 = THUNDER
SNOW, ICE PELLETS, HAIL 4 = ICE PELLETS
TOTAL MONTH: 0.0 INCH 5 = HAIL
GRTST 24HR 0.0 6 = FREEZING RAIN OR DRIZZLE
GRTST DEPTH: 0 7 = DUSTSTORM OR SANDSTORM:
VSBY 1/2 MILE OR LESS
8 = SMOKE OR HAZE
[NO. OF DAYS WITH] [WEATHER - DAYS WITH] 9 = BLOWING SNOW
X = TORNADO
MAX 32 OR BELOW: 0 0.01 INCH OR MORE: 14
MAX 90 OR ABOVE: 0 0.10 INCH OR MORE: 7
MIN 32 OR BELOW: 0 0.50 INCH OR MORE: 1
MIN 0 OR BELOW: 0 1.00 INCH OR MORE: 1
[HDD (BASE 65) ]
TOTAL THIS MO. 410 CLEAR (SCALE 0-3) 9
DPTR FM NORMAL M PTCLDY (SCALE 4-7) 8
TOTAL FM JUL 1 539 CLOUDY (SCALE 8-10) 10
DPTR FM NORMAL M
[CDD (BASE 65) ]
TOTAL THIS MO. 0
DPTR FM NORMAL M [PRESSURE DATA]
TOTAL FM JAN 1 327 HIGHEST SLP M ON M
DPTR FM NORMAL 327 LOWEST SLP M ON M
[REMARKS]