000
CXUS53 KLSX 181400
CF6SUS
PRELIMINARY LOCAL CLIMATOLOGICAL DATA (WS FORM: F-6)
STATION: SPIRIT OF ST LOUIS MO
MONTH: APRIL
YEAR: 2024
LATITUDE: 38 39 N
LONGITUDE: 90 38 W
TEMPERATURE IN F: :PCPN: SNOW: WIND :SUNSHINE: SKY :PK WND
================================================================================
1 2 3 4 5 6A 6B 7 8 9 10 11 12 13 14 15 16 17 18
12Z AVG MX 2MIN
DY MAX MIN AVG DEP HDD CDD WTR SNW DPTH SPD SPD DIR MIN PSBL S-S WX SPD DR
================================================================================
1 80 60 70 19 0 5 1.68 0.0 0 5.0 41 300 M M 6 1238 60 280
2 64 42 53 1 12 0 0.77 0.0 0 14.6 28 300 M M 8 13 38 280
3 45 39 42 -10 23 0 0.02 M M 12.4 28 300 M M 8 1 39 290
4 49 35 42 -10 23 0 0.00 0.0 0 11.3 21 310 M M 7 32 300
5 56 28 42 -11 23 0 0.00 0.0 0 4.4 13 80 M M 1 18 30
6 60 31 46 -7 19 0 0.00 0.0 0 7.7 16 120 M M 0 25 130
7 76 47 62 8 3 0 0.03 0.0 0 10.7 23 240 M M 5 33 260
8 78 37 58 4 7 0 0.00 0.0 0 3.9 17 200 M M 0 26 210
9 71 46 59 5 6 0 0.00 0.0 0 4.7 10 360 M M 4 14 10
10 61 51 56 2 9 0 1.06 0.0 0 8.3 17 30 M M 10 18 25 30
11 68 50 59 4 6 0 0.04 0.0 0 12.9 32 290 M M 5 43 300
12 67 42 55 0 10 0 0.00 0.0 0 13.7 25 290 M M 1 38 270
13 84 35 60 4 5 0 0.00 0.0 0 4.9 18 220 M M 0 25 230
14 87 59 73 17 0 8 0.00 0.0 0 8.1 23 240 M M 0 33 240
15 85 53 69 13 0 4 0.00 M M 4.7 14 90 M M 1 21 180
16 85 65 75 18 0 10 T M M 10.7 26 180 M M 2 3 43 180
17 81 53 67 10 0 2 0.00 M M 12.1 28 260 M M 0 8 40 250
================================================================================
SM 1197 773 146 29 3.60 0.0 150.1 M 58
================================================================================
AV 70.4 45.5 8.8 FASTST M M 3 MAX(MPH)
MISC ----> 41 300 60 280
================================================================================
NOTES:
# LAST OF SEVERAL OCCURRENCES
COLUMN 17 PEAK WIND IN M.P.H.
PRELIMINARY LOCAL CLIMATOLOGICAL DATA (WS FORM: F-6) , PAGE 2
STATION: SPIRIT OF ST LOUIS MO
MONTH: APRIL
YEAR: 2024
LATITUDE: 38 39 N
LONGITUDE: 90 38 W
[TEMPERATURE DATA] [PRECIPITATION DATA] SYMBOLS USED IN COLUMN 16
AVERAGE MONTHLY: 57.9 TOTAL FOR MONTH: 3.60 1 = FOG OR MIST
DPTR FM NORMAL: 3.8 DPTR FM NORMAL: 1.17 2 = FOG REDUCING VISIBILITY
HIGHEST: 87 ON 14 GRTST 24HR 2.45 ON 1- 2 TO 1/4 MILE OR LESS
LOWEST: 28 ON 5 3 = THUNDER
SNOW, ICE PELLETS, HAIL 4 = ICE PELLETS
TOTAL MONTH: 0.0 INCH 5 = HAIL
GRTST 24HR 0.0 6 = FREEZING RAIN OR DRIZZLE
GRTST DEPTH: 0 7 = DUSTSTORM OR SANDSTORM:
VSBY 1/2 MILE OR LESS
8 = SMOKE OR HAZE
[NO. OF DAYS WITH] [WEATHER - DAYS WITH] 9 = BLOWING SNOW
X = TORNADO
MAX 32 OR BELOW: 0 0.01 INCH OR MORE: 6
MAX 90 OR ABOVE: 0 0.10 INCH OR MORE: 3
MIN 32 OR BELOW: 2 0.50 INCH OR MORE: 3
MIN 0 OR BELOW: 0 1.00 INCH OR MORE: 2
[HDD (BASE 65) ]
TOTAL THIS MO. 146 CLEAR (SCALE 0-3) 9
DPTR FM NORMAL -50 PTCLDY (SCALE 4-7) 6
TOTAL FM JUL 1 3902 CLOUDY (SCALE 8-10) 2
DPTR FM NORMAL -562
[CDD (BASE 65) ]
TOTAL THIS MO. 29
DPTR FM NORMAL 14 [PRESSURE DATA]
TOTAL FM JAN 1 46 HIGHEST SLP M ON M
DPTR FM NORMAL 25 LOWEST SLP 29.45 ON 2
[REMARKS]