000
CXUS53 KLSX 011400
CF6SUS
PRELIMINARY LOCAL CLIMATOLOGICAL DATA (WS FORM: F-6)
STATION: SPIRIT OF ST LOUIS MO
MONTH: SEPTEMBER
YEAR: 2020
LATITUDE: 38 39 N
LONGITUDE: 90 38 W
TEMPERATURE IN F: :PCPN: SNOW: WIND :SUNSHINE: SKY :PK WND
================================================================================
1 2 3 4 5 6A 6B 7 8 9 10 11 12 13 14 15 16 17 18
12Z AVG MX 2MIN
DY MAX MIN AVG DEP HDD CDD WTR SNW DPTH SPD SPD DIR MIN PSBL S-S WX SPD DR
================================================================================
1 76 68 72 -1 0 7 0.29 0.0 0 2.3 9 120 M M 9 138 15 120
2 81 66 74 1 0 9 0.00 0.0 0 2.0 7 330 M M 5 18 12 260
3 89 63 76 3 0 11 T 0.0 0 5.7 15 340 M M 6 128 22 240
4 82 56 69 -3 0 4 0.00 0.0 0 1.0 8 240 M M 0 1 12 280
5 87 54 71 -1 0 6 0.00 0.0 0 2.0 12 200 M M 1 1 19 220
6 91 64 78 6 0 13 0.00 0.0 0 5.0 18 200 M M 1 1 29 200
7 91 73 82 11 0 17 T 0.0 0 7.0 13 220 M M 4 19 230
8 89 67 78 7 0 13 0.32 0.0 0 4.7 16 310 M M 2 138 22 320
9 84 66 75 4 0 10 0.00 0.0 0 5.9 12 30 M M 7 18 16 40
10 81 69 75 5 0 10 0.00 0.0 0 5.6 10 30 M M 6 18 14 40
11 85 67 76 6 0 11 T 0.0 0 3.4 9 140 M M 6 138 15 130
12 77 61 69 -1 0 4 0.02 0.0 0 3.5 10 280 M M 8 128 14 290
13 77 57 67 -2 0 2 0.00 0.0 0 3.0 12 10 M M 2 128 16 320
14 82 53 68 -1 0 3 0.00 0.0 0 3.7 13 50 M M 1 128 19 60
15 80 53 67 -1 0 2 0.00 0.0 0 1.6 9 140 M M 1 12 13 130
16 82 52 67 -1 0 2 0.00 0.0 0 1.2 8 350 M M 0 12 12 320
17 79 57 68 1 0 3 0.00 0.0 0 5.1 15 350 M M 2 128 20 360
18 74 50 62 -5 3 0 0.00 0.0 0 4.9 16 50 M M 0 23 70
19 71 42 57 -10 8 0 0.00 0.0 0 1.8 10 100 M M 0 1 17 120
20 75 41 58 -8 7 0 0.00 0.0 0 2.2 12 80 M M 0 18 18 90
21 79 43 61 -5 4 0 0.00 0.0 0 2.7 9 120 M M 0 12 14 250
22 76 50 63 -2 2 0 0.00 0.0 0 1.8 8 110 M M 0 12 12 150
23 73 52 63 -2 2 0 0.00 0.0 0 0.8 7 150 M M 3 1 11 140
24 74 49 62 -3 3 0 0.00 0.0 0 1.6 10 170 M M 4 128 14 170
25 82 49 66 2 0 1 0.00 0.0 0 4.1 10 160 M M 2 12 16 140
26 85 61 73 9 0 8 0.00 0.0 0 6.3 13 170 M M 2 22 180
27 79 56 68 4 0 3 0.22 0.0 0 7.5 15 340 M M 5 18 33 330
28 69 49 59 -4 6 0 0.05 0.0 0 8.9 22 290 M M 8 28 290
29 66 44 55 -8 10 0 0.00 0.0 0 5.8 18 290 M M 5 25 290
30 81 46 64 2 1 0 0.00 0.0 0 11.0 25 310 M M 0 33 310
================================================================================
SM 2397 1678 46 139 0.90 0.0 122.1 M 90
================================================================================
AV 79.9 55.9 4.1 FASTST M M 3 MAX(MPH)
MISC ----> 25 310 33 330
================================================================================
NOTES:
# LAST OF SEVERAL OCCURRENCES
COLUMN 17 PEAK WIND IN M.P.H.
PRELIMINARY LOCAL CLIMATOLOGICAL DATA (WS FORM: F-6) , PAGE 2
STATION: SPIRIT OF ST LOUIS MO
MONTH: SEPTEMBER
YEAR: 2020
LATITUDE: 38 39 N
LONGITUDE: 90 38 W
[TEMPERATURE DATA] [PRECIPITATION DATA] SYMBOLS USED IN COLUMN 16
AVERAGE MONTHLY: 67.9 TOTAL FOR MONTH: 0.90 1 = FOG OR MIST
DPTR FM NORMAL: -0.1 DPTR FM NORMAL: -2.54 2 = FOG REDUCING VISIBILITY
HIGHEST: 91 ON 7, 6 GRTST 24HR 0.32 ON 8- 8 TO 1/4 MILE OR LESS
LOWEST: 41 ON 20 3 = THUNDER
SNOW, ICE PELLETS, HAIL 4 = ICE PELLETS
TOTAL MONTH: 0.0 INCH 5 = HAIL
GRTST 24HR 0.0 6 = FREEZING RAIN OR DRIZZLE
GRTST DEPTH: 0 7 = DUSTSTORM OR SANDSTORM:
VSBY 1/2 MILE OR LESS
8 = SMOKE OR HAZE
[NO. OF DAYS WITH] [WEATHER - DAYS WITH] 9 = BLOWING SNOW
X = TORNADO
MAX 32 OR BELOW: 0 0.01 INCH OR MORE: 5
MAX 90 OR ABOVE: 2 0.10 INCH OR MORE: 3
MIN 32 OR BELOW: 0 0.50 INCH OR MORE: 0
MIN 0 OR BELOW: 0 1.00 INCH OR MORE: 0
[HDD (BASE 65) ]
TOTAL THIS MO. 46 CLEAR (SCALE 0-3) 17
DPTR FM NORMAL -10 PTCLDY (SCALE 4-7) 12
TOTAL FM JUL 1 46 CLOUDY (SCALE 8-10) 1
DPTR FM NORMAL -12
[CDD (BASE 65) ]
TOTAL THIS MO. 139
DPTR FM NORMAL -7 [PRESSURE DATA]
TOTAL FM JAN 1 1390 HIGHEST SLP 30.36 ON 20
DPTR FM NORMAL 61 LOWEST SLP 29.72 ON 27
[REMARKS]
#FINAL-09-20#