000
CXUS54 KEPZ 011130
CF6SVC
PRELIMINARY LOCAL CLIMATOLOGICAL DATA (WS FORM: F-6)
STATION: SILVER CITY
MONTH: FEBRUARY
YEAR: 2022
LATITUDE: 32 37 N
LONGITUDE: 108 10 W
TEMPERATURE IN F: :PCPN: SNOW: WIND :SUNSHINE: SKY :PK WND
================================================================================
1 2 3 4 5 6A 6B 7 8 9 10 11 12 13 14 15 16 17 18
12Z AVG MX 2MIN
DY MAX MIN AVG DEP HDD CDD WTR SNW DPTH SPD SPD DIR MIN PSBL S-S WX SPD DR
================================================================================
1 55 31 43 M 22 0 0.00 M M 9.5 16 310 M M 5 21 280
2 48 26 37 M 28 0 0.02 M M 8.4 17 290 M M 8 25 240
3 32 10 21 M 44 0 0.00 M M 4.2 8 290 M M 6 M M
4 42 7 25 M 40 0 0.00 M M 7.1 18 120 M M 0 25 110
5 45 6 26 M 39 0 0.00 M M 4.5 10 10 M M 0 M M
6 52 15 34 M 31 0 0.00 M M 8.5 17 60 M M 2 24 60
7 49 15 32 M 33 0 0.00 M M 5.9 14 150 M M 0 20 130
8 57 19 38 M 27 0 0.00 M M 7.1 12 350 M M 0 M M
9 62 21 42 M 23 0 0.00 M M 6.6 12 350 M M 0 17 190
10 63 22 43 M 22 0 0.00 M M 5.4 10 210 M M 0 M M
11 67 30 49 M 16 0 0.00 M M 9.3 14 330 M M 0 21 290
12 52 23 38 M 27 0 0.00 M M 7.6 14 160 M M 0 21 130
13 59 19 39 M 26 0 0.00 M M 6.6 10 360 M M 0 M M
14 67 25 46 M 19 0 0.00 M M 8.2 12 330 M M 0 16 150
15 67 26 47 M 18 0 0.00 M M 12.1 27 220 M M 0 35 210
16 55 27 41 M 24 0 0.00 M M 13.7 26 270 M M 3 40 290
17 49 24 37 M 28 0 0.00 M M 9.0 15 300 M M 4 23 280
18 54 18 36 M 29 0 0.00 M M 6.3 12 330 M M 0 M M
19 58 19 39 M 26 0 0.00 M M 7.9 14 150 M M 0 20 130
20 66 30 48 M 17 0 0.00 M M 8.3 16 260 M M 0 22 260
21 58 27 43 M 22 0 0.00 M M 13.3 25 250 M M 1 39 220
22 60 25 43 M 22 0 0.00 M M 10.4 23 240 M M 0 35 250
23 M 99 M M M M M M M 99.9100 M M M M M M
24 M M M M M M 0.00 M M M M M M M M M M
25 59 18 39 M 26 0 0.00 M M 6.6 12 130 M M 0 17 150
26 60 25 43 M 22 0 0.00 M M 10.3 18 280 M M 0 22 270
27 59 20 40 M 25 0 0.00 M M 8.0 13 170 M M 0 20 170
28 61 30 46 M 19 0 0.00 M M 6.1 12 10 M M 0 16 170
================================================================================
SM 1456 657 675 0 0.02 M 310.8 M 29
================================================================================
AV 56.0 24.3 11.5 FASTST M M 1 MAX(MPH)
MISC ----> 100 9999 40 290
================================================================================
NOTES:
# LAST OF SEVERAL OCCURRENCES
COLUMN 17 PEAK WIND IN M.P.H.
PRELIMINARY LOCAL CLIMATOLOGICAL DATA (WS FORM: F-6) , PAGE 2
STATION: SILVER CITY
MONTH: FEBRUARY
YEAR: 2022
LATITUDE: 32 37 N
LONGITUDE: 108 10 W
[TEMPERATURE DATA] [PRECIPITATION DATA] SYMBOLS USED IN COLUMN 16
AVERAGE MONTHLY: 40.2 TOTAL FOR MONTH: 0.02 1 = FOG OR MIST
DPTR FM NORMAL: 0.0 DPTR FM NORMAL: 0.02 2 = FOG REDUCING VISIBILITY
HIGHEST: 67 ON 15,14 GRTST 24HR 0.02 ON 2- 2 TO 1/4 MILE OR LESS
LOWEST: 6 ON 5 3 = THUNDER
SNOW, ICE PELLETS, HAIL 4 = ICE PELLETS
TOTAL MONTH: M 5 = HAIL
GRTST 24HR M ON M 6 = FREEZING RAIN OR DRIZZLE
GRTST DEPTH: M ON M 7 = DUSTSTORM OR SANDSTORM:
VSBY 1/2 MILE OR LESS
8 = SMOKE OR HAZE
[NO. OF DAYS WITH] [WEATHER - DAYS WITH] 9 = BLOWING SNOW
X = TORNADO
MAX 32 OR BELOW: 1 0.01 INCH OR MORE: 1
MAX 90 OR ABOVE: 0 0.10 INCH OR MORE: 0
MIN 32 OR BELOW: 26 0.50 INCH OR MORE: 0
MIN 0 OR BELOW: 0 1.00 INCH OR MORE: 0
[HDD (BASE 65) ]
TOTAL THIS MO. 675 CLEAR (SCALE 0-3) 21
DPTR FM NORMAL M PTCLDY (SCALE 4-7) 5
TOTAL FM JUL 1 2825 CLOUDY (SCALE 8-10) 2
DPTR FM NORMAL M
[CDD (BASE 65) ]
TOTAL THIS MO. 0
DPTR FM NORMAL M [PRESSURE DATA]
TOTAL FM JAN 1 0 HIGHEST SLP M ON M
DPTR FM NORMAL M LOWEST SLP M ON M
[REMARKS]
#FINAL-02-22#