000
CXUS54 KEWX 011010
CF6T82
PRELIMINARY LOCAL CLIMATOLOGICAL DATA (WS FORM: F-6)
STATION: FREDERICKSBURG
MONTH: MARCH
YEAR: 2022
LATITUDE: 30 15 N
LONGITUDE: 98 55 W
TEMPERATURE IN F: :PCPN: SNOW: WIND :SUNSHINE: SKY :PK WND
================================================================================
1 2 3 4 5 6A 6B 7 8 9 10 11 12 13 14 15 16 17 18
12Z AVG MX 2MIN
DY MAX MIN AVG DEP HDD CDD WTR SNW DPTH SPD SPD DIR MIN PSBL S-S WX SPD DR
================================================================================
1 72 26 49 M 16 0 0.00 M M 3.3 8 230 M M 0 M M
2 73 35 54 M 11 0 0.00 M M 2.9 8 150 M M 0 M M
3 77 43 60 M 5 0 0.00 M M 2.8 12 190 M M 1 9 190
4 76 58 67 M 0 2 0.00 M M 10.1 22 200 M M 7 28 190
5 75 60 68 M 0 3 0.00 M M 10.0 18 190 M M 9 24 190
6 79 46 63 M 2 0 0.00 M M 10.5 17 350 M M 9 30 350
7 55 39 47 M 18 0 0.00 M M 12.9 18 360 M M 7 28 20
8 56 33 45 M 20 0 0.00 M M 7.2 16 50 M M 6 20 50
9 64 26 45 M 20 0 0.00 M M 4.0 10 40 M M 0 M M
10 72 28 50 M 15 0 0.00 M M 3.9 14 200 M M 1 17 0
11 56 32 44 M 21 0 0.00 M M 15.8 28 350 M M 7 33 350
12 56 20 38 M 27 0 0.00 M M 5.4 17 10 M M 0 29 10
13 64 19 42 M 23 0 0.00 M M 8.5 18 180 M M 0 25 180
14 81 50 66 M 0 1 0.00 M M 12.7 20 210 M M 4 28 200
15 74 40 57 M 8 0 0.00 M M 8.8 18 330 M M 0 27 330
16 81 32 57 M 8 0 0.00 M M 6.7 16 180 M M 0 24 200
17 81 54 68 M 0 3 0.00 M M 9.0 16 210 M M 2 25 190
18 68 39 54 M 11 0 0.00 M M 13.0 28 340 M M 0 33 340
19 77 33 55 M 10 0 0.00 M M 3.0 12 190 M M 0 M M
20 77 35 56 M 9 0 0.00 M M 8.6 17 160 M M 1 25 140
21 84 55 70 M 0 5 0.02 M M 11.0 22 230 M M 6 1 32 180
22 60 40 50 M 15 0 0.00 M M 13.4 24 320 M M 1 31 310
23 66 34 50 M 15 0 0.00 M M 7.1 17 290 M M 1 28 330
24 75 31 53 M 12 0 0.00 M M 7.3 16 330 M M 1 28 300
25 86 33 60 M 5 0 0.00 M M 2.8 8 100 M M 0 M M
26 89 41 65 M 0 0 0.00 M M 8.2 17 230 M M 0 23 230
27 87 56 72 M 0 7 0.00 M M 8.2 17 200 M M 0 23 220
28 84 56 70 M 0 5 0.00 M M 9.5 15 190 M M 2 22 200
29 79 62 71 M 0 6 0.00 M M 13.6 20 180 M M 6 27 200
30 76 46 61 M 4 0 0.09 M M 13.0 27 290 M M 3 36 290
31 79 40 60 M 5 0 0.00 M M 3.9 9 10 M M 0 20 330
================================================================================
SM 2279 1242 280 32 0.11 M 257.2 M 74
================================================================================
AV 73.5 40.1 8.3 FASTST M M 2 MAX(MPH)
MISC ----> 28 350 36 290
================================================================================
NOTES:
# LAST OF SEVERAL OCCURRENCES
COLUMN 17 PEAK WIND IN M.P.H.
PRELIMINARY LOCAL CLIMATOLOGICAL DATA (WS FORM: F-6) , PAGE 2
STATION: FREDERICKSBURG
MONTH: MARCH
YEAR: 2022
LATITUDE: 30 15 N
LONGITUDE: 98 55 W
[TEMPERATURE DATA] [PRECIPITATION DATA] SYMBOLS USED IN COLUMN 16
AVERAGE MONTHLY: 56.8 TOTAL FOR MONTH: 0.11 1 = FOG OR MIST
DPTR FM NORMAL: 0.0 DPTR FM NORMAL: M 2 = FOG REDUCING VISIBILITY
HIGHEST: 89 ON 26 GRTST 24HR 0.09 ON 30-30 TO 1/4 MILE OR LESS
LOWEST: 19 ON 13 3 = THUNDER
SNOW, ICE PELLETS, HAIL 4 = ICE PELLETS
TOTAL MONTH: M 5 = HAIL
GRTST 24HR M ON M 6 = FREEZING RAIN OR DRIZZLE
GRTST DEPTH: M ON M 7 = DUSTSTORM OR SANDSTORM:
VSBY 1/2 MILE OR LESS
8 = SMOKE OR HAZE
[NO. OF DAYS WITH] [WEATHER - DAYS WITH] 9 = BLOWING SNOW
X = TORNADO
MAX 32 OR BELOW: 0 0.01 INCH OR MORE: 2
MAX 90 OR ABOVE: 0 0.10 INCH OR MORE: 0
MIN 32 OR BELOW: 8 0.50 INCH OR MORE: 0
MIN 0 OR BELOW: 0 1.00 INCH OR MORE: 0
[HDD (BASE 65) ]
TOTAL THIS MO. 280 CLEAR (SCALE 0-3) 22
DPTR FM NORMAL M PTCLDY (SCALE 4-7) 7
TOTAL FM JUL 1 1934 CLOUDY (SCALE 8-10) 2
DPTR FM NORMAL M
[CDD (BASE 65) ]
TOTAL THIS MO. 32
DPTR FM NORMAL M [PRESSURE DATA]
TOTAL FM JAN 1 39 HIGHEST SLP M ON M
DPTR FM NORMAL M LOWEST SLP M ON M
[REMARKS]
#FINAL-03-22#