000
CXUS55 KPUB 011310
CF6TAD
PRELIMINARY LOCAL CLIMATOLOGICAL DATA (WS FORM: F-6)
STATION: TRINIDAD CO
MONTH: FEBRUARY
YEAR: 2022
LATITUDE: 37 16 N
LONGITUDE: 104 20 W
TEMPERATURE IN F: :PCPN: SNOW: WIND :SUNSHINE: SKY :PK WND
================================================================================
1 2 3 4 5 6A 6B 7 8 9 10 11 12 13 14 15 16 17 18
12Z AVG MX 2MIN
DY MAX MIN AVG DEP HDD CDD WTR SNW DPTH SPD SPD DIR MIN PSBL S-S WX SPD DR
================================================================================
1 39 20 30 -4 35 0 T M M 8.4 18 80 M M 2 26 70
2 22 1 12 -22 53 0 0.06 M M 8.8 18 70 M M 10 1 24 70
3 16 -8 4 -30 61 0 0.00 M M 6.0 13 290 M M 2 16 280
4 36 0 18 -16 47 0 0.00 M M 10.7 23 250 M M 0 31 250
5 54 18 36 1 29 0 0.00 M M 10.1 23 240 M M 0 33 250
6 36 19 28 -7 37 0 0.04 M M 8.7 21 10 M M 5 1 29 10
7 51 15 33 -2 32 0 0.00 M M 9.8 18 240 M M 0 24 240
8 59 26 43 8 22 0 0.00 M M 11.6 23 50 M M 0 36 40
9 52 25 39 4 26 0 0.00 M M 9.0 18 310 M M 1 24 310
10 60 22 41 6 24 0 0.00 M M 8.0 20 250 M M 0 26 250
11 46 26 36 1 29 0 0.05 M M 11.1 26 40 M M 5 1 37 30
12 41 12 27 -8 38 0 0.04 M M 8.2 16 50 M M 3 1 22 10
13 60 18 39 3 26 0 0.00 M M 8.6 17 250 M M 0 23 250
14 62 25 44 8 21 0 0.00 M M 11.4 21 200 M M 0 28 200
15 68 28 48 12 17 0 0.00 M M 11.5 26 270 M M 0 34 270
16 59 23 41 5 24 0 0.06 M M 12.4 28 260 M M 2 1 40 260
17 29 14 22 -14 43 0 0.01 M M 7.2 21 250 M M 5 18 31 260
18 52 17 35 -1 30 0 0.00 M M 7.9 20 290 M M 0 25 290
19 64 25 45 8 20 0 0.00 M M 12.7 28 220 M M 0 39 220
20 68 26 47 10 18 0 0.00 M M 13.7 26 240 M M 0 36 240
21 62 14 38 1 27 0 T M M 15.7 35 250 M M 1 51 250
22 17 2 10 -28 55 0 T M M 9.0 15 60 M M 8 8 21 50
23 27 -2 13 -25 52 0 0.00 M M 7.4 15 40 M M 2 20 40
24 32 -1 16 -22 49 0 0.00 M M 5.3 13 70 M M 1 17 100
25 37 2 20 -18 45 0 0.00 M M 7.1 14 50 M M 0 21 50
26 45 9 27 -12 38 0 0.00 M M 8.2 16 50 M M 0 24 350
27 60 12 36 -3 29 0 0.00 M M 8.8 18 240 M M 0 24 240
28 63 23 43 4 22 0 0.00 M M 10.0 18 240 M M 0 24 250
================================================================================
SM 1317 411 949 0 0.26 M 267.3 M 47
================================================================================
AV 47.0 14.7 9.5 FASTST M M 2 MAX(MPH)
MISC ----> 35 250 51 250
================================================================================
NOTES:
# LAST OF SEVERAL OCCURRENCES
COLUMN 17 PEAK WIND IN M.P.H.
PRELIMINARY LOCAL CLIMATOLOGICAL DATA (WS FORM: F-6) , PAGE 2
STATION: TRINIDAD CO
MONTH: FEBRUARY
YEAR: 2022
LATITUDE: 37 16 N
LONGITUDE: 104 20 W
[TEMPERATURE DATA] [PRECIPITATION DATA] SYMBOLS USED IN COLUMN 16
AVERAGE MONTHLY: 30.9 TOTAL FOR MONTH: 0.26 1 = FOG OR MIST
DPTR FM NORMAL: -5.3 DPTR FM NORMAL: -0.12 2 = FOG REDUCING VISIBILITY
HIGHEST: 68 ON 20,15 GRTST 24HR 0.09 ON 11-12 TO 1/4 MILE OR LESS
LOWEST: -8 ON 3 3 = THUNDER
SNOW, ICE PELLETS, HAIL 4 = ICE PELLETS
TOTAL MONTH: M 5 = HAIL
GRTST 24HR M ON M 6 = FREEZING RAIN OR DRIZZLE
GRTST DEPTH: M ON M 7 = DUSTSTORM OR SANDSTORM:
VSBY 1/2 MILE OR LESS
8 = SMOKE OR HAZE
[NO. OF DAYS WITH] [WEATHER - DAYS WITH] 9 = BLOWING SNOW
X = TORNADO
MAX 32 OR BELOW: 6 0.01 INCH OR MORE: 6
MAX 90 OR ABOVE: 0 0.10 INCH OR MORE: 0
MIN 32 OR BELOW: 28 0.50 INCH OR MORE: 0
MIN 0 OR BELOW: 4 1.00 INCH OR MORE: 0
[HDD (BASE 65) ]
TOTAL THIS MO. 949 CLEAR (SCALE 0-3) 23
DPTR FM NORMAL 141 PTCLDY (SCALE 4-7) 4
TOTAL FM JUL 1 3506 CLOUDY (SCALE 8-10) 1
DPTR FM NORMAL -443
[CDD (BASE 65) ]
TOTAL THIS MO. 0
DPTR FM NORMAL 0 [PRESSURE DATA]
TOTAL FM JAN 1 0 HIGHEST SLP 30.72 ON 4
DPTR FM NORMAL 0 LOWEST SLP 29.36 ON 21
[REMARKS]
#FINAL-02-22#