000
CXUS54 KBMX 011010
CF6TCL
PRELIMINARY LOCAL CLIMATOLOGICAL DATA (WS FORM: F-6)
STATION: TUSCALOOSA
MONTH: SEPTEMBER
YEAR: 2022
LATITUDE: 33 13 N
LONGITUDE: 87 37 W
TEMPERATURE IN F: :PCPN: SNOW: WIND :SUNSHINE: SKY :PK WND
================================================================================
1 2 3 4 5 6A 6B 7 8 9 10 11 12 13 14 15 16 17 18
12Z AVG MX 2MIN
DY MAX MIN AVG DEP HDD CDD WTR SNW DPTH SPD SPD DIR MIN PSBL S-S WX SPD DR
================================================================================
1 92 67 80 0 0 15 0.00 0.0 0 2.4 9 10 M M 1 1 13 10
2 90 69 80 0 0 15 0.00 0.0 0 3.6 10 140 M M 3 13 150
3 90 75 83 3 0 18 T 0.0 0 3.9 10 180 M M 5 3 13 190
4 89 74 82 3 0 17 0.60 0.0 0 5.2 22 270 M M 7 138 27 280
5 84 73 79 0 0 14 0.18 0.0 0 3.1 10 200 M M 5 1 14 210
6 87 70 79 0 0 14 0.45 0.0 0 3.2 16 350 M M 3 13 21 350
7 88 68 78 -1 0 13 T 0.0 0 3.0 13 350 M M 2 13 16 360
8 87 67 77 -1 0 12 0.00 0.0 0 5.7 13 40 M M 1 17 360
9 83 70 77 -1 0 12 0.50 0.0 0 6.4 15 80 M M 7 138 22 80
10 86 71 79 1 0 14 0.00 0.0 0 5.5 12 120 M M 7 15 120
11 86 70 78 0 0 13 0.96 0.0 0 3.7 25 240 M M 5 13 31 250
12 82 60 71 -7 0 6 0.00 0.0 0 4.5 13 310 M M 2 1 16 310
13 83 56 70 -7 0 5 0.00 0.0 0 2.0 13 40 M M 0 1 18 40
14 86 58 72 -5 0 7 0.00 0.0 0 2.7 12 40 M M 0 1 15 20
15 86 62 74 -3 0 9 0.00 0.0 0 2.5 10 40 M M 1 1 15 60
16 86 63 75 -1 0 10 0.00 0.0 0 3.0 12 50 M M 3 1 14 50
17 88 63 76 0 0 11 0.00 0.0 0 1.6 9 60 M M 3 1 12 60
18 89 66 78 2 0 13 0.00 0.0 0 2.1 9 70 M M 3 1 12 60
19 90 63 77 1 0 12 0.00 0.0 0 1.8 13 30 M M 0 1 16 20
20 95 67 81 6 0 16 0.00 0.0 0 1.2 9 40 M M 0 18 12 40
21 96 70 83 8 0 18 0.00 0.0 0 2.2 12 50 M M 0 1 17 40
22 98 69 84 9 0 19 0.00 0.0 0 6.4 18 360 M M 0 18 23 360
23 84 61 73 -1 0 8 0.00 0.0 0 4.8 17 60 M M 0 21 60
24 88 58 73 -1 0 8 0.00 0.0 0 1.8 8 250 M M 0 11 240
25 82 67 75 1 0 10 0.02 0.0 0 2.8 13 360 M M 1 1 16 360
26 84 54 69 -4 0 4 0.00 0.0 0 4.7 17 360 M M 1 12 21 360
27 80 50 65 -8 0 0 0.00 0.0 0 5.8 21 360 M M 0 25 340
28 78 50 64 -8 1 0 0.00 0.0 0 10.3 25 10 M M 0 31 20
29 77 52 65 -7 0 0 0.00 0.0 0 9.2 22 40 M M 0 27 20
30 82 51 67 -5 0 2 0.00 0.0 0 5.8 15 20 M M 0 21 360
================================================================================
SM 2596 1914 1 315 2.71 0.0 120.9 M 60
================================================================================
AV 86.5 63.8 4.0 FASTST M M 2 MAX(MPH)
MISC ----> # 25 240 # 31 250
================================================================================
NOTES:
# LAST OF SEVERAL OCCURRENCES
COLUMN 17 PEAK WIND IN M.P.H.
PRELIMINARY LOCAL CLIMATOLOGICAL DATA (WS FORM: F-6) , PAGE 2
STATION: TUSCALOOSA
MONTH: SEPTEMBER
YEAR: 2022
LATITUDE: 33 13 N
LONGITUDE: 87 37 W
[TEMPERATURE DATA] [PRECIPITATION DATA] SYMBOLS USED IN COLUMN 16
AVERAGE MONTHLY: 75.2 TOTAL FOR MONTH: 2.71 1 = FOG OR MIST
DPTR FM NORMAL: -1.1 DPTR FM NORMAL: -0.69 2 = FOG REDUCING VISIBILITY
HIGHEST: 98 ON 22 GRTST 24HR 0.96 ON 11-11 TO 1/4 MILE OR LESS
LOWEST: 50 ON 28,27 3 = THUNDER
SNOW, ICE PELLETS, HAIL 4 = ICE PELLETS
TOTAL MONTH: 0.0 INCH 5 = HAIL
GRTST 24HR 0.0 6 = FREEZING RAIN OR DRIZZLE
GRTST DEPTH: 0 7 = DUSTSTORM OR SANDSTORM:
VSBY 1/2 MILE OR LESS
8 = SMOKE OR HAZE
[NO. OF DAYS WITH] [WEATHER - DAYS WITH] 9 = BLOWING SNOW
X = TORNADO
MAX 32 OR BELOW: 0 0.01 INCH OR MORE: 6
MAX 90 OR ABOVE: 7 0.10 INCH OR MORE: 5
MIN 32 OR BELOW: 0 0.50 INCH OR MORE: 3
MIN 0 OR BELOW: 0 1.00 INCH OR MORE: 0
[HDD (BASE 65) ]
TOTAL THIS MO. 1 CLEAR (SCALE 0-3) 23
DPTR FM NORMAL -3 PTCLDY (SCALE 4-7) 7
TOTAL FM JUL 1 1 CLOUDY (SCALE 8-10) 0
DPTR FM NORMAL 0
[CDD (BASE 65) ]
TOTAL THIS MO. 315
DPTR FM NORMAL -27 [PRESSURE DATA]
TOTAL FM JAN 1 2377 HIGHEST SLP 30.26 ON 28
DPTR FM NORMAL 239 LOWEST SLP 29.74 ON 8
[REMARKS]
#FINAL-09-22#