000
CXUS54 KEPZ 011030
CF6TCS
PRELIMINARY LOCAL CLIMATOLOGICAL DATA (WS FORM: F-6)
STATION: TRUTH OR CONSEQUENCES
MONTH: AUGUST
YEAR: 2020
LATITUDE: 33 13 N
LONGITUDE: 107 16 W
TEMPERATURE IN F: :PCPN: SNOW: WIND :SUNSHINE: SKY :PK WND
================================================================================
1 2 3 4 5 6A 6B 7 8 9 10 11 12 13 14 15 16 17 18
12Z AVG MX 2MIN
DY MAX MIN AVG DEP HDD CDD WTR SNW DPTH SPD SPD DIR MIN PSBL S-S WX SPD DR
================================================================================
1 95 70 83 4 0 18 0.00 M M 7.0 25 300 M M 0 35 300
2 97 70 84 5 0 19 0.01 M M 9.4 29 300 M M 1 3 40 340
3 96 66 81 2 0 16 T M M 7.9 32 290 M M 1 47 280
4 99 72 86 8 0 21 0.00 M M 7.1 22 300 M M 1 3 37 210
5 100 72 86 8 0 21 0.00 M M 5.9 23 300 M M 1 30 310
6 95 71 83 5 0 18 0.00 M M 7.4 23 240 M M 0 3 30 230
7 88 71 80 2 0 15 T M M 4.9 13 200 M M 3 16 290
8 97 68 83 5 0 18 0.00 M M 7.7 29 290 M M 0 38 290
9 97 71 84 6 0 19 0.00 M M 5.6 23 200 M M 0 3 36 330
10 99 70 85 7 0 20 T M M 7.8 25 260 M M 0 36 270
11 102 69 86 8 0 21 0.00 M M 6.9 21 310 M M 0 30 300
12 102 74 88 10 0 23 T M M 8.4 28 290 M M 0 44 290
13 101 76 89 11 0 24 0.00 M M 6.9 22 290 M M 0 31 320
14 104 75 90 13 0 25 T M M 6.5 35 290 M M 0 38 53 290
15 103 72 88 11 0 23 T M M 8.9 30 160 M M 0 3 38 160
16 98 70 84 7 0 19 0.03 M M 5.9 21 150 M M 1 3 28 140
17 95 67 81 4 0 16 0.01 M M 5.5 37 130 M M 1 38 47 120
18 95 65 80 3 0 15 0.00 M M 4.7 13 140 M M 0 20 160
19 99 67 83 6 0 18 0.00 M M 8.1 17 290 M M 0 23 20
20 102 73 88 11 0 23 0.00 M M 8.1 24 310 M M 0 31 320
21 102 77 90 13 0 25 T M M 8.6 25 310 M M 0 38 290
22 101 73 87 11 0 22 0.13 M M 6.5 26 60 M M 1 3 38 90
23 100 70 85 9 0 20 0.30 M M 7.4 32 190 M M 2 3 58 200
24 97 68 83 7 0 18 0.13 M M 8.1 32 70 M M 1 3 46 60
25 93 66 80 4 0 15 0.00 M M 6.3 15 310 M M 0 21 200
26 95 69 82 6 0 17 0.00 M M 7.5 13 320 M M 0 18 330
27 98 68 83 7 0 18 0.00 M M 7.7 15 180 M M 0 22 200
28 100 73 87 11 0 22 0.00 M M 8.5 32 310 M M 0 42 300
29 97 74 86 11 0 21 T M M 8.1 21 310 M M 1 28 310
30 96 76 86 11 0 21 T M M 10.0 23 200 M M 3 35 330
31 94 70 82 7 0 17 0.23 M M 7.4 33 320 M M 3 3 49 340
================================================================================
SM 3037 2193 0 608 0.84 M 226.7 M 20
================================================================================
AV 98.0 70.7 7.3 FASTST M M 1 MAX(MPH)
MISC ----> 37 130 58 200
================================================================================
NOTES:
# LAST OF SEVERAL OCCURRENCES
COLUMN 17 PEAK WIND IN M.P.H.
PRELIMINARY LOCAL CLIMATOLOGICAL DATA (WS FORM: F-6) , PAGE 2
STATION: TRUTH OR CONSEQUENCES
MONTH: AUGUST
YEAR: 2020
LATITUDE: 33 13 N
LONGITUDE: 107 16 W
[TEMPERATURE DATA] [PRECIPITATION DATA] SYMBOLS USED IN COLUMN 16
AVERAGE MONTHLY: 84.4 TOTAL FOR MONTH: 0.84 1 = FOG OR MIST
DPTR FM NORMAL: 7.3 DPTR FM NORMAL: -1.49 2 = FOG REDUCING VISIBILITY
HIGHEST: 104 ON 14 GRTST 24HR 0.43 ON 22-23 TO 1/4 MILE OR LESS
LOWEST: 65 ON 18 3 = THUNDER
SNOW, ICE PELLETS, HAIL 4 = ICE PELLETS
TOTAL MONTH: M 5 = HAIL
GRTST 24HR M ON M 6 = FREEZING RAIN OR DRIZZLE
GRTST DEPTH: M ON M 7 = DUSTSTORM OR SANDSTORM:
VSBY 1/2 MILE OR LESS
8 = SMOKE OR HAZE
[NO. OF DAYS WITH] [WEATHER - DAYS WITH] 9 = BLOWING SNOW
X = TORNADO
MAX 32 OR BELOW: 0 0.01 INCH OR MORE: 7
MAX 90 OR ABOVE: 30 0.10 INCH OR MORE: 4
MIN 32 OR BELOW: 0 0.50 INCH OR MORE: 0
MIN 0 OR BELOW: 0 1.00 INCH OR MORE: 0
[HDD (BASE 65) ]
TOTAL THIS MO. 0 CLEAR (SCALE 0-3) 30
DPTR FM NORMAL 0 PTCLDY (SCALE 4-7) 1
TOTAL FM JUL 1 0 CLOUDY (SCALE 8-10) 0
DPTR FM NORMAL 0
[CDD (BASE 65) ]
TOTAL THIS MO. 608
DPTR FM NORMAL 233 [PRESSURE DATA]
TOTAL FM JAN 1 2061 HIGHEST SLP 30.10 ON 18
DPTR FM NORMAL 662 LOWEST SLP 29.56 ON 31
[REMARKS]
#FINAL-08-20#