000
CXUS52 KTAE 010800
CF6TLH
PRELIMINARY LOCAL CLIMATOLOGICAL DATA (WS FORM: F-6)
STATION: TALLAHASSEE
MONTH: JULY
YEAR: 2022
LATITUDE: 30 22 N
LONGITUDE: 84 22 W
TEMPERATURE IN F: :PCPN: SNOW: WIND :SUNSHINE: SKY :PK WND
================================================================================
1 2 3 4 5 6A 6B 7 8 9 10 11 12 13 14 15 16 17 18
12Z AVG MX 2MIN
DY MAX MIN AVG DEP HDD CDD WTR SNW DPTH SPD SPD DIR MIN PSBL S-S WX SPD DR
================================================================================
1 93 74 84 2 0 19 1.82 0.0 0 3.4 35 230 M M 5 13 49 260
2 90 71 81 -1 0 16 0.04 0.0 0 3.5 18 290 M M 5 3 20 250
3 89 73 81 -1 0 16 0.05 0.0 0 3.5 20 200 M M 5 1 24 200
4 95 74 85 3 0 20 0.00 0.0 0 3.4 15 230 M M 4 19 220
5 95 74 85 3 0 20 0.62 0.0 0 2.0 25 260 M M 4 138 32 260
6 96 75 86 4 0 21 0.00 0.0 0 2.7 21 240 M M 4 3 26 240
7 97 75 86 4 0 21 0.00 0.0 0 4.1 15 210 M M 4 19 220
8 96 78 87 5 0 22 0.01 0.0 0 4.2 18 190 M M 5 3 23 180
9 90 75 83 1 0 18 0.22 0.0 0 4.9 21 230 M M 6 13 27 230
10 88 77 83 1 0 18 0.12 0.0 M 4.3 24 310 M M 6 123 28 310
11 90 74 82 0 0 17 1.15 0.0 M 2.8 16 160 M M 6 13 19 160
12 87 75 81 -1 0 16 0.05 0.0 M 5.9 21 220 M M 8 3 26 220
13 89 75 82 0 0 17 0.42 0.0 0 5.0 23 310 M M 5 13 30 280
14 88 74 81 -2 0 16 0.41 0.0 0 3.1 17 310 M M 5 13 22 310
15 88 72 80 -3 0 15 0.09 0.0 0 5.1 16 150 M M 7 21 150
16 91 73 82 -1 0 17 0.21 0.0 0 4.0 24 90 M M 6 13 29 100
17 87 71 79 -4 0 14 0.00 0.0 0 3.2 12 200 M M 3 14 190
18 88 74 81 -2 0 16 0.32 0.0 0 2.1 28 280 M M 5 13 32 280
19 91 74 83 0 0 18 0.90 0.0 M 4.6 18 270 M M 4 13 23 270
20 86 73 80 -3 0 15 0.69 0.0 M 4.9 26 260 M M 5 13 35 260
21 88 73 81 -2 0 16 0.02 M M 4.6 17 240 M M 4 3 22 240
22 92 73 83 0 0 18 2.12 0.0 M 3.2 24 60 M M 5 13 32 320
23 92 73 83 0 0 18 1.26 M M 2.8 38 220 M M 5 13 47 220
24 90 72 81 -2 0 16 0.08 0.0 M 3.1 12 350 M M 4 13 13 180
25 92 73 83 0 0 18 0.12 0.0 M 3.8 16 150 M M 5 13 21 170
26 90 73 82 -1 0 17 0.05 0.0 0 4.6 25 120 M M 4 13 33 120
27 88 73 81 -2 0 16 0.53 0.0 0 4.1 20 170 M M 4 1 23 160
28 90 75 83 0 0 18 1.70 0.0 0 4.6 38 250 M M 5 138 41 250
29 93 73 83 0 0 18 0.00 0.0 M 4.2 18 340 M M 4 3 23 160
30 94 72 83 0 0 18 0.00 0.0 M 3.3 13 150 M M 1 1 18 170
31 95 72 84 1 0 19 0.00 0.0 0 3.4 16 130 M M 2 1 20 130
================================================================================
SM 2818 2283 0 544 13.00 0.0 118.4 M 145
================================================================================
AV 90.9 73.6 3.8 FASTST M M 5 MAX(MPH)
MISC ----> # 38 220 49 260
================================================================================
NOTES:
# LAST OF SEVERAL OCCURRENCES
COLUMN 17 PEAK WIND IN M.P.H.
PRELIMINARY LOCAL CLIMATOLOGICAL DATA (WS FORM: F-6) , PAGE 2
STATION: TALLAHASSEE
MONTH: JULY
YEAR: 2022
LATITUDE: 30 22 N
LONGITUDE: 84 22 W
[TEMPERATURE DATA] [PRECIPITATION DATA] SYMBOLS USED IN COLUMN 16
AVERAGE MONTHLY: 82.3 TOTAL FOR MONTH: 13.00 1 = FOG OR MIST
DPTR FM NORMAL: -0.2 DPTR FM NORMAL: 5.86 2 = FOG REDUCING VISIBILITY
HIGHEST: 97 ON 7 GRTST 24HR 3.25 ON 22-23 TO 1/4 MILE OR LESS
LOWEST: 71 ON 17, 2 3 = THUNDER
SNOW, ICE PELLETS, HAIL 4 = ICE PELLETS
TOTAL MONTH: 0.0 INCH 5 = HAIL
GRTST 24HR 0.0 6 = FREEZING RAIN OR DRIZZLE
GRTST DEPTH: 0 7 = DUSTSTORM OR SANDSTORM:
VSBY 1/2 MILE OR LESS
8 = SMOKE OR HAZE
[NO. OF DAYS WITH] [WEATHER - DAYS WITH] 9 = BLOWING SNOW
X = TORNADO
MAX 32 OR BELOW: 0 0.01 INCH OR MORE: 24
MAX 90 OR ABOVE: 20 0.10 INCH OR MORE: 16
MIN 32 OR BELOW: 0 0.50 INCH OR MORE: 9
MIN 0 OR BELOW: 0 1.00 INCH OR MORE: 5
[HDD (BASE 65) ]
TOTAL THIS MO. 0 CLEAR (SCALE 0-3) 2
DPTR FM NORMAL 0 PTCLDY (SCALE 4-7) 29
TOTAL FM JUL 1 0 CLOUDY (SCALE 8-10) 0
DPTR FM NORMAL 0
[CDD (BASE 65) ]
TOTAL THIS MO. 544
DPTR FM NORMAL 0 [PRESSURE DATA]
TOTAL FM JAN 1 1708 HIGHEST SLP M ON M
DPTR FM NORMAL 176 LOWEST SLP 29.84 ON 11
[REMARKS]
#FINAL-07-22#