000
CXUS52 KTAE 010900
CF6TLH
PRELIMINARY LOCAL CLIMATOLOGICAL DATA (WS FORM: F-6)
STATION: TALLAHASSEE
MONTH: NOVEMBER
YEAR: 2021
LATITUDE: 30 22 N
LONGITUDE: 84 22 W
TEMPERATURE IN F: :PCPN: SNOW: WIND :SUNSHINE: SKY :PK WND
================================================================================
1 2 3 4 5 6A 6B 7 8 9 10 11 12 13 14 15 16 17 18
12Z AVG MX 2MIN
DY MAX MIN AVG DEP HDD CDD WTR SNW DPTH SPD SPD DIR MIN PSBL S-S WX SPD DR
================================================================================
1 73 45 59 -5 6 0 0.00 0.0 0 2.9 10 340 M M 2 14 320
2 77 46 62 -2 3 0 0.00 0.0 M 2.6 10 60 M M 2 14 60
3 77 52 65 1 0 0 0.00 0.0 M 3.7 12 70 M M 1 14 60
4 73 56 65 2 0 0 0.00 0.0 0 6.1 15 70 M M 5 20 50
5 59 45 52 -11 13 0 0.58 0.0 0 9.8 17 20 M M 8 1 25 30
6 64 42 53 -10 12 0 T 0.0 0 8.7 16 340 M M 5 1 22 20
7 71 42 57 -5 8 0 0.00 0.0 0 5.3 16 10 M M 0 25 10
8 74 36 55 -7 10 0 0.00 0.0 0 2.0 6 30 M M 0 8 330
9 76 38 57 -5 8 0 0.00 0.0 M 1.0 6 320 M M 1 6 320
10 78 49 64 2 1 0 0.00 0.0 M 2.5 9 170 M M 5 9 170
11 79 63 71 10 0 6 0.00 M M 6.4 13 170 M M 9 1 16 170
12 81 50 66 5 0 1 0.00 0.0 M 2.7 8 330 M M 4 8 130
13 71 44 58 -3 7 0 0.00 0.0 M 6.5 15 310 M M 1 1 20 310
14 64 34 49 -11 16 0 0.00 0.0 0 4.7 15 310 M M 0 20 290
15 72 36 54 -6 11 0 0.00 0.0 0 1.8 8 10 M M 0 M M
16 76 38 57 -3 8 0 0.00 0.0 0 1.2 9 180 M M 0 11 50
17 78 41 60 0 5 0 0.00 0.0 0 3.1 13 190 M M 1 16 170
18 81 52 67 8 0 2 0.00 0.0 0 2.5 12 170 M M 5 16 140
19 73 57 65 6 0 0 0.00 0.0 0 8.4 14 360 M M 2 19 360
20 72 50 61 2 4 0 0.00 0.0 0 8.1 17 90 M M 1 23 80
21 76 56 66 7 0 1 0.00 M M 5.4 14 80 M M 8 19 80
22 72 49 61 3 4 0 T M M 5.9 20 330 M M 4 1 26 300
23 60 32 46 -12 19 0 0.00 0.0 0 7.0 14 20 M M 0 19 350
24 67 27 47 -11 18 0 0.00 0.0 0 3.2 14 80 M M 1 18 70
25 73 38 56 -2 9 0 0.00 0.0 0 2.3 10 150 M M 3 14 140
26 67 37 52 -6 13 0 0.00 0.0 0 5.9 18 320 M M 4 27 330
27 66 30 48 -10 17 0 0.00 0.0 0 1.9 9 20 M M 3 13 30
28 60 39 50 -7 15 0 T 0.0 0 3.2 10 310 M M 8 13 310
29 65 34 50 -7 15 0 0.00 0.0 0 6.0 15 330 M M 2 22 300
30 68 30 49 -8 16 0 0.00 M M 1.9 9 30 M M 1 13 20
================================================================================
SM 2143 1288 238 10 0.58 0.0 132.7 M 86
================================================================================
AV 71.4 42.9 4.4 FASTST M M 3 MAX(MPH)
MISC ----> 20 330 27 330
================================================================================
NOTES:
# LAST OF SEVERAL OCCURRENCES
COLUMN 17 PEAK WIND IN M.P.H.
PRELIMINARY LOCAL CLIMATOLOGICAL DATA (WS FORM: F-6) , PAGE 2
STATION: TALLAHASSEE
MONTH: NOVEMBER
YEAR: 2021
LATITUDE: 30 22 N
LONGITUDE: 84 22 W
[TEMPERATURE DATA] [PRECIPITATION DATA] SYMBOLS USED IN COLUMN 16
AVERAGE MONTHLY: 57.2 TOTAL FOR MONTH: 0.58 1 = FOG OR MIST
DPTR FM NORMAL: -3.0 DPTR FM NORMAL: -2.52 2 = FOG REDUCING VISIBILITY
HIGHEST: 81 ON 18,12 GRTST 24HR 0.58 ON 5- 5 TO 1/4 MILE OR LESS
LOWEST: 27 ON 24 3 = THUNDER
SNOW, ICE PELLETS, HAIL 4 = ICE PELLETS
TOTAL MONTH: 0.0 INCH 5 = HAIL
GRTST 24HR 0.0 6 = FREEZING RAIN OR DRIZZLE
GRTST DEPTH: 0 7 = DUSTSTORM OR SANDSTORM:
VSBY 1/2 MILE OR LESS
8 = SMOKE OR HAZE
[NO. OF DAYS WITH] [WEATHER - DAYS WITH] 9 = BLOWING SNOW
X = TORNADO
MAX 32 OR BELOW: 0 0.01 INCH OR MORE: 1
MAX 90 OR ABOVE: 0 0.10 INCH OR MORE: 1
MIN 32 OR BELOW: 4 0.50 INCH OR MORE: 1
MIN 0 OR BELOW: 0 1.00 INCH OR MORE: 0
[HDD (BASE 65) ]
TOTAL THIS MO. 238 CLEAR (SCALE 0-3) 19
DPTR FM NORMAL 48 PTCLDY (SCALE 4-7) 9
TOTAL FM JUL 1 264 CLOUDY (SCALE 8-10) 2
DPTR FM NORMAL 35
[CDD (BASE 65) ]
TOTAL THIS MO. 10
DPTR FM NORMAL -37 [PRESSURE DATA]
TOTAL FM JAN 1 2717 HIGHEST SLP 30.37 ON 24
DPTR FM NORMAL -25 LOWEST SLP 29.94 ON 22
[REMARKS]
#FINAL-11-21#