464
CXUS52 KTAE 131457
CF6TLH
PRELIMINARY LOCAL CLIMATOLOGICAL DATA (WS FORM: F-6)
STATION: TALLAHASSEE
MONTH: FEBRUARY
YEAR: 2021
LATITUDE: 30 22 N
LONGITUDE: 84 22 W
TEMPERATURE IN F: :PCPN: SNOW: WIND :SUNSHINE: SKY :PK WND
================================================================================
1 2 3 4 5 6A 6B 7 8 9 10 11 12 13 14 15 16 17 18
12Z AVG MX 2MIN
DY MAX MIN AVG DEP HDD CDD WTR SNW DPTH SPD SPD DIR MIN PSBL S-S WX SPD DR
================================================================================
1 63 45 54 2 11 0 0.00 0.0 0 17.5 23 310 M M 9 37 290
2 54 33 44 -8 21 0 0.00 0.0 0 13.7 32 26 M M M 32 36
3 59 28 44 -9 21 0 0.00 0.0 0 6.2 14 310 M M 1 17 320
4 63 27 45 -8 20 0 0.00 0.0 0 4.9 16 200 M M 4 20 160
5 73 53 63 10 2 0 0.09 0.0 0 8.1 17 340 M M 10 1 21 330
6 53 48 51 -2 14 0 0.07 0.0 0 7.7 17 70 M M 10 1 22 80
7 53 37 45 -8 20 0 T 0.0 0 5.5 15 320 M M 9 1 19 300
8 68 34 51 -2 14 0 0.00 0.0 0 4.2 14 110 M M 3 17 100
9 64 52 58 4 7 0 0.54 0.0 M 3.6 18 300 M M 9 13 22 300
10 69 62 66 12 0 1 T 0.0 M 1.8 8 150 M M 10 12 10 180
11 78 61 70 16 0 5 T 0.0 0 3.9 15 190 M M 8 12 19 190
12 77 62 70 16 0 5 0.07 0.0 0 2.3 8 330 M M 9 12 11 140
13 66 52 59 5 6 0 0.99 0.0 0 7.0 13 90 M M 10 1 17 80
14 54 50 52 -2 13 0 0.36 0.0 0 6.3 12 50 M M 10 1 16 40
15 72 51 62 7 3 0 0.32 0.0 0 9.3 28 210 M M 10 13 33 210
16 55 39 47 -8 18 0 0.00 0.0 M 11.2 18 310 M M 5 22 310
17 67 34 51 -4 14 0 0.11 0.0 0 6.5 17 100 M M 5 1 21 100
18 73 55 64 9 1 0 0.81 0.0 M 9.0 18 190 M M 10 13 25 180
19 55 40 48 -8 17 0 T 0.0 M 9.1 18 310 M M 8 1 23 310
20 62 35 49 -7 16 0 0.00 0.0 M 5.8 16 350 M M 0 19 360
21 70 30 50 -6 15 0 0.00 0.0 0 5.3 17 100 M M 2 8 24 100
22 68 55 62 6 3 0 0.22 0.0 M 4.0 15 300 M M 9 12 20 180
23 72 42 57 1 8 0 0.00 0.0 M 3.5 13 30 M M 1 128 19 30
24 75 36 56 -1 9 0 0.00 0.0 M 2.7 14 180 M M 1 22 220
25 81 46 64 7 1 0 0.00 0.0 0 2.3 12 180 M M 5 12 16 170
26 77 57 67 10 0 2 T 0.0 0 4.0 15 170 M M 7 12 18 170
27 82 59 71 14 0 6 0.00 0.0 0 4.9 17 190 M M 8 12 24 180
28 82 64 73 16 0 8 0.00 0.0 0 6.5 22 220 M M 9 12 26 220
================================================================================
SM 1885 1287 254 27 3.58 0.0 176.8 M 182
================================================================================
AV 67.3 46.0 6.3 FASTST M M 7 MAX(MPH)
MISC ----> 32 26 37 290
================================================================================
NOTES:
# LAST OF SEVERAL OCCURRENCES
COLUMN 17 PEAK WIND IN M.P.H.
PRELIMINARY LOCAL CLIMATOLOGICAL DATA (WS FORM: F-6) , PAGE 2
STATION: TALLAHASSEE
MONTH: FEBRUARY
YEAR: 2021
LATITUDE: 30 22 N
LONGITUDE: 84 22 W
[TEMPERATURE DATA] [PRECIPITATION DATA] SYMBOLS USED IN COLUMN 16
AVERAGE MONTHLY: 56.6 TOTAL FOR MONTH: 3.58 1 = FOG OR MIST
DPTR FM NORMAL: 1.9 DPTR FM NORMAL: -1.27 2 = FOG REDUCING VISIBILITY
HIGHEST: 82 ON 28,27 GRTST 24HR 1.01 ON 12-13 TO 1/4 MILE OR LESS
LOWEST: 27 ON 4 3 = THUNDER
SNOW, ICE PELLETS, HAIL 4 = ICE PELLETS
TOTAL MONTH: 0.0 INCH 5 = HAIL
GRTST 24HR 0.0 6 = FREEZING RAIN OR DRIZZLE
GRTST DEPTH: 0 7 = DUSTSTORM OR SANDSTORM:
VSBY 1/2 MILE OR LESS
8 = SMOKE OR HAZE
[NO. OF DAYS WITH] [WEATHER - DAYS WITH] 9 = BLOWING SNOW
X = TORNADO
MAX 32 OR BELOW: 0 0.01 INCH OR MORE: 10
MAX 90 OR ABOVE: 0 0.10 INCH OR MORE: 7
MIN 32 OR BELOW: 3 0.50 INCH OR MORE: 3
MIN 0 OR BELOW: 0 1.00 INCH OR MORE: 0
[HDD (BASE 65) ]
TOTAL THIS MO. 254 CLEAR (SCALE 0-3) 6
DPTR FM NORMAL -43 PTCLDY (SCALE 4-7) 8
TOTAL FM JUL 1 1150 CLOUDY (SCALE 8-10) 14
DPTR FM NORMAL -193
[CDD (BASE 65) ]
TOTAL THIS MO. 27
DPTR FM NORMAL 18 [PRESSURE DATA]
TOTAL FM JAN 1 39 HIGHEST SLP 30.41 ON 21
DPTR FM NORMAL 30 LOWEST SLP 29.72 ON 15
[REMARKS]
#FINAL-02-21#