000
CXUS52 KMFL 011000
CF6TMB
PRELIMINARY LOCAL CLIMATOLOGICAL DATA (WS FORM: F-6)
STATION: KENDALL-TAMIAMI EXEC ARPT
MONTH: APRIL
YEAR: 2020
LATITUDE: 25 38 N
LONGITUDE: 80 26 W
TEMPERATURE IN F: :PCPN: SNOW: WIND :SUNSHINE: SKY :PK WND
================================================================================
1 2 3 4 5 6A 6B 7 8 9 10 11 12 13 14 15 16 17 18
12Z AVG MX 2MIN
DY MAX MIN AVG DEP HDD CDD WTR SNW DPTH SPD SPD DIR MIN PSBL S-S WX SPD DR
================================================================================
1 90 67 79 8 0 14 0.08 0.0 0 10.0 22 310 M M 3 1 27 300
2 83 60 72 1 0 7 0.00 0.0 0 7.6 15 120 M M 2 20 100
3 84 64 74 3 0 9 0.00 0.0 0 5.1 15 140 M M 2 20 140
4 86 63 75 4 0 10 0.00 0.0 0 4.9 15 150 M M 3 20 160
5 85 66 76 5 0 11 T 0.0 0 4.5 15 130 M M 4 19 150
6 89 71 80 8 0 15 T 0.0 0 7.5 21 80 M M 8 24 80
7 88 75 82 10 0 17 0.00 0.0 0 9.5 18 100 M M 5 23 100
8 94 69 82 10 0 17 0.00 0.0 0 5.8 15 180 M M 2 1 20 180
9 95 69 82 10 0 17 0.00 0.0 0 10.3 23 270 M M 1 28 270
10 95 73 84 12 0 19 0.00 0.0 0 11.0 21 270 M M 1 1 27 290
11 87 72 80 8 0 15 0.75 0.0 0 8.1 18 110 M M 6 13 22 110
12 89 77 83 11 0 18 0.00 0.0 0 13.8 21 120 M M 6 27 130
13 91 80 86 14 0 21 0.00 0.0 0 9.7 17 180 M M 5 24 170
14 92 74 83 11 0 18 0.00 0.0 0 7.3 16 130 M M 2 25 140
15 93 74 84 11 0 19 0.00 0.0 0 7.7 16 210 M M 2 1 22 180
16 97 74 86 13 0 21 0.00 0.0 0 8.6 21 360 M M 2 18 27 300
17 89 77 83 10 0 18 0.00 0.0 0 10.2 17 110 M M 3 M M
18 95 74 85 12 0 20 T 0.0 0 9.0 20 10 M M 1 1 27 10
19 92 71 82 9 0 17 0.00 0.0 0 6.3 17 180 M M 1 1 25 180
20 97 79 88 15 0 23 0.00 0.0 0 12.6 28 250 M M 2 36 260
21 95 65 80 7 0 15 0.00 0.0 0 9.6 21 270 M M 2 25 270
22 93 61 77 3 0 12 0.00 0.0 0 8.2 17 90 M M 0 22 110
23 90 79 85 11 0 20 0.00 0.0 0 12.1 23 130 M M 3 29 160
24 94 80 87 13 0 22 T 0.0 0 12.5 21 360 M M 5 3 26 10
25 93 76 85 11 0 20 0.02 0.0 0 7.8 18 230 M M 6 3 24 130
26 87 70 79 5 0 14 0.23 0.0 0 4.7 23 30 M M 1 138 32 30
27 88 70 79 5 0 14 0.00 0.0 0 8.0 16 60 M M 2 20 20
28 85 63 74 0 0 9 0.00 0.0 0 10.1 20 70 M M 1 29 100
29 89 69 79 5 0 14 0.00 0.0 0 10.0 18 130 M M 4 24 130
30 88 71 80 5 0 15 0.37 0.0 0 7.3 31 260 M M 3 138 43 270
================================================================================
SM 2713 2133 0 481 1.45 0.0 259.8 M 88
================================================================================
AV 90.4 71.1 8.7 FASTST M M 3 MAX(MPH)
MISC ----> # 31 260 # 43 270
================================================================================
NOTES:
# LAST OF SEVERAL OCCURRENCES
COLUMN 17 PEAK WIND IN M.P.H.
PRELIMINARY LOCAL CLIMATOLOGICAL DATA (WS FORM: F-6) , PAGE 2
STATION: KENDALL-TAMIAMI EXEC ARPT
MONTH: APRIL
YEAR: 2020
LATITUDE: 25 38 N
LONGITUDE: 80 26 W
[TEMPERATURE DATA] [PRECIPITATION DATA] SYMBOLS USED IN COLUMN 16
AVERAGE MONTHLY: 80.8 TOTAL FOR MONTH: 1.45 1 = FOG OR MIST
DPTR FM NORMAL: 8.1 DPTR FM NORMAL: -1.43 2 = FOG REDUCING VISIBILITY
HIGHEST: 97 ON 20,16 GRTST 24HR 0.75 ON 11-11 TO 1/4 MILE OR LESS
LOWEST: 60 ON 2 3 = THUNDER
SNOW, ICE PELLETS, HAIL 4 = ICE PELLETS
TOTAL MONTH: 0.0 INCH 5 = HAIL
GRTST 24HR 0.0 6 = FREEZING RAIN OR DRIZZLE
GRTST DEPTH: 0 7 = DUSTSTORM OR SANDSTORM:
VSBY 1/2 MILE OR LESS
8 = SMOKE OR HAZE
[NO. OF DAYS WITH] [WEATHER - DAYS WITH] 9 = BLOWING SNOW
X = TORNADO
MAX 32 OR BELOW: 0 0.01 INCH OR MORE: 5
MAX 90 OR ABOVE: 16 0.10 INCH OR MORE: 3
MIN 32 OR BELOW: 0 0.50 INCH OR MORE: 1
MIN 0 OR BELOW: 0 1.00 INCH OR MORE: 0
[HDD (BASE 65) ]
TOTAL THIS MO. 0 CLEAR (SCALE 0-3) 19
DPTR FM NORMAL -5 PTCLDY (SCALE 4-7) 11
TOTAL FM JUL 1 64 CLOUDY (SCALE 8-10) 0
DPTR FM NORMAL -138
[CDD (BASE 65) ]
TOTAL THIS MO. 481
DPTR FM NORMAL 245 [PRESSURE DATA]
TOTAL FM JAN 1 1142 HIGHEST SLP 30.16 ON 28
DPTR FM NORMAL 516 LOWEST SLP 29.74 ON 1
[REMARKS]
#FINAL-04-20#