000
CXUS51 KCLE 010800
CF6TOL
PRELIMINARY LOCAL CLIMATOLOGICAL DATA (WS FORM: F-6)
STATION: TOLEDO OH
MONTH: AUGUST
YEAR: 2023
LATITUDE: 41 35 N
LONGITUDE: 83 48 W
TEMPERATURE IN F: :PCPN: SNOW: WIND :SUNSHINE: SKY :PK WND
================================================================================
1 2 3 4 5 6A 6B 7 8 9 10 11 12 13 14 15 16 17 18
12Z AVG MX 2MIN
DY MAX MIN AVG DEP HDD CDD WTR SNW DPTH SPD SPD DIR MIN PSBL S-S WX SPD DR
================================================================================
1 81 61 71 -4 0 6 0.00 0.0 0 3.0 13 290 M M 0 16 280
2 84 60 72 -3 0 7 0.00 0.0 0 2.9 12 240 M M 1 1 16 230
3 86 60 73 -2 0 8 0.00 0.0 0 3.6 10 280 M M 0 18 15 270
4 87 66 77 2 0 12 0.00 0.0 0 5.3 13 360 M M 0 18 18 360
5 83 64 74 0 0 9 0.00 0.0 0 6.9 15 90 M M 1 19 90
6 82 69 76 2 0 11 0.46 0.0 0 9.2 23 250 M M 9 18 28 260
7 75 65 70 -4 0 5 T 0.0 0 7.3 18 330 M M 8 24 340
8 84 63 74 0 0 9 0.00 0.0 0 6.9 15 240 M M 1 20 240
9 85 63 74 0 0 9 0.04 0.0 0 7.7 15 220 M M 1 20 210
10 83 66 75 1 0 10 T 0.0 0 9.4 21 270 M M 4 1 32 230
11 84 60 72 -2 0 7 0.07 0.0 0 4.8 14 240 M M 4 138 19 230
12 87 67 77 3 0 12 0.00 0.0 0 9.5 21 300 M M 1 13 25 310
13 86 63 75 1 0 10 0.00 0.0 0 5.3 14 280 M M 3 19 350
14 79 67 73 -1 0 8 0.01 0.0 0 5.3 14 90 M M 6 1 20 100
15 72 63 68 -6 0 3 0.04 0.0 0 8.2 20 360 M M 9 18 27 10
16 83 59 71 -3 0 6 0.00 0.0 0 4.9 12 230 M M 1 16 240
17 80 62 71 -3 0 6 0.42 0.0 0 9.3 20 210 M M 3 13 28 230
18 76 56 66 -8 0 1 0.00 0.0 0 8.0 20 320 M M 0 29 330
19 80 51 66 -7 0 1 0.00 0.0 0 3.5 9 160 M M 0 1 12 200
20 88 60 74 1 0 9 0.00 0.0 0 3.5 12 240 M M 1 1 15 260
21 87 69 78 5 0 13 0.00 0.0 0 6.2 14 90 M M 3 1 30 140
22 79 60 70 -3 0 5 0.00 0.0 0 6.5 14 50 M M 3 17 60
23 93 61 77 4 0 12 0.00 0.0 0 6.7 17 230 M M 4 8 25 240
24 90 69 80 7 0 15 2.45 0.0 0 11.0 36 10 M M 6 138 47 10
25 77 67 72 0 0 7 0.23 0.0 0 4.4 16 100 M M 8 13 21 110
26 82 64 73 1 0 8 0.05 0.0 0 5.0 16 30 M M 6 12 22 30
27 75 55 65 -7 0 0 0.00 0.0 0 5.8 15 80 M M 2 21 20
28 77 54 66 -6 0 1 0.00 0.0 0 3.2 14 350 M M 0 18 10
29 81 54 68 -4 0 3 0.02 0.0 0 4.7 18 310 M M 2 1 25 290
30 73 55 64 -8 1 0 0.00 0.0 0 7.5 16 320 M M 4 22 320
31 75 51 63 -8 2 0 0.00 0.0 0 5.3 14 50 M M 0 20 360
================================================================================
SM 2534 1904 3 213 3.79 0.0 190.8 M 91
================================================================================
AV 81.7 61.4 6.2 FASTST M M 3 MAX(MPH)
MISC ----> 36 10 47 10
================================================================================
NOTES:
# LAST OF SEVERAL OCCURRENCES
COLUMN 17 PEAK WIND IN M.P.H.
PRELIMINARY LOCAL CLIMATOLOGICAL DATA (WS FORM: F-6) , PAGE 2
STATION: TOLEDO OH
MONTH: AUGUST
YEAR: 2023
LATITUDE: 41 35 N
LONGITUDE: 83 48 W
[TEMPERATURE DATA] [PRECIPITATION DATA] SYMBOLS USED IN COLUMN 16
AVERAGE MONTHLY: 71.6 TOTAL FOR MONTH: 3.79 1 = FOG OR MIST
DPTR FM NORMAL: -1.9 DPTR FM NORMAL: 0.64 2 = FOG REDUCING VISIBILITY
HIGHEST: 93 ON 23 GRTST 24HR 2.68 ON 24-25 TO 1/4 MILE OR LESS
LOWEST: 51 ON 31,19 3 = THUNDER
SNOW, ICE PELLETS, HAIL 4 = ICE PELLETS
TOTAL MONTH: 0.0 INCH 5 = HAIL
GRTST 24HR 0.0 6 = FREEZING RAIN OR DRIZZLE
GRTST DEPTH: 0 7 = DUSTSTORM OR SANDSTORM:
VSBY 1/2 MILE OR LESS
8 = SMOKE OR HAZE
[NO. OF DAYS WITH] [WEATHER - DAYS WITH] 9 = BLOWING SNOW
X = TORNADO
MAX 32 OR BELOW: 0 0.01 INCH OR MORE: 10
MAX 90 OR ABOVE: 2 0.10 INCH OR MORE: 4
MIN 32 OR BELOW: 0 0.50 INCH OR MORE: 1
MIN 0 OR BELOW: 0 1.00 INCH OR MORE: 1
[HDD (BASE 65) ]
TOTAL THIS MO. 3 CLEAR (SCALE 0-3) 18
DPTR FM NORMAL -1 PTCLDY (SCALE 4-7) 10
TOTAL FM JUL 1 3 CLOUDY (SCALE 8-10) 3
DPTR FM NORMAL 2
[CDD (BASE 65) ]
TOTAL THIS MO. 213
DPTR FM NORMAL -53 [PRESSURE DATA]
TOTAL FM JAN 1 723 HIGHEST SLP 30.27 ON 22
DPTR FM NORMAL -164 LOWEST SLP 29.68 ON 10
[REMARKS]
#FINAL-08-23#