000
CXUS52 KTBW 052339
CF6TPA
PRELIMINARY LOCAL CLIMATOLOGICAL DATA (WS FORM: F-6)
STATION: TAMPA
MONTH: SEPTEMBER
YEAR: 2022
LATITUDE: 27 58 N
LONGITUDE: 82 32 W
TEMPERATURE IN F: :PCPN: SNOW: WIND :SUNSHINE: SKY :PK WND
================================================================================
1 2 3 4 5 6A 6B 7 8 9 10 11 12 13 14 15 16 17 18
12Z AVG MX 2MIN
DY MAX MIN AVG DEP HDD CDD WTR SNW DPTH SPD SPD DIR MIN PSBL S-S WX SPD DR
================================================================================
1 94 75 85 1 0 20 2.74 0.0 0 4.5 18 20 M M 7 13 27 10
2 91 73 82 -2 0 17 1.41 0.0 0 3.8 18 130 M M 7 138 39 140
3 93 76 85 1 0 20 0.40 0.0 0 4.0 20 350 M M 6 38 33 350
4 93 80 87 3 0 22 0.00 0.0 0 5.0 13 230 M M 6 17 270
5 94 80 87 3 0 22 0.00 0.0 0 4.6 13 330 M M 7 3 18 330
6 94 80 87 3 0 22 0.00 0.0 0 4.9 15 310 M M 6 3 25 250
7 91 78 85 1 0 20 0.10 0.0 0 5.1 18 10 M M 7 13 24 360
8 87 74 81 -2 0 16 1.64 0.0 0 3.1 24 280 M M 8 1238 43 300
9 88 75 82 -1 0 17 0.13 0.0 0 5.7 18 280 M M 7 138 28 250
10 87 76 82 -1 0 17 1.09 0.0 0 4.2 18 240 M M 7 13 26 250
11 90 77 84 1 0 19 0.02 0.0 0 5.3 24 270 M M 7 3 37 290
12 91 77 84 1 0 19 0.03 0.0 0 3.8 20 300 M M 7 13 36 300
13 90 78 84 1 0 19 0.03 0.0 0 3.6 13 230 M M 6 3 18 190
14 87 76 82 -1 0 17 0.06 0.0 0 3.7 17 20 M M 7 13 33 10
15 91 75 83 0 0 18 0.00 0.0 0 3.6 15 130 M M 7 13 24 120
16 88 74 81 -2 0 16 0.87 0.0 0 4.8 15 20 M M 7 13 29 80
17 92 75 84 1 0 19 0.06 0.0 0 5.4 22 330 M M 8 13 41 340
18 88 74 81 -2 0 16 0.00 0.0 0 4.3 12 280 M M 6 22 230
19 90 77 84 1 0 19 0.02 0.0 0 4.3 10 340 M M 5 24 230
20 92 76 84 2 0 19 0.07 0.0 0 4.7 20 350 M M 5 3 34 360
21 93 77 85 3 0 20 T 0.0 0 5.8 13 50 M M 4 20 60
22 94 77 86 4 0 21 0.00 0.0 0 6.9 14 330 M M 2 24 290
23 93 77 85 3 0 20 1.07 0.0 0 5.2 40 330 M M 4 38 69 340
24 92 76 84 2 0 19 0.00 0.0 0 6.0 12 70 M M 4 19 40
25 92 73 83 1 0 18 0.00 0.0 0 4.9 13 350 M M 7 17 350
26 93 76 85 3 0 20 T 0.0 0 4.7 13 140 M M 6 3 19 130
27 84 76 80 -2 0 15 0.08 0.0 0 6.5 13 30 M M 6 22 90
28 76 73 75 -7 0 10 2.47 0.0 0 17.7 37 30 M M 8 1 74 20
29 77 65 71 -10 0 6 0.00 0.0 0 M M M M M 0 M M
30 77 65 71 -10 0 6 0.00 0.0 0 8.4 16 320 M M 1 26 250
================================================================================
SM 2682 2261 0 529 12.29 0.0 154.5 M 175
================================================================================
AV 89.4 75.4 5.3 FASTST M M 6 MAX(MPH)
MISC ----> 40 330 74 20
================================================================================
NOTES:
# LAST OF SEVERAL OCCURRENCES
COLUMN 17 PEAK WIND IN M.P.H.
PRELIMINARY LOCAL CLIMATOLOGICAL DATA (WS FORM: F-6) , PAGE 2
STATION: TAMPA
MONTH: SEPTEMBER
YEAR: 2022
LATITUDE: 27 58 N
LONGITUDE: 82 32 W
[TEMPERATURE DATA] [PRECIPITATION DATA] SYMBOLS USED IN COLUMN 16
AVERAGE MONTHLY: 82.4 TOTAL FOR MONTH: 12.29 1 = FOG OR MIST
DPTR FM NORMAL: -0.3 DPTR FM NORMAL: 6.20 2 = FOG REDUCING VISIBILITY
HIGHEST: 94 ON 22, 6 GRTST 24HR 3.31 ON 1- 2 TO 1/4 MILE OR LESS
LOWEST: 65 ON 30,29 3 = THUNDER
SNOW, ICE PELLETS, HAIL 4 = ICE PELLETS
TOTAL MONTH: 0.0 INCH 5 = HAIL
GRTST 24HR 0.0 6 = FREEZING RAIN OR DRIZZLE
GRTST DEPTH: 0 7 = DUSTSTORM OR SANDSTORM:
VSBY 1/2 MILE OR LESS
8 = SMOKE OR HAZE
[NO. OF DAYS WITH] [WEATHER - DAYS WITH] 9 = BLOWING SNOW
X = TORNADO
MAX 32 OR BELOW: 0 0.01 INCH OR MORE: 18
MAX 90 OR ABOVE: 20 0.10 INCH OR MORE: 10
MIN 32 OR BELOW: 0 0.50 INCH OR MORE: 7
MIN 0 OR BELOW: 0 1.00 INCH OR MORE: 6
[HDD (BASE 65) ]
TOTAL THIS MO. 0 CLEAR (SCALE 0-3) 3
DPTR FM NORMAL 0 PTCLDY (SCALE 4-7) 27
TOTAL FM JUL 1 0 CLOUDY (SCALE 8-10) 0
DPTR FM NORMAL 0
[CDD (BASE 65) ]
TOTAL THIS MO. 529
DPTR FM NORMAL -3 [PRESSURE DATA]
TOTAL FM JAN 1 3848 HIGHEST SLP 30.11 ON 11
DPTR FM NORMAL 588 LOWEST SLP 29.55 ON 28
[REMARKS]
#FINAL-09-22#