000
CXUS53 KOAX 280930
CF6TQE
PRELIMINARY LOCAL CLIMATOLOGICAL DATA (WS FORM: F-6)
STATION: TEKAMAH NE
MONTH: MARCH
YEAR: 2024
LATITUDE: 41 46 N
LONGITUDE: 96 11 W
TEMPERATURE IN F: :PCPN: SNOW: WIND :SUNSHINE: SKY :PK WND
================================================================================
1 2 3 4 5 6A 6B 7 8 9 10 11 12 13 14 15 16 17 18
12Z AVG MX 2MIN
DY MAX MIN AVG DEP HDD CDD WTR SNW DPTH SPD SPD DIR MIN PSBL S-S WX SPD DR
================================================================================
1 59 33 46 14 19 0 0.00 M M 19.6 31 200 M M 1 39 200
2 73 28 51 19 14 0 0.00 M M 15.7 33 160 M M 2 18 39 160
3 69 29 49 16 16 0 0.00 M M 15.1 33 210 M M 0 43 210
4 55 26 41 8 24 0 0.00 M M 15.0 26 20 M M 6 34 360
5 59 18 39 5 26 0 0.00 M M 6.6 16 260 M M 0 8 24 300
6 61 19 40 6 25 0 0.00 M M 7.5 21 180 M M 4 28 170
7 59 29 44 9 21 0 0.01 M M 14.0 28 30 M M 5 35 30
8 48 23 36 1 29 0 0.01 M M 19.8 30 360 M M 7 1 37 10
9 54 16 35 -1 30 0 0.00 M M 8.1 23 330 M M 0 30 330
10 70 14 42 6 23 0 0.00 M M 11.3 25 180 M M 0 33 170
11 79 41 60 23 5 0 0.00 M M 15.0 31 200 M M 0 40 190
12 73 34 54 17 11 0 0.00 M M 5.9 15 210 M M 0 21 210
13 70 31 51 13 14 0 0.00 M M 6.1 20 30 M M 2 8 25 30
14 57 37 47 9 18 0 0.21 M M 15.1 33 20 M M 9 1 43 20
15 59 32 46 7 19 0 0.00 M M 9.6 17 340 M M 1 29 290
16 56 31 44 5 21 0 0.00 M M 16.8 30 320 M M 0 40 320
17 39 17 28 -12 37 0 0.00 M M 18.0 37 330 M M 2 47 320
18 44 14 29 -11 36 0 0.00 M M 12.8 21 320 M M 3 28 320
19 68 31 50 10 15 0 0.00 M M 11.6 23 340 M M 0 30 340
20 46 24 35 -6 30 0 0.00 M M 12.4 26 10 M M 3 33 360
21 56 19 38 -3 27 0 0.00 M M 9.4 16 120 M M 5 30 120
22 46 27 37 -5 28 0 0.18 M M 15.8 30 340 M M 9 13 37 340
23 36 20 28 -14 37 0 T M M 9.3 20 130 M M 7 25 120
24 49 35 42 -1 23 0 0.42 M M 16.1 26 150 M M 10 1 34 160
25 49 32 41 -2 24 0 0.21 M M 16.9 33 340 M M 10 16 42 340
26 32 22 27 -17 38 0 0.02 M M 22.3 37 320 M M 10 1 44 330
27 39 19 29 -15 36 0 0.00 M M 7.5 15 310 M M 4 19 320
================================================================================
SM 1505 701 646 0 1.06 M 353.3 M 100
================================================================================
AV 55.7 26.0 13.1 FASTST M M 4 MAX(MPH)
MISC ----> # 37 330 47 320
================================================================================
NOTES:
# LAST OF SEVERAL OCCURRENCES
COLUMN 17 PEAK WIND IN M.P.H.
PRELIMINARY LOCAL CLIMATOLOGICAL DATA (WS FORM: F-6) , PAGE 2
STATION: TEKAMAH NE
MONTH: MARCH
YEAR: 2024
LATITUDE: 41 46 N
LONGITUDE: 96 11 W
[TEMPERATURE DATA] [PRECIPITATION DATA] SYMBOLS USED IN COLUMN 16
AVERAGE MONTHLY: 40.9 TOTAL FOR MONTH: 1.06 1 = FOG OR MIST
DPTR FM NORMAL: 2.8 DPTR FM NORMAL: -0.17 2 = FOG REDUCING VISIBILITY
HIGHEST: 79 ON 11 GRTST 24HR 0.60 ON 24-25 TO 1/4 MILE OR LESS
LOWEST: 14 ON 18,10 3 = THUNDER
SNOW, ICE PELLETS, HAIL 4 = ICE PELLETS
TOTAL MONTH: M 5 = HAIL
GRTST 24HR M ON M 6 = FREEZING RAIN OR DRIZZLE
GRTST DEPTH: M ON M 7 = DUSTSTORM OR SANDSTORM:
VSBY 1/2 MILE OR LESS
8 = SMOKE OR HAZE
[NO. OF DAYS WITH] [WEATHER - DAYS WITH] 9 = BLOWING SNOW
X = TORNADO
MAX 32 OR BELOW: 1 0.01 INCH OR MORE: 7
MAX 90 OR ABOVE: 0 0.10 INCH OR MORE: 4
MIN 32 OR BELOW: 22 0.50 INCH OR MORE: 0
MIN 0 OR BELOW: 0 1.00 INCH OR MORE: 0
[HDD (BASE 65) ]
TOTAL THIS MO. 646 CLEAR (SCALE 0-3) 15
DPTR FM NORMAL -84 PTCLDY (SCALE 4-7) 7
TOTAL FM JUL 1 4876 CLOUDY (SCALE 8-10) 5
DPTR FM NORMAL -839
[CDD (BASE 65) ]
TOTAL THIS MO. 0
DPTR FM NORMAL 0 [PRESSURE DATA]
TOTAL FM JAN 1 0 HIGHEST SLP M ON M
DPTR FM NORMAL 0 LOWEST SLP 29.31 ON 3
[REMARKS]