000
CXUS54 KMRX 012248
CF6TRI
PRELIMINARY LOCAL CLIMATOLOGICAL DATA (WS FORM: F-6)
STATION: TRI-CITIES AIRPORT
MONTH: AUGUST
YEAR: 2023
LATITUDE: 36 28 N
LONGITUDE: 82 24 W
TEMPERATURE IN F: :PCPN: SNOW: WIND :SUNSHINE: SKY :PK WND
================================================================================
1 2 3 4 5 6A 6B 7 8 9 10 11 12 13 14 15 16 17 18
12Z AVG MX 2MIN
DY MAX MIN AVG DEP HDD CDD WTR SNW DPTH SPD SPD DIR MIN PSBL S-S WX SPD DR
================================================================================
1 85 63 74 -1 0 9 0.00 0.0 0 2.5 8 340 M M 5 12 12 40
2 87 61 74 -1 0 9 0.00 0.0 0 2.4 13 200 M M 6 17 210
3 75 69 72 -3 0 7 2.33 0.0 0 4.0 10 210 M M 10 13 15 200
4 85 67 76 1 0 11 0.00 0.0 0 2.6 15 310 M M 7 1 21 320
5 89 63 76 1 0 11 0.00 0.0 0 2.3 12 280 M M 6 12 19 260
6 83 68 76 1 0 11 0.14 0.0 0 4.0 21 240 M M 7 18 27 240
7 83 68 76 1 0 11 0.61 0.0 0 7.2 28 230 M M 8 13 37 230
8 77 64 71 -4 0 6 0.22 0.0 0 6.6 15 260 M M 8 13 23 290
9 82 63 73 -2 0 8 T 0.0 0 2.5 12 220 M M 8 12 15 220
10 79 66 73 -2 0 8 1.39 0.0 0 5.0 18 230 M M 9 123 25 260
11 86 66 76 1 0 11 0.00 0.0 0 3.0 9 250 M M 6 12 15 270
12 86 66 76 1 0 11 0.04 0.0 0 3.7 29 310 M M 6 13 40 300
13 85 67 76 1 0 11 0.00 0.0 0 2.1 9 270 M M 8 12 13 250
14 83 68 76 1 0 11 0.76 0.0 0 2.8 35 350 M M 8 138 48 350
15 84 65 75 0 0 10 0.30 0.0 0 6.0 18 260 M M 7 13 26 250
16 81 59 70 -5 0 5 0.00 0.0 0 1.4 9 360 M M 6 1 12 10
17 84 60 72 -3 0 7 0.00 0.0 0 4.3 14 270 M M 4 1 19 250
18 83 60 72 -3 0 7 0.00 0.0 0 4.0 14 280 M M 4 1 19 290
19 84 56 70 -4 0 5 0.00 0.0 0 1.9 7 340 M M 2 1 10 150
20 88 58 73 -1 0 8 0.00 0.0 0 1.2 9 220 M M 1 1 14 260
21 90 64 77 3 0 12 0.00 0.0 0 1.0 8 360 M M 5 1 11 350
22 91 68 80 6 0 15 0.00 0.0 0 2.4 12 360 M M 6 128 24 350
23 90 64 77 3 0 12 0.00 0.0 0 1.5 7 260 M M 2 18 10 270
24 91 66 79 5 0 14 0.00 0.0 0 3.5 18 250 M M 5 1 23 260
25 91 69 80 6 0 15 0.02 0.0 0 3.1 16 280 M M 7 123 22 300
26 89 70 80 6 0 15 0.00 0.0 0 4.1 13 280 M M 7 138 22 230
27 91 67 79 5 0 14 0.13 0.0 0 1.5 15 280 M M 7 123 21 270
28 87 69 78 5 0 13 0.01 0.0 0 1.8 9 260 M M 8 13 14 260
29 83 69 76 3 0 11 0.01 0.0 0 2.3 12 250 M M 9 1 13 240
30 80 66 73 0 0 8 0.09 0.0 0 5.2 13 350 M M 10 13 20 10
31 77 59 68 -5 0 3 0.00 0.0 0 3.4 9 360 M M 5 14 350
================================================================================
SM 2629 2008 0 309 6.05 0.0 99.3 M 197
================================================================================
AV 84.8 64.8 3.2 FASTST M M 6 MAX(MPH)
MISC ----> 35 350 48 350
================================================================================
NOTES:
# LAST OF SEVERAL OCCURRENCES
COLUMN 17 PEAK WIND IN M.P.H.
PRELIMINARY LOCAL CLIMATOLOGICAL DATA (WS FORM: F-6) , PAGE 2
STATION: TRI-CITIES AIRPORT
MONTH: AUGUST
YEAR: 2023
LATITUDE: 36 28 N
LONGITUDE: 82 24 W
[TEMPERATURE DATA] [PRECIPITATION DATA] SYMBOLS USED IN COLUMN 16
AVERAGE MONTHLY: 74.8 TOTAL FOR MONTH: 6.05 1 = FOG OR MIST
DPTR FM NORMAL: 0.3 DPTR FM NORMAL: 2.29 2 = FOG REDUCING VISIBILITY
HIGHEST: 91 ON 27,25 GRTST 24HR 2.33 ON 3- 3 TO 1/4 MILE OR LESS
LOWEST: 56 ON 19 3 = THUNDER
SNOW, ICE PELLETS, HAIL 4 = ICE PELLETS
TOTAL MONTH: 0.0 INCH 5 = HAIL
GRTST 24HR 0.0 6 = FREEZING RAIN OR DRIZZLE
GRTST DEPTH: 0 7 = DUSTSTORM OR SANDSTORM:
VSBY 1/2 MILE OR LESS
8 = SMOKE OR HAZE
[NO. OF DAYS WITH] [WEATHER - DAYS WITH] 9 = BLOWING SNOW
X = TORNADO
MAX 32 OR BELOW: 0 0.01 INCH OR MORE: 13
MAX 90 OR ABOVE: 6 0.10 INCH OR MORE: 8
MIN 32 OR BELOW: 0 0.50 INCH OR MORE: 4
MIN 0 OR BELOW: 0 1.00 INCH OR MORE: 2
[HDD (BASE 65) ]
TOTAL THIS MO. 0 CLEAR (SCALE 0-3) 3
DPTR FM NORMAL -1 PTCLDY (SCALE 4-7) 23
TOTAL FM JUL 1 0 CLOUDY (SCALE 8-10) 5
DPTR FM NORMAL 0
[CDD (BASE 65) ]
TOTAL THIS MO. 309
DPTR FM NORMAL 14 [PRESSURE DATA]
TOTAL FM JAN 1 877 HIGHEST SLP 30.18 ON 21
DPTR FM NORMAL -65 LOWEST SLP 29.73 ON 30
[REMARKS]
#FINAL-08-23#