000
CXUS56 KSGX 011104
CF6TRM
PRELIMINARY LOCAL CLIMATOLOGICAL DATA (WS FORM: F-6)
STATION: THERMAL AIRPORT CA
MONTH: JUNE
YEAR: 2023
LATITUDE: 33 37 N
LONGITUDE: 116 10 W
TEMPERATURE IN F: :PCPN: SNOW: WIND :SUNSHINE: SKY :PK WND
================================================================================
1 2 3 4 5 6A 6B 7 8 9 10 11 12 13 14 15 16 17 18
12Z AVG MX 2MIN
DY MAX MIN AVG DEP HDD CDD WTR SNW DPTH SPD SPD DIR MIN PSBL S-S WX SPD DR
================================================================================
1 91 65 78 -5 0 13 0.00 M M 11.3 21 330 M M 0 8 28 320
2 86 67 77 -6 0 12 0.00 M M 9.8 16 320 M M 0 8 22 330
3 100 63 82 -1 0 17 0.00 M M 7.2 15 310 M M 0 8 22 120
4 102 69 86 3 0 21 0.00 M M 8.1 18 310 M M 0 8 26 310
5 96 67 82 -2 0 17 0.00 M M 10.2 25 330 M M 0 8 31 340
6 92 65 79 -5 0 14 0.00 M M 11.4 23 330 M M 0 8 30 330
7 91 65 78 -6 0 13 0.00 M M 11.7 23 330 M M 0 8 29 330
8 94 66 80 -4 0 15 0.00 M M 10.1 20 330 M M 0 8 26 310
9 96 68 82 -3 0 17 0.00 M M 10.6 21 330 M M 0 8 27 310
10 94 68 81 -4 0 16 0.00 M M 10.7 28 330 M M 0 8 37 330
11 90 69 80 -5 0 15 0.00 M M 16.8 29 330 M M 0 8 36 330
12 91 67 79 -6 0 14 0.00 M M 13.8 24 330 M M 0 8 31 320
13 96 69 83 -3 0 18 0.00 M M 11.0 21 320 M M 0 8 28 310
14 100 72 86 0 0 21 0.00 M M 12.0 24 330 M M 0 8 29 330
15 98 71 85 -1 0 20 0.00 M M 12.0 22 330 M M 0 8 29 330
16 103 72 88 2 0 23 0.00 M M 10.3 22 330 M M 0 8 29 320
17 107 79 93 7 0 28 0.00 M M 10.1 20 330 M M 0 26 330
18 105 78 92 5 0 27 0.00 M M 12.1 23 270 M M 0 8 29 250
19 101 67 84 -3 0 19 0.00 M M 10.6 26 340 M M 0 8 35 330
20 100 67 84 -3 0 19 0.00 M M 10.3 23 330 M M 0 8 31 330
21 101 70 86 -1 0 21 0.00 M M 12.1 28 340 M M 0 8 34 340
22 99 71 85 -3 0 20 0.00 M M 12.3 26 340 M M 0 8 33 330
23 96 63 80 -8 0 15 0.00 M M 10.1 20 320 M M 0 8 26 310
24 100 70 85 -3 0 20 0.00 M M 9.9 21 330 M M 0 8 27 340
25 104 70 87 -1 0 22 0.00 M M 9.6 23 330 M M 0 29 340
26 104 74 89 1 0 24 0.00 M M 10.5 23 340 M M 0 8 29 340
27 103 74 89 0 0 24 0.00 M M 10.0 24 330 M M 0 8 30 340
28 102 72 87 -2 0 22 0.00 M M 10.4 26 330 M M 0 8 35 320
29 106 74 90 1 0 25 0.00 M M 9.5 22 330 M M 0 8 30 330
30 111 73 92 3 0 27 0.00 M M 6.9 16 320 M M 0 8 21 120
================================================================================
SM 2959 2085 0 579 0.00 M 321.4 M 0
================================================================================
AV 98.6 69.5 10.7 FASTST M M 0 MAX(MPH)
MISC ----> 29 330 37 330
================================================================================
NOTES:
# LAST OF SEVERAL OCCURRENCES
COLUMN 17 PEAK WIND IN M.P.H.
PRELIMINARY LOCAL CLIMATOLOGICAL DATA (WS FORM: F-6) , PAGE 2
STATION: THERMAL AIRPORT CA
MONTH: JUNE
YEAR: 2023
LATITUDE: 33 37 N
LONGITUDE: 116 10 W
[TEMPERATURE DATA] [PRECIPITATION DATA] SYMBOLS USED IN COLUMN 16
AVERAGE MONTHLY: 84.1 TOTAL FOR MONTH: 0.00 1 = FOG OR MIST
DPTR FM NORMAL: -2.0 DPTR FM NORMAL: -0.01 2 = FOG REDUCING VISIBILITY
HIGHEST: 111 ON 30 GRTST 24HR 0.00 ON 1- 1 TO 1/4 MILE OR LESS
LOWEST: 63 ON 23, 3 3 = THUNDER
SNOW, ICE PELLETS, HAIL 4 = ICE PELLETS
TOTAL MONTH: M 5 = HAIL
GRTST 24HR M ON M 6 = FREEZING RAIN OR DRIZZLE
GRTST DEPTH: M ON M 7 = DUSTSTORM OR SANDSTORM:
VSBY 1/2 MILE OR LESS
8 = SMOKE OR HAZE
[NO. OF DAYS WITH] [WEATHER - DAYS WITH] 9 = BLOWING SNOW
X = TORNADO
MAX 32 OR BELOW: 0 0.01 INCH OR MORE: 0
MAX 90 OR ABOVE: 29 0.10 INCH OR MORE: 0
MIN 32 OR BELOW: 0 0.50 INCH OR MORE: 0
MIN 0 OR BELOW: 0 1.00 INCH OR MORE: 0
[HDD (BASE 65) ]
TOTAL THIS MO. 0 CLEAR (SCALE 0-3) 30
DPTR FM NORMAL 0 PTCLDY (SCALE 4-7) 0
TOTAL FM JUL 1 1519 CLOUDY (SCALE 8-10) 0
DPTR FM NORMAL 412
[CDD (BASE 65) ]
TOTAL THIS MO. 579
DPTR FM NORMAL -53 [PRESSURE DATA]
TOTAL FM JAN 1 1255 HIGHEST SLP 29.94 ON 23
DPTR FM NORMAL -95 LOWEST SLP 29.60 ON 5
[REMARKS]
#FINAL-06-23#