000
CXUS56 KPQR 011155
CF6TTD
PRELIMINARY LOCAL CLIMATOLOGICAL DATA (WS FORM: F-6)
STATION: TROUTDALE OR
MONTH: NOVEMBER
YEAR: 2021
LATITUDE: 45 33 N
LONGITUDE: 122 25 W
TEMPERATURE IN F: :PCPN: SNOW: WIND :SUNSHINE: SKY :PK WND
================================================================================
1 2 3 4 5 6A 6B 7 8 9 10 11 12 13 14 15 16 17 18
12Z AVG MX 2MIN
DY MAX MIN AVG DEP HDD CDD WTR SNW DPTH SPD SPD DIR MIN PSBL S-S WX SPD DR
================================================================================
1 52 46 49 -2 16 0 0.14 M M 18.4 26 80 M M 10 35 90
2 53 47 50 0 15 0 0.01 M M 17.7 26 90 M M 7 33 80
3 57 51 54 4 11 0 0.19 M M 19.5 29 90 M M 6 1 38 80
4 63 50 57 7 8 0 0.27 M M 10.5 29 210 M M 9 36 210
5 58 43 51 1 14 0 0.30 M M 6.6 17 240 M M 6 1 24 240
6 53 43 48 -1 17 0 0.37 M M 6.9 26 210 M M 8 13 36 200
7 52 41 47 -2 18 0 0.09 M M 3.1 18 200 M M 10 24 210
8 55 38 47 -2 18 0 0.11 M M 11.6 21 90 M M 4 1 28 90
9 55 45 50 1 15 0 0.29 M M 7.8 25 240 M M 9 1 35 250
10 56 43 50 2 15 0 0.08 M M 8.1 21 90 M M 9 26 90
11 55 49 52 4 13 0 1.75 M M 10.4 20 80 M M 10 1 26 80
12 62 52 57 9 8 0 1.70 M M 5.0 14 220 M M 10 1 20 220
13 64 48 56 8 9 0 0.00 M M 4.1 14 220 M M 8 1 18 220
14 68 60 64 17 1 0 0.00 M M 11.7 22 220 M M 10 29 230
15 64 43 54 7 11 0 0.22 M M 8.7 28 200 M M 6 8 36 200
16 53 35 44 -3 21 0 T M M 1.2 7 210 M M 6 1 9 210
17 51 35 43 -4 22 0 0.00 M M 18.0 28 100 M M 0 1 36 90
18 49 43 46 0 19 0 0.24 M M 19.9 30 90 M M 9 1 37 90
19 55 44 50 4 15 0 0.15 M M 5.9 21 220 M M 10 1 29 220
20 54 33 44 -2 21 0 0.00 M M 1.2 6 90 M M 6 1 8 300
21 47 33 40 -6 25 0 0.00 M M 7.0 26 110 M M 4 12 35 120
22 49 32 41 -5 24 0 0.26 M M 7.6 26 90 M M 5 1 36 100
23 53 40 47 2 18 0 0.22 M M 4.7 15 230 M M 9 1 19 230
24 49 37 43 -2 22 0 0.00 M M 4.3 14 110 M M 6 1 19 90
25 57 42 50 5 15 0 0.09 M M 5.3 13 110 M M 6 17 100
26 53 47 50 6 15 0 0.18 M M 2.2 10 100 M M 10 1 12 100
27 65 51 58 14 7 0 0.18 M M 7.0 18 80 M M 10 1 23 80
28 64 55 60 16 5 0 0.09 M M 4.9 17 210 M M 6 1 22 210
29 58 48 53 9 12 0 0.50 M M 2.7 8 170 M M 10 128 10 160
30 58 50 54 10 11 0 0.01 M M 2.5 13 230 M M 9 17 230
================================================================================
SM 1682 1324 441 0 7.44 M 244.5 M 228
================================================================================
AV 56.1 44.1 8.1 FASTST M M 8 MAX(MPH)
MISC ----> 30 90 38 80
================================================================================
NOTES:
# LAST OF SEVERAL OCCURRENCES
COLUMN 17 PEAK WIND IN M.P.H.
PRELIMINARY LOCAL CLIMATOLOGICAL DATA (WS FORM: F-6) , PAGE 2
STATION: TROUTDALE OR
MONTH: NOVEMBER
YEAR: 2021
LATITUDE: 45 33 N
LONGITUDE: 122 25 W
[TEMPERATURE DATA] [PRECIPITATION DATA] SYMBOLS USED IN COLUMN 16
AVERAGE MONTHLY: 50.1 TOTAL FOR MONTH: 7.44 1 = FOG OR MIST
DPTR FM NORMAL: 3.0 DPTR FM NORMAL: 1.61 2 = FOG REDUCING VISIBILITY
HIGHEST: 68 ON 14 GRTST 24HR 2.41 ON 11-12 TO 1/4 MILE OR LESS
LOWEST: 32 ON 22 3 = THUNDER
SNOW, ICE PELLETS, HAIL 4 = ICE PELLETS
TOTAL MONTH: M 5 = HAIL
GRTST 24HR M ON M 6 = FREEZING RAIN OR DRIZZLE
GRTST DEPTH: M ON M 7 = DUSTSTORM OR SANDSTORM:
VSBY 1/2 MILE OR LESS
8 = SMOKE OR HAZE
[NO. OF DAYS WITH] [WEATHER - DAYS WITH] 9 = BLOWING SNOW
X = TORNADO
MAX 32 OR BELOW: 0 0.01 INCH OR MORE: 23
MAX 90 OR ABOVE: 0 0.10 INCH OR MORE: 17
MIN 32 OR BELOW: 1 0.50 INCH OR MORE: 3
MIN 0 OR BELOW: 0 1.00 INCH OR MORE: 2
[HDD (BASE 65) ]
TOTAL THIS MO. 441 CLEAR (SCALE 0-3) 1
DPTR FM NORMAL -96 PTCLDY (SCALE 4-7) 13
TOTAL FM JUL 1 823 CLOUDY (SCALE 8-10) 16
DPTR FM NORMAL -120
[CDD (BASE 65) ]
TOTAL THIS MO. 0
DPTR FM NORMAL 0 [PRESSURE DATA]
TOTAL FM JAN 1 755 HIGHEST SLP 30.52 ON 20
DPTR FM NORMAL 328 LOWEST SLP 29.50 ON 9
[REMARKS]
#FINAL-11-21#