000
CXUS51 KPHI 010915
CF6TTN
PRELIMINARY LOCAL CLIMATOLOGICAL DATA (WS FORM: F-6)
STATION: TRENTON NJ
MONTH: FEBRUARY
YEAR: 2024
LATITUDE: 40 16 N
LONGITUDE: 74 49 W
TEMPERATURE IN F: :PCPN: SNOW: WIND :SUNSHINE: SKY :PK WND
================================================================================
1 2 3 4 5 6A 6B 7 8 9 10 11 12 13 14 15 16 17 18
12Z AVG MX 2MIN
DY MAX MIN AVG DEP HDD CDD WTR SNW DPTH SPD SPD DIR MIN PSBL S-S WX SPD DR
================================================================================
1 46 28 37 5 28 0 0.03 0.0 0 3.3 12 300 M M 7 12 17 260
2 44 37 41 9 24 0 0.23 0.0 0 5.1 15 350 M M 10 1 21 20
3 46 32 39 7 26 0 0.00 0.0 0 7.0 15 350 M M 5 23 10
4 48 27 38 6 27 0 0.00 0.0 0 3.8 10 290 M M 0 13 360
5 46 25 36 3 29 0 0.00 0.0 0 5.8 13 30 M M 0 19 50
6 43 24 34 1 31 0 0.00 0.0 0 6.5 15 40 M M 0 20 30
7 48 26 37 4 28 0 0.00 0.0 0 2.3 9 360 M M 0 15 360
8 53 26 40 7 25 0 0.00 0.0 0 2.6 8 220 M M 0 17 210
9 57 37 47 14 18 0 0.00 0.0 0 5.0 14 190 M M 2 18 200
10 55 35 45 12 20 0 0.00 0.0 0 2.8 12 340 M M 2 14 210
11 48 41 45 11 20 0 0.00 0.0 0 4.9 13 10 M M 5 19 360
12 47 34 41 7 24 0 0.01 0.0 0 2.9 9 70 M M 6 13 70
13 40 32 36 2 29 0 0.73 4.2 1 9.7 21 30 M M 7 124 33 30
14 36 24 30 -4 35 0 T T 2 9.2 21 300 M M 2 30 300
15 39 22 31 -3 34 0 0.00 0.0 1 5.5 13 200 M M 2 18 280
16 41 31 36 2 29 0 T T T 10.6 25 310 M M 2 1 38 310
17 36 25 31 -4 34 0 0.24 3.9 4 6.8 20 300 M M 6 1 32 300
18 42 19 31 -4 34 0 0.00 0.0 2 9.2 23 240 M M 0 33 230
19 41 28 35 0 30 0 0.00 0.0 T 6.5 16 350 M M 0 23 330
20 41 23 32 -3 33 0 0.00 0.0 T 4.5 10 130 M M 0 16 80
21 44 21 33 -3 32 0 0.00 0.0 T 3.3 13 110 M M 3 19 100
22 47 23 35 -1 30 0 0.11 0.0 T 5.1 13 140 M M 4 18 170
23 47 38 43 7 22 0 T 0.0 0 5.4 12 340 M M 7 1 16 350
24 41 25 33 -3 32 0 0.01 T 0 10.0 17 310 M M 4 26 350
25 41 18 30 -6 35 0 0.00 0.0 0 5.1 13 340 M M 0 17 290
26 55 27 41 4 24 0 0.00 0.0 0 2.2 9 120 M M 2 14 250
27 65 35 50 13 15 0 0.11 0.0 0 7.8 26 200 M M 4 1 35 190
28 61 40 51 14 14 0 0.24 0.0 0 12.3 31 310 M M 10 1 50 310
29 40 29 35 -2 30 0 0.00 0.0 0 11.0 25 320 M M 1 38 310
================================================================================
SM 1338 832 792 0 1.71 8.1 176.2 M 91
================================================================================
AV 46.1 28.7 6.1 FASTST M M 3 MAX(MPH)
MISC ----> 31 310 50 310
================================================================================
NOTES:
# LAST OF SEVERAL OCCURRENCES
COLUMN 17 PEAK WIND IN M.P.H.
PRELIMINARY LOCAL CLIMATOLOGICAL DATA (WS FORM: F-6) , PAGE 2
STATION: TRENTON NJ
MONTH: FEBRUARY
YEAR: 2024
LATITUDE: 40 16 N
LONGITUDE: 74 49 W
[TEMPERATURE DATA] [PRECIPITATION DATA] SYMBOLS USED IN COLUMN 16
AVERAGE MONTHLY: 37.4 TOTAL FOR MONTH: 1.71 1 = FOG OR MIST
DPTR FM NORMAL: 3.1 DPTR FM NORMAL: -0.94 2 = FOG REDUCING VISIBILITY
HIGHEST: 65 ON 27 GRTST 24HR 0.73 ON 13-13 TO 1/4 MILE OR LESS
LOWEST: 18 ON 25 3 = THUNDER
SNOW, ICE PELLETS, HAIL 4 = ICE PELLETS
TOTAL MONTH: 8.1 INCHES 5 = HAIL
GRTST 24HR 4.2 ON 13-13 6 = FREEZING RAIN OR DRIZZLE
GRTST DEPTH: 4 ON 17 7 = DUSTSTORM OR SANDSTORM:
VSBY 1/2 MILE OR LESS
8 = SMOKE OR HAZE
[NO. OF DAYS WITH] [WEATHER - DAYS WITH] 9 = BLOWING SNOW
X = TORNADO
MAX 32 OR BELOW: 0 0.01 INCH OR MORE: 9
MAX 90 OR ABOVE: 0 0.10 INCH OR MORE: 6
MIN 32 OR BELOW: 21 0.50 INCH OR MORE: 1
MIN 0 OR BELOW: 0 1.00 INCH OR MORE: 0
[HDD (BASE 65) ]
TOTAL THIS MO. 792 CLEAR (SCALE 0-3) 17
DPTR FM NORMAL -66 PTCLDY (SCALE 4-7) 10
TOTAL FM JUL 1 3449 CLOUDY (SCALE 8-10) 2
DPTR FM NORMAL -306
[CDD (BASE 65) ]
TOTAL THIS MO. 0
DPTR FM NORMAL 0 [PRESSURE DATA]
TOTAL FM JAN 1 0 HIGHEST SLP 30.50 ON 20
DPTR FM NORMAL 0 LOWEST SLP 29.41 ON 13
[REMARKS]
#FINAL-02-24#