000
CXUS51 KPHI 071359
CF6TTN
PRELIMINARY LOCAL CLIMATOLOGICAL DATA (WS FORM: F-6)
STATION: TRENTON NJ
MONTH: OCTOBER
YEAR: 2021
LATITUDE: 40 16 N
LONGITUDE: 74 49 W
TEMPERATURE IN F: :PCPN: SNOW: WIND :SUNSHINE: SKY :PK WND
================================================================================
1 2 3 4 5 6A 6B 7 8 9 10 11 12 13 14 15 16 17 18
12Z AVG MX 2MIN
DY MAX MIN AVG DEP HDD CDD WTR SNW DPTH SPD SPD DIR MIN PSBL S-S WX SPD DR
================================================================================
1 68 45 57 -5 8 0 0.00 0.0 0 3.6 13 270 M M 1 24 260
2 75 46 61 0 4 0 0.00 0.0 0 3.7 14 260 M M 0 1 20 250
3 79 53 66 5 0 1 0.00 0.0 0 3.6 9 170 M M 3 12 17 290
4 77 63 70 10 0 5 0.01 0.0 0 4.3 13 30 M M 8 1 15 30
5 66 59 63 3 2 0 0.12 0.0 0 6.4 12 40 M M 10 13 14 40
6 69 62 66 6 0 1 0.00 0.0 0 1.8 7 60 M M 10 1 9 60
7 76 60 68 9 0 3 0.00 0.0 0 2.0 10 210 M M 7 1 14 290
8 78 56 67 8 0 2 0.00 0.0 0 3.2 10 120 M M 4 18 12 120
9 67 59 63 5 2 0 T 0.0 0 11.3 17 70 M M 8 1 24 60
10 65 61 63 5 2 0 0.19 0.0 0 10.2 17 60 M M 9 1 22 70
11 71 59 65 7 0 0 0.00 0.0 0 8.4 16 30 M M 6 1 20 30
12 67 58 63 6 2 0 0.00 0.0 0 4.4 10 70 M M 9 14 60
13 71 60 66 9 0 1 0.00 0.0 0 2.5 7 270 M M 8 1 10 290
14 78 59 69 13 0 4 0.00 0.0 0 3.7 17 340 M M 2 1 22 330
15 80 57 69 13 0 4 0.00 0.0 0 3.7 12 170 M M 0 14 240
16 80 54 67 11 0 2 0.53 0.0 0 10.3 24 280 M M 4 1 38 290
17 61 49 55 0 10 0 T 0.0 0 8.1 20 310 M M 2 32 310
18 61 43 52 -3 13 0 0.00 0.0 0 8.4 20 340 M M 4 28 290
19 68 43 56 2 9 0 0.00 0.0 0 7.5 17 280 M M 0 24 290
20 76 52 64 10 1 0 0.00 0.0 0 6.3 13 260 M M 0 21 280
21 75 49 62 8 3 0 0.00 0.0 0 4.7 15 210 M M 1 20 210
22 68 47 58 5 7 0 0.00 0.0 0 5.0 14 300 M M 2 19 290
23 60 47 54 1 11 0 0.02 0.0 0 3.6 8 340 M M 7 1 14 280
24 59 40 50 -3 15 0 T 0.0 0 3.4 10 180 M M 5 1 14 180
25 75 54 65 13 0 0 0.43 0.0 0 5.3 22 200 M M 5 13 29 210
26 65 48 57 5 8 0 1.72 0.0 0 10.2 21 260 M M 10 1 29 270
27 63 51 57 5 8 0 0.02 0.0 0 9.2 18 350 M M 9 28 340
28 62 45 54 3 11 0 0.00 0.0 0 5.3 12 120 M M 4 15 110
29 59 50 55 4 10 0 0.31 0.0 0 16.1 30 70 M M 10 18 40 70
30 66 57 62 12 3 0 0.09 0.0 0 8.1 22 80 M M 8 1 26 90
31 64 51 58 8 7 0 0.18 0.0 0 7.4 18 300 M M 5 1 27 290
================================================================================
SM 2149 1637 136 23 3.62 0.0 191.7 M 161
================================================================================
AV 69.3 52.8 6.2 FASTST M M 5 MAX(MPH)
MISC ----> 30 70 40 70
================================================================================
NOTES:
# LAST OF SEVERAL OCCURRENCES
COLUMN 17 PEAK WIND IN M.P.H.
PRELIMINARY LOCAL CLIMATOLOGICAL DATA (WS FORM: F-6) , PAGE 2
STATION: TRENTON NJ
MONTH: OCTOBER
YEAR: 2021
LATITUDE: 40 16 N
LONGITUDE: 74 49 W
[TEMPERATURE DATA] [PRECIPITATION DATA] SYMBOLS USED IN COLUMN 16
AVERAGE MONTHLY: 61.1 TOTAL FOR MONTH: 3.62 1 = FOG OR MIST
DPTR FM NORMAL: 5.4 DPTR FM NORMAL: -0.17 2 = FOG REDUCING VISIBILITY
HIGHEST: 80 ON 16,15 GRTST 24HR 1.72 ON 26-26 TO 1/4 MILE OR LESS
LOWEST: 40 ON 24 3 = THUNDER
SNOW, ICE PELLETS, HAIL 4 = ICE PELLETS
TOTAL MONTH: 0.0 INCH 5 = HAIL
GRTST 24HR 0.0 6 = FREEZING RAIN OR DRIZZLE
GRTST DEPTH: 0 7 = DUSTSTORM OR SANDSTORM:
VSBY 1/2 MILE OR LESS
8 = SMOKE OR HAZE
[NO. OF DAYS WITH] [WEATHER - DAYS WITH] 9 = BLOWING SNOW
X = TORNADO
MAX 32 OR BELOW: 0 0.01 INCH OR MORE: 11
MAX 90 OR ABOVE: 0 0.10 INCH OR MORE: 7
MIN 32 OR BELOW: 0 0.50 INCH OR MORE: 2
MIN 0 OR BELOW: 0 1.00 INCH OR MORE: 1
[HDD (BASE 65) ]
TOTAL THIS MO. 136 CLEAR (SCALE 0-3) 9
DPTR FM NORMAL -168 PTCLDY (SCALE 4-7) 14
TOTAL FM JUL 1 154 CLOUDY (SCALE 8-10) 8
DPTR FM NORMAL -202
[CDD (BASE 65) ]
TOTAL THIS MO. 23
DPTR FM NORMAL 7 [PRESSURE DATA]
TOTAL FM JAN 1 1146 HIGHEST SLP M ON M
DPTR FM NORMAL 96 LOWEST SLP 29.32 ON 26
[REMARKS]
#FINAL-10-21#