000
CXUS51 KPHI 071337
CF6TTN
PRELIMINARY LOCAL CLIMATOLOGICAL DATA (WS FORM: F-6)
STATION: TRENTON NJ
MONTH: AUGUST
YEAR: 2021
LATITUDE: 40 16 N
LONGITUDE: 74 49 W
TEMPERATURE IN F: :PCPN: SNOW: WIND :SUNSHINE: SKY :PK WND
================================================================================
1 2 3 4 5 6A 6B 7 8 9 10 11 12 13 14 15 16 17 18
12Z AVG MX 2MIN
DY MAX MIN AVG DEP HDD CDD WTR SNW DPTH SPD SPD DIR MIN PSBL S-S WX SPD DR
================================================================================
1 73 59 66 -10 0 1 0.02 0.0 0 2.8 12 340 M M 7 1 15 330
2 80 58 69 -7 0 4 0.00 0.0 0 7.2 18 340 M M 1 24 340
3 79 59 69 -7 0 4 0.00 0.0 0 2.4 7 80 M M 0 M M
4 76 61 69 -7 0 4 0.00 0.0 0 3.7 13 60 M M 3 22 70
5 83 61 72 -4 0 7 0.00 0.0 0 5.0 13 340 M M 1 19 290
6 89 62 76 0 0 11 0.00 0.0 0 4.3 12 200 M M 1 16 280
7 87 65 76 0 0 11 T 0.0 0 4.6 15 170 M M 1 20 280
8 80 65 73 -3 0 8 0.32 0.0 0 7.9 15 60 M M 6 1 20 60
9 87 68 78 3 0 13 0.00 0.0 0 6.1 16 110 M M 4 3 20 120
10 89 70 80 5 0 15 0.46 0.0 0 6.1 24 300 M M 7 13 34 290
11 92 69 81 6 0 16 0.09 0.0 0 6.0 25 270 M M 3 13 38 270
12 95 71 83 8 0 18 T 0.0 0 6.4 16 220 M M 0 1 25 280
13 94 73 84 9 0 19 T 0.0 0 4.7 10 270 M M 0 14 270
14 88 69 79 4 0 14 0.00 0.0 0 6.8 16 340 M M 1 20 350
15 83 68 76 1 0 11 T 0.0 0 5.3 10 40 M M 3 17 90
16 80 69 75 0 0 10 0.00 0.0 0 6.2 13 150 M M 10 17 140
17 84 71 78 4 0 13 T 0.0 0 7.7 14 180 M M 8 17 170
18 89 73 81 7 0 16 0.01 0.0 0 10.8 21 150 M M 8 1 28 140
19 87 74 81 7 0 16 0.97 0.0 0 7.5 20 190 M M 7 13 26 200
20 83 73 78 4 0 13 0.02 0.0 0 3.2 9 340 M M 4 14 360
21 82 69 76 2 0 11 0.29 0.0 0 5.4 13 70 M M 5 1 16 60
22 77 69 73 -1 0 8 1.68 0.0 0 6.9 21 10 M M 7 13 29 30
23 87 71 79 5 0 14 1.17 0.0 0 8.2 23 320 M M 6 128 30 330
24 90 71 81 8 0 16 0.00 0.0 0 3.8 13 310 M M 0 22 290
25 91 69 80 7 0 15 0.00 0.0 0 2.7 8 160 M M 0 14 260
26 92 69 81 8 0 16 0.00 0.0 0 4.0 12 200 M M 1 138 16 190
27 91 73 82 9 0 17 0.02 0.0 0 2.8 17 150 M M 1 13 24 140
28 75 67 71 -2 0 6 0.01 0.0 0 9.8 22 60 M M 8 1 27 70
29 79 67 73 1 0 8 0.00 0.0 0 4.9 10 110 M M 9 15 100
30 88 72 80 8 0 15 0.00 0.0 0 4.6 12 280 M M 6 1 18 280
31 84 71 78 6 0 13 0.00 0.0 0 4.1 8 320 M M 3 19 290
================================================================================
SM 2634 2106 0 363 5.06 0.0 171.9 M 121
================================================================================
AV 85.0 67.9 5.5 FASTST M M 4 MAX(MPH)
MISC ----> 25 270 38 270
================================================================================
NOTES:
# LAST OF SEVERAL OCCURRENCES
COLUMN 17 PEAK WIND IN M.P.H.
PRELIMINARY LOCAL CLIMATOLOGICAL DATA (WS FORM: F-6) , PAGE 2
STATION: TRENTON NJ
MONTH: AUGUST
YEAR: 2021
LATITUDE: 40 16 N
LONGITUDE: 74 49 W
[TEMPERATURE DATA] [PRECIPITATION DATA] SYMBOLS USED IN COLUMN 16
AVERAGE MONTHLY: 76.5 TOTAL FOR MONTH: 5.06 1 = FOG OR MIST
DPTR FM NORMAL: 2.1 DPTR FM NORMAL: 0.84 2 = FOG REDUCING VISIBILITY
HIGHEST: 95 ON 12 GRTST 24HR 1.68 ON 22-22 TO 1/4 MILE OR LESS
LOWEST: 58 ON 2 3 = THUNDER
SNOW, ICE PELLETS, HAIL 4 = ICE PELLETS
TOTAL MONTH: 0.0 INCH 5 = HAIL
GRTST 24HR 0.0 6 = FREEZING RAIN OR DRIZZLE
GRTST DEPTH: 0 7 = DUSTSTORM OR SANDSTORM:
VSBY 1/2 MILE OR LESS
8 = SMOKE OR HAZE
[NO. OF DAYS WITH] [WEATHER - DAYS WITH] 9 = BLOWING SNOW
X = TORNADO
MAX 32 OR BELOW: 0 0.01 INCH OR MORE: 12
MAX 90 OR ABOVE: 7 0.10 INCH OR MORE: 6
MIN 32 OR BELOW: 0 0.50 INCH OR MORE: 3
MIN 0 OR BELOW: 0 1.00 INCH OR MORE: 2
[HDD (BASE 65) ]
TOTAL THIS MO. 0 CLEAR (SCALE 0-3) 16
DPTR FM NORMAL -2 PTCLDY (SCALE 4-7) 13
TOTAL FM JUL 1 0 CLOUDY (SCALE 8-10) 2
DPTR FM NORMAL 0
[CDD (BASE 65) ]
TOTAL THIS MO. 363
DPTR FM NORMAL 69 [PRESSURE DATA]
TOTAL FM JAN 1 1000 HIGHEST SLP M ON M
DPTR FM NORMAL 89 LOWEST SLP 29.73 ON 23
[REMARKS]
#FINAL-08-21#