000
CXUS54 KTSA 011109
CF6TUL
PRELIMINARY LOCAL CLIMATOLOGICAL DATA (WS FORM: F-6)
STATION: TULSA OKLAHOMA
MONTH: SEPTEMBER
YEAR: 2021
LATITUDE: 36 12 N
LONGITUDE: 95 54 W
TEMPERATURE IN F: :PCPN: SNOW: WIND :SUNSHINE: SKY :PK WND
================================================================================
1 2 3 4 5 6A 6B 7 8 9 10 11 12 13 14 15 16 17 18
12Z AVG MX 2MIN
DY MAX MIN AVG DEP HDD CDD WTR SNW DPTH SPD SPD DIR MIN PSBL S-S WX SPD DR
================================================================================
1 101 75 88 9 0 23 0.00 0.0 0 4.8 14 130 M M 1 19 40
2 97 77 87 9 0 22 0.00 0.0 0 11.0 18 140 M M 5 27 140
3 98 77 88 10 0 23 0.00 0.0 0 11.8 18 180 M M 6 25 170
4 99 77 88 10 0 23 0.04 0.0 0 9.6 25 350 M M 8 3 33 360
5 91 69 80 2 0 15 0.00 0.0 0 6.9 14 90 M M 4 19 60
6 94 62 78 1 0 13 0.00 0.0 0 5.3 15 170 M M 0 22 140
7 95 70 83 6 0 18 0.00 0.0 0 9.8 18 170 M M 2 26 220
8 91 64 78 1 0 13 0.00 0.0 0 8.8 18 10 M M 3 27 10
9 92 60 76 0 0 11 0.00 0.0 0 5.6 16 170 M M 1 24 190
10 94 70 82 6 0 17 0.00 0.0 0 12.7 23 170 M M 1 32 200
11 95 73 84 8 0 19 0.00 0.0 0 14.5 26 190 M M 0 38 190
12 90 70 80 5 0 15 0.00 0.0 0 12.0 20 150 M M 0 28 150
13 93 66 80 5 0 15 0.00 0.0 0 11.6 22 170 M M 1 29 170
14 93 72 83 9 0 18 0.00 0.0 0 9.3 20 170 M M 1 26 210
15 93 71 82 8 0 17 0.00 0.0 0 6.0 18 330 M M 5 3 23 330
16 92 68 80 6 0 15 0.00 0.0 0 7.0 14 150 M M 1 20 140
17 94 69 82 9 0 17 0.00 0.0 0 6.1 13 80 M M 2 19 150
18 94 67 81 8 0 16 0.00 0.0 0 5.0 13 40 M M 2 20 100
19 93 69 81 8 0 16 0.00 0.0 0 7.2 15 150 M M 2 20 160
20 99 73 86 14 0 21 0.00 0.0 0 13.8 26 360 M M 4 3 36 360
21 80 60 70 -2 0 5 0.06 0.0 0 12.6 29 10 M M 5 3 38 10
22 81 53 67 -5 0 2 0.00 0.0 0 5.7 17 320 M M 0 25 10
23 83 48 66 -5 0 1 0.00 0.0 0 5.1 13 170 M M 1 17 170
24 85 59 72 1 0 7 0.00 0.0 0 9.3 18 180 M M 5 25 200
25 86 54 70 0 0 5 0.00 0.0 0 6.2 13 60 M M 1 18 120
26 94 65 80 10 0 15 0.00 0.0 0 12.5 23 180 M M 2 33 200
27 93 66 80 10 0 15 0.00 0.0 0 12.1 22 190 M M 4 30 200
28 93 65 79 10 0 14 0.00 0.0 0 9.3 20 130 M M 5 25 170
29 86 71 79 10 0 14 0.05 0.0 0 9.9 20 140 M M 6 13 24 130
30 85 66 76 8 0 11 1.17 0.0 0 6.8 28 320 M M 7 123 37 340
================================================================================
SM 2754 2006 0 436 1.32 0.0 268.3 M 85
================================================================================
AV 91.8 66.9 8.9 FASTST M M 3 MAX(MPH)
MISC ----> 29 10 # 38 190
================================================================================
NOTES:
# LAST OF SEVERAL OCCURRENCES
COLUMN 17 PEAK WIND IN M.P.H.
PRELIMINARY LOCAL CLIMATOLOGICAL DATA (WS FORM: F-6) , PAGE 2
STATION: TULSA OKLAHOMA
MONTH: SEPTEMBER
YEAR: 2021
LATITUDE: 36 12 N
LONGITUDE: 95 54 W
[TEMPERATURE DATA] [PRECIPITATION DATA] SYMBOLS USED IN COLUMN 16
AVERAGE MONTHLY: 79.3 TOTAL FOR MONTH: 1.32 1 = FOG OR MIST
DPTR FM NORMAL: 5.5 DPTR FM NORMAL: -2.53 2 = FOG REDUCING VISIBILITY
HIGHEST: 101 ON 1 GRTST 24HR 1.17 ON 30-30 TO 1/4 MILE OR LESS
LOWEST: 48 ON 23 3 = THUNDER
SNOW, ICE PELLETS, HAIL 4 = ICE PELLETS
TOTAL MONTH: 0.0 INCH 5 = HAIL
GRTST 24HR 0.0 6 = FREEZING RAIN OR DRIZZLE
GRTST DEPTH: 0 7 = DUSTSTORM OR SANDSTORM:
VSBY 1/2 MILE OR LESS
8 = SMOKE OR HAZE
[NO. OF DAYS WITH] [WEATHER - DAYS WITH] 9 = BLOWING SNOW
X = TORNADO
MAX 32 OR BELOW: 0 0.01 INCH OR MORE: 4
MAX 90 OR ABOVE: 23 0.10 INCH OR MORE: 1
MIN 32 OR BELOW: 0 0.50 INCH OR MORE: 1
MIN 0 OR BELOW: 0 1.00 INCH OR MORE: 1
[HDD (BASE 65) ]
TOTAL THIS MO. 0 CLEAR (SCALE 0-3) 18
DPTR FM NORMAL -17 PTCLDY (SCALE 4-7) 12
TOTAL FM JUL 1 0 CLOUDY (SCALE 8-10) 0
DPTR FM NORMAL -16
[CDD (BASE 65) ]
TOTAL THIS MO. 436
DPTR FM NORMAL 155 [PRESSURE DATA]
TOTAL FM JAN 1 2144 HIGHEST SLP 30.35 ON 22
DPTR FM NORMAL 99 LOWEST SLP 29.68 ON 20
[REMARKS]
#FINAL-09-21#