000
CXUS55 KTWC 010855
CF6TUS
PRELIMINARY LOCAL CLIMATOLOGICAL DATA (WS FORM: F-6)
STATION: TUCSON AZ
MONTH: OCTOBER
YEAR: 2023
LATITUDE: 32 7 N
LONGITUDE: 110 56 W
TEMPERATURE IN F: :PCPN: SNOW: WIND :SUNSHINE: SKY :PK WND
================================================================================
1 2 3 4 5 6A 6B 7 8 9 10 11 12 13 14 15 16 17 18
12Z AVG MX 2MIN
DY MAX MIN AVG DEP HDD CDD WTR SNW DPTH SPD SPD DIR MIN PSBL S-S WX SPD DR
================================================================================
1 93 66 80 2 0 15 0.00 M M 10.5 29 230 M M 1 43 240
2 88 63 76 -2 0 11 0.00 M M 6.2 22 220 M M M 35 220
3 87 58 73 -4 0 8 0.00 M M 5.6 15 350 M M M 20 360
4 91 58 75 -2 0 10 0.00 M M 5.9 13 340 M M M 22 340
5 98 61 80 4 0 15 0.00 M M 6.8 17 340 M M M 23 340
6 101 65 83 7 0 18 0.00 M M 8.7 20 120 M M M 27 130
7 95 79 87 11 0 22 0.00 M M 15.7 29 130 M M 0 38 120
8 96 73 85 10 0 20 0.00 M M 6.9 16 130 M M M 23 120
9 94 68 81 6 0 16 0.00 M M 8.5 20 190 M M 1 27 200
10 94 65 80 5 0 15 0.00 M M 6.8 14 260 M M 0 8 19 320
11 94 68 81 7 0 16 0.00 M M 10.0 22 230 M M 0 8 30 230
12 86 64 75 1 0 10 0.00 M M 6.7 16 280 M M 1 25 270
13 89 59 74 0 0 9 0.00 M M 4.8 15 150 M M 0 8 28 180
14 91 63 77 4 0 12 0.00 M M 4.8 14 340 M M 0 18 330
15 97 62 80 7 0 15 0.00 M M 5.4 12 330 M M 0 23 310
16 101 67 84 11 0 19 0.00 M M 6.6 20 130 M M 0 26 130
17 96 69 83 11 0 18 T M M 7.2 20 260 M M 2 3 28 260
18 97 66 82 10 0 17 0.00 M M 6.4 15 330 M M 0 21 330
19 100 63 82 10 0 17 0.00 M M 6.5 13 150 M M 0 20 170
20 101 65 83 12 0 18 0.00 M M 6.1 13 160 M M 0 17 330
21 98 64 81 10 0 16 0.00 M M 5.8 14 330 M M 0 19 360
22 95 64 80 9 0 15 0.00 M M 4.0 14 170 M M 0 26 180
23 88 65 77 7 0 12 0.00 M M 8.1 21 200 M M 1 3 29 230
24 79 59 69 -1 0 4 0.19 M M 5.5 18 220 M M 4 38 28 260
25 77 57 67 -3 0 2 0.00 M M 5.3 13 160 M M 1 22 170
26 82 57 70 1 0 5 0.00 M M 4.8 12 150 M M 0 15 310
27 86 57 72 3 0 7 0.00 M M 5.6 12 130 M M 0 19 180
28 85 56 71 3 0 6 0.00 M M 6.1 15 290 M M 0 22 300
29 78 55 67 -1 0 2 0.00 M M 5.9 18 340 M M 0 24 350
30 74 46 60 -8 5 0 0.00 M M 10.9 28 130 M M 0 39 120
31 77 55 66 -1 0 1 0.00 M M 16.0 31 120 M M 0 41 120
================================================================================
SM 2808 1937 5 371 0.19 M 224.1 M 11
================================================================================
AV 90.6 62.5 7.2 FASTST M M 0 MAX(MPH)
MISC ----> 31 120 43 240
================================================================================
NOTES:
# LAST OF SEVERAL OCCURRENCES
COLUMN 17 PEAK WIND IN M.P.H.
PRELIMINARY LOCAL CLIMATOLOGICAL DATA (WS FORM: F-6) , PAGE 2
STATION: TUCSON AZ
MONTH: OCTOBER
YEAR: 2023
LATITUDE: 32 7 N
LONGITUDE: 110 56 W
[TEMPERATURE DATA] [PRECIPITATION DATA] SYMBOLS USED IN COLUMN 16
AVERAGE MONTHLY: 76.5 TOTAL FOR MONTH: 0.19 1 = FOG OR MIST
DPTR FM NORMAL: 3.9 DPTR FM NORMAL: -0.48 2 = FOG REDUCING VISIBILITY
HIGHEST: 101 ON 16,20 GRTST 24HR 0.19 ON 24-24 TO 1/4 MILE OR LESS
LOWEST: 46 ON 30 3 = THUNDER
SNOW, ICE PELLETS, HAIL 4 = ICE PELLETS
TOTAL MONTH: M 5 = HAIL
GRTST 24HR M ON M 6 = FREEZING RAIN OR DRIZZLE
GRTST DEPTH: M ON M 7 = DUSTSTORM OR SANDSTORM:
VSBY 1/2 MILE OR LESS
8 = SMOKE OR HAZE
[NO. OF DAYS WITH] [WEATHER - DAYS WITH] 9 = BLOWING SNOW
X = TORNADO
MAX 32 OR BELOW: 0 0.01 INCH OR MORE: 1
MAX 90 OR ABOVE: 18 0.10 INCH OR MORE: 1
MIN 32 OR BELOW: 0 0.50 INCH OR MORE: 0
MIN 0 OR BELOW: 0 1.00 INCH OR MORE: 0
[HDD (BASE 65) ]
TOTAL THIS MO. 5 CLEAR (SCALE 0-3) 24
DPTR FM NORMAL -13 PTCLDY (SCALE 4-7) 1
TOTAL FM JUL 1 5 CLOUDY (SCALE 8-10) 6
DPTR FM NORMAL -10
[CDD (BASE 65) ]
TOTAL THIS MO. 371
DPTR FM NORMAL 115 [PRESSURE DATA]
TOTAL FM JAN 1 3865 HIGHEST SLP M ON M
DPTR FM NORMAL 488 LOWEST SLP 29.42 ON 11
[REMARKS]
#FINAL-10-23#