000
CXUS53 KAPX 010730
CF6TVC
PRELIMINARY LOCAL CLIMATOLOGICAL DATA (WS FORM: F-6)
STATION: TRAVERSE CITY MI
MONTH: JULY
YEAR: 2022
LATITUDE: 44 44 N
LONGITUDE: 85 34 W
TEMPERATURE IN F: :PCPN: SNOW: WIND :SUNSHINE: SKY :PK WND
================================================================================
1 2 3 4 5 6A 6B 7 8 9 10 11 12 13 14 15 16 17 18
12Z AVG MX 2MIN
DY MAX MIN AVG DEP HDD CDD WTR SNW DPTH SPD SPD DIR MIN PSBL S-S WX SPD DR
================================================================================
1 76 62 69 0 0 4 0.11 M M 7.3 13 280 M M 6 3 21 210
2 80 58 69 0 0 4 0.00 M M 6.7 16 320 M M 4 30 250
3 80 51 66 -4 0 1 0.00 M M 4.2 12 40 M M 3 23 40
4 87 64 76 6 0 11 0.35 M M 4.6 13 250 M M 8 1 19 240
5 77 68 73 3 0 8 0.11 M M 6.1 14 290 M M 8 1 20 290
6 79 67 73 3 0 8 0.00 M M 6.7 14 10 M M 8 24 360
7 84 63 74 4 0 9 0.00 M M 4.5 14 260 M M 6 19 280
8 78 55 67 -3 0 2 T M M 6.6 15 360 M M 6 25 360
9 81 49 65 -5 0 0 0.00 M M 4.3 14 40 M M 2 24 20
10 87 53 70 0 0 5 0.00 M M 5.3 16 260 M M 3 22 250
11 85 65 75 5 0 10 T M M 9.2 15 230 M M 6 27 260
12 73 60 67 -3 0 2 T M M 5.7 16 320 M M 6 23 310
13 77 60 69 -1 0 4 0.01 M M 4.8 14 360 M M 5 21 360
14 79 52 66 -4 0 1 0.00 M M 4.7 14 40 M M 1 21 20
15 77 50 64 -7 1 0 T M M 2.3 14 220 M M 6 19 220
16 82 56 69 -2 0 4 0.00 M M 3.9 12 20 M M 7 19 10
17 87 58 73 2 0 8 0.00 M M 3.9 14 40 M M 5 19 50
18 93 60 77 6 0 12 0.00 M M 7.3 18 270 M M 2 26 270
19 93 73 83 12 0 18 T M M 9.4 18 280 M M 5 27 200
20 85 73 79 8 0 14 0.07 M M 15.0 26 270 M M 6 3 37 280
21 91 69 80 9 0 15 T M M 12.0 22 280 M M 4 31 310
22 93 62 78 7 0 13 T M M 9.1 24 250 M M 4 37 260
23 96 71 84 13 0 19 0.11 M M 7.4 18 270 M M 5 25 260
24 83 66 75 4 0 10 0.54 M M 11.5 21 260 M M 8 1 31 220
25 74 59 67 -4 0 2 0.00 M M 6.9 17 290 M M 4 23 290
26 82 60 71 0 0 6 0.00 M M 6.9 15 240 M M 5 23 280
27 84 61 73 2 0 8 T M M 8.5 23 280 M M 5 29 280
28 78 64 71 0 0 6 T M M 10.9 21 270 M M 5 3 29 300
29 79 58 69 -2 0 4 0.00 M M 6.6 17 330 M M 5 25 330
30 85 57 71 0 0 6 0.00 M M 5.6 16 290 M M 3 25 270
31 87 64 76 6 0 11 0.00 M M 7.8 18 220 M M 3 28 260
================================================================================
SM 2572 1888 1 225 1.30 M 215.7 M 154
================================================================================
AV 83.0 60.9 7.0 FASTST M M 5 MAX(MPH)
MISC ----> 26 270 # 37 280
================================================================================
NOTES:
# LAST OF SEVERAL OCCURRENCES
COLUMN 17 PEAK WIND IN M.P.H.
PRELIMINARY LOCAL CLIMATOLOGICAL DATA (WS FORM: F-6) , PAGE 2
STATION: TRAVERSE CITY MI
MONTH: JULY
YEAR: 2022
LATITUDE: 44 44 N
LONGITUDE: 85 34 W
[TEMPERATURE DATA] [PRECIPITATION DATA] SYMBOLS USED IN COLUMN 16
AVERAGE MONTHLY: 71.9 TOTAL FOR MONTH: 1.30 1 = FOG OR MIST
DPTR FM NORMAL: 1.6 DPTR FM NORMAL: -1.41 2 = FOG REDUCING VISIBILITY
HIGHEST: 96 ON 23 GRTST 24HR 0.65 ON 23-24 TO 1/4 MILE OR LESS
LOWEST: 49 ON 9 3 = THUNDER
SNOW, ICE PELLETS, HAIL 4 = ICE PELLETS
TOTAL MONTH: M 5 = HAIL
GRTST 24HR M ON M 6 = FREEZING RAIN OR DRIZZLE
GRTST DEPTH: M ON M 7 = DUSTSTORM OR SANDSTORM:
VSBY 1/2 MILE OR LESS
8 = SMOKE OR HAZE
[NO. OF DAYS WITH] [WEATHER - DAYS WITH] 9 = BLOWING SNOW
X = TORNADO
MAX 32 OR BELOW: 0 0.01 INCH OR MORE: 7
MAX 90 OR ABOVE: 5 0.10 INCH OR MORE: 5
MIN 32 OR BELOW: 0 0.50 INCH OR MORE: 1
MIN 0 OR BELOW: 0 1.00 INCH OR MORE: 0
[HDD (BASE 65) ]
TOTAL THIS MO. 1 CLEAR (SCALE 0-3) 7
DPTR FM NORMAL -19 PTCLDY (SCALE 4-7) 23
TOTAL FM JUL 1 1 CLOUDY (SCALE 8-10) 1
DPTR FM NORMAL -18
[CDD (BASE 65) ]
TOTAL THIS MO. 225
DPTR FM NORMAL 39 [PRESSURE DATA]
TOTAL FM JAN 1 417 HIGHEST SLP 30.25 ON 9
DPTR FM NORMAL 100 LOWEST SLP 29.37 ON 20
[REMARKS]
#FINAL-07-22#