000
CXUS53 KAPX 011242
CF6TVC
PRELIMINARY LOCAL CLIMATOLOGICAL DATA (WS FORM: F-6)
STATION: TRAVERSE CITY MI
MONTH: SEPTEMBER
YEAR: 2021
LATITUDE: 44 44 N
LONGITUDE: 85 34 W
TEMPERATURE IN F: :PCPN: SNOW: WIND :SUNSHINE: SKY :PK WND
================================================================================
1 2 3 4 5 6A 6B 7 8 9 10 11 12 13 14 15 16 17 18
12Z AVG MX 2MIN
DY MAX MIN AVG DEP HDD CDD WTR SNW DPTH SPD SPD DIR MIN PSBL S-S WX SPD DR
================================================================================
1 75 52 64 -3 1 0 0.00 M M 4.8 16 340 M M 1 26 340
2 74 49 62 -4 3 0 0.00 M M 2.7 10 360 M M 2 21 360
3 73 51 62 -4 3 0 0.00 M M 2.9 10 180 M M 7 16 180
4 71 60 66 0 0 1 0.10 M M 4.8 13 300 M M 10 18 19 290
5 75 58 67 1 0 2 T M M 8.3 20 260 M M 3 34 260
6 73 52 63 -2 2 0 0.00 M M 5.2 15 270 M M 5 20 270
7 74 51 63 -2 2 0 0.95 M M 5.6 31 310 M M 4 13 47 310
8 71 57 64 -1 1 0 0.13 M M 10.0 22 320 M M 6 30 270
9 70 55 63 -1 2 0 0.04 M M 6.0 15 320 M M 5 18 21 310
10 77 51 64 0 1 0 0.01 M M 3.2 15 270 M M 5 1 19 270
11 83 62 73 9 0 8 0.00 M M 9.6 23 220 M M 5 38 210
12 72 53 63 0 2 0 T M M 3.4 9 10 M M 6 M M
13 71 50 61 -2 4 0 0.00 M M 2.8 9 20 M M 5 M M
14 80 61 71 8 0 6 0.03 M M 9.8 25 260 M M 8 3 37 230
15 74 53 64 2 1 0 0.00 M M 4.7 16 340 M M 3 20 330
16 79 50 65 3 0 0 0.00 M M 5.9 16 170 M M 1 24 180
17 85 59 72 10 0 7 0.00 M M 8.7 21 250 M M 4 32 230
18 72 48 60 -1 5 0 0.00 M M 2.9 9 10 M M 3 19 10
19 84 53 69 8 0 4 0.00 M M 6.2 13 170 M M 0 20 130
20 80 67 74 14 0 9 0.38 M M 6.4 10 170 M M 6 1 22 170
21 75 60 68 8 0 3 0.16 M M 10.2 16 270 M M 9 1 33 350
22 61 56 59 -1 6 0 0.00 M M 14.9 18 20 M M 7 38 30
23 58 48 53 -6 12 0 0.33 M M 12.1 23 10 M M 9 1 38 360
24 73 51 62 3 3 0 0.06 M M 8.4 20 220 M M 6 1 36 210
25 65 50 58 0 7 0 0.15 M M 10.1 23 270 M M 7 1 31 230
26 73 50 62 4 3 0 T M M 5.3 12 210 M M 6 27 210
27 69 53 61 3 4 0 0.00 M M 6.8 14 360 M M 4 25 20
28 68 42 55 -2 10 0 0.00 M M 2.4 8 20 M M 1 20 30
29 72 46 59 2 6 0 0.00 M M 2.4 8 30 M M 2 M M
30 73 45 59 3 6 0 0.00 M M 2.3 9 30 M M 3 1 17 10
================================================================================
SM 2200 1593 84 40 2.34 M 188.8 M 143
================================================================================
AV 73.3 53.1 6.3 FASTST M M 5 MAX(MPH)
MISC ----> 31 310 47 310
================================================================================
NOTES:
# LAST OF SEVERAL OCCURRENCES
COLUMN 17 PEAK WIND IN M.P.H.
PRELIMINARY LOCAL CLIMATOLOGICAL DATA (WS FORM: F-6) , PAGE 2
STATION: TRAVERSE CITY MI
MONTH: SEPTEMBER
YEAR: 2021
LATITUDE: 44 44 N
LONGITUDE: 85 34 W
[TEMPERATURE DATA] [PRECIPITATION DATA] SYMBOLS USED IN COLUMN 16
AVERAGE MONTHLY: 63.2 TOTAL FOR MONTH: 2.34 1 = FOG OR MIST
DPTR FM NORMAL: 1.3 DPTR FM NORMAL: -1.03 2 = FOG REDUCING VISIBILITY
HIGHEST: 85 ON 17 GRTST 24HR 0.95 ON 7- 7 TO 1/4 MILE OR LESS
LOWEST: 42 ON 28 3 = THUNDER
SNOW, ICE PELLETS, HAIL 4 = ICE PELLETS
TOTAL MONTH: M 5 = HAIL
GRTST 24HR M ON M 6 = FREEZING RAIN OR DRIZZLE
GRTST DEPTH: M ON M 7 = DUSTSTORM OR SANDSTORM:
VSBY 1/2 MILE OR LESS
8 = SMOKE OR HAZE
[NO. OF DAYS WITH] [WEATHER - DAYS WITH] 9 = BLOWING SNOW
X = TORNADO
MAX 32 OR BELOW: 0 0.01 INCH OR MORE: 11
MAX 90 OR ABOVE: 0 0.10 INCH OR MORE: 7
MIN 32 OR BELOW: 0 0.50 INCH OR MORE: 1
MIN 0 OR BELOW: 0 1.00 INCH OR MORE: 0
[HDD (BASE 65) ]
TOTAL THIS MO. 84 CLEAR (SCALE 0-3) 8
DPTR FM NORMAL -69 PTCLDY (SCALE 4-7) 19
TOTAL FM JUL 1 98 CLOUDY (SCALE 8-10) 3
DPTR FM NORMAL -101
[CDD (BASE 65) ]
TOTAL THIS MO. 40
DPTR FM NORMAL -18 [PRESSURE DATA]
TOTAL FM JAN 1 722 HIGHEST SLP 30.28 ON 18
DPTR FM NORMAL 194 LOWEST SLP 29.53 ON 7
[REMARKS]
#FINAL-09-21#