000
CXUS55 KREV 012355
CF6TVL
PRELIMINARY LOCAL CLIMATOLOGICAL DATA (WS FORM: F-6)
STATION: SOUTH LAKE TAHOE CA
MONTH: JULY
YEAR: 2020
LATITUDE: 38 53 N
LONGITUDE: 119 60 W
TEMPERATURE IN F: :PCPN: SNOW: WIND :SUNSHINE: SKY :PK WND
================================================================================
1 2 3 4 5 6A 6B 7 8 9 10 11 12 13 14 15 16 17 18
12Z AVG MX 2MIN
DY MAX MIN AVG DEP HDD CDD WTR SNW DPTH SPD SPD DIR MIN PSBL S-S WX SPD DR
================================================================================
1 75 34 55 -4 10 0 0.00 M M 4.4 18 190 M M 0 25 190
2 75 38 57 -2 8 0 0.00 M M 5.1 15 170 M M 0 25 180
3 77 37 57 -2 8 0 0.00 M M 5.6 20 190 M M 0 27 170
4 78 37 58 -1 7 0 0.00 M M 5.9 17 180 M M 0 23 200
5 80 33 57 -3 8 0 0.00 M M 4.6 16 180 M M 0 24 200
6 81 32 57 -3 8 0 0.00 M M 7.8 22 190 M M 0 8 34 200
7 77 37 57 -3 8 0 0.00 M M 5.0 20 190 M M 0 27 190
8 78 35 57 -3 8 0 0.00 M M 5.0 17 190 M M 0 28 180
9 79 37 58 -2 7 0 0.00 M M 5.8 18 190 M M 0 32 200
10 85 35 60 -1 5 0 0.00 M M 4.6 14 190 M M M 20 190
11 85 39 62 1 3 0 0.00 M M 5.6 21 190 M M 0 29 190
12 85 41 63 2 2 0 0.00 M M 6.7 18 190 M M 0 30 190
13 84 45 65 4 0 0 0.00 M M 6.9 22 190 M M 0 31 180
14 84 41 63 2 2 0 0.00 M M 3.6 13 20 M M 0 19 30
15 85 48 67 6 0 2 0.00 M M 3.1 13 30 M M 0 17 30
16 86 48 67 5 0 2 0.19 M M 3.7 14 180 M M 1 38 21 190
17 86 45 66 4 0 1 0.00 M M 3.5 17 190 M M 0 23 190
18 86 44 65 3 0 0 0.00 M M 3.8 16 190 M M 1 3 22 200
19 86 47 67 5 0 2 0.00 M M 6.1 21 180 M M 0 3 28 200
20 85 47 66 4 0 1 0.00 M M 4.1 29 190 M M 0 8 44 190
21 86 45 66 4 0 1 0.00 M M 3.5 15 190 M M 2 38 24 190
22 79 49 64 2 1 0 0.00 M M 4.2 14 20 M M 3 3 19 30
23 79 44 62 0 3 0 T M M 5.2 16 180 M M 1 3 20 10
24 81 43 62 0 3 0 0.00 M M 5.1 20 180 M M 1 24 160
25 82 45 64 2 1 0 0.00 M M 5.2 17 190 M M 0 3 22 190
26 81 46 64 2 1 0 T M M 4.5 18 190 M M 2 3 24 200
27 80 45 63 1 2 0 0.02 M M 3.4 12 10 M M 2 3 20 110
28 84 43 64 2 1 0 0.00 M M 4.1 15 180 M M 0 21 190
29 86 45 66 4 0 1 0.00 M M 4.4 15 180 M M 0 23 180
30 86 44 65 3 0 0 0.00 M M 5.2 15 190 M M 0 24 190
31 85 38 62 0 3 0 0.00 M M 5.6 15 180 M M 0 21 30
================================================================================
SM 2546 1287 99 10 0.21 M 151.3 M 13
================================================================================
AV 82.1 41.5 4.9 FASTST M M 0 MAX(MPH)
MISC ----> 29 190 44 190
================================================================================
NOTES:
# LAST OF SEVERAL OCCURRENCES
COLUMN 17 PEAK WIND IN M.P.H.
PRELIMINARY LOCAL CLIMATOLOGICAL DATA (WS FORM: F-6) , PAGE 2
STATION: SOUTH LAKE TAHOE CA
MONTH: JULY
YEAR: 2020
LATITUDE: 38 53 N
LONGITUDE: 119 60 W
[TEMPERATURE DATA] [PRECIPITATION DATA] SYMBOLS USED IN COLUMN 16
AVERAGE MONTHLY: 61.8 TOTAL FOR MONTH: 0.21 1 = FOG OR MIST
DPTR FM NORMAL: 0.7 DPTR FM NORMAL: -0.22 2 = FOG REDUCING VISIBILITY
HIGHEST: 86 ON 30,29 GRTST 24HR 0.19 ON 16-16 TO 1/4 MILE OR LESS
LOWEST: 32 ON 6 3 = THUNDER
SNOW, ICE PELLETS, HAIL 4 = ICE PELLETS
TOTAL MONTH: M 5 = HAIL
GRTST 24HR M ON M 6 = FREEZING RAIN OR DRIZZLE
GRTST DEPTH: M ON M 7 = DUSTSTORM OR SANDSTORM:
VSBY 1/2 MILE OR LESS
8 = SMOKE OR HAZE
[NO. OF DAYS WITH] [WEATHER - DAYS WITH] 9 = BLOWING SNOW
X = TORNADO
MAX 32 OR BELOW: 0 0.01 INCH OR MORE: 2
MAX 90 OR ABOVE: 0 0.10 INCH OR MORE: 1
MIN 32 OR BELOW: 1 0.50 INCH OR MORE: 0
MIN 0 OR BELOW: 0 1.00 INCH OR MORE: 0
[HDD (BASE 65) ]
TOTAL THIS MO. 99 CLEAR (SCALE 0-3) 30
DPTR FM NORMAL -39 PTCLDY (SCALE 4-7) 0
TOTAL FM JUL 1 99 CLOUDY (SCALE 8-10) 1
DPTR FM NORMAL -43
[CDD (BASE 65) ]
TOTAL THIS MO. 10
DPTR FM NORMAL -8 [PRESSURE DATA]
TOTAL FM JAN 1 14 HIGHEST SLP M ON M
DPTR FM NORMAL -5 LOWEST SLP 29.83 ON 22
[REMARKS]
...THE SOUTH LAKE TAHOE CA CLIMATE SUMMARY FOR THE MONTH OF JULY
2020...
THE AVERAGE TEMPERATURE FOR JULY 2020 AT THE SOUTH LAKE TAHOE
AIRPORT WAS 61.8 DEGREES WHICH IS 0.7 DEGREES ABOVE NORMAL. THE
HIGHEST TEMPERATURE FOR JULY WAS 86 DEGREES WHICH OCCURRED ON THE
29TH AND THE 30TH. THE LOWEST TEMPERATURE FOR THE MONTH WAS 32
DEGREES WHICH OCCURRED ON THE 6TH.
FOR JULY 2020, 0.21 INCHES OF PRECIPITATION WAS RECORDED AT THE
SOUTH LAKE TAHOE AIRPORT. THIS IS 0.22 INCHES BELOW NORMAL.
THE AVERAGE WIND SPEED FOR JULY 2020 WAS 4.9 MPH. THE PEAK WIND GUST
FOR THE MONTH WAS 44 MPH FROM THE SOUTH ON THE 20TH.
#FINAL-07-20#