000
CXUS54 KSHV 030506
CF6TXK
PRELIMINARY LOCAL CLIMATOLOGICAL DATA (WS FORM: F-6)
STATION: TEXARKANA
MONTH: SEPTEMBER
YEAR: 2021
LATITUDE: 33 27 N
LONGITUDE: 94 0 W
TEMPERATURE IN F: :PCPN: SNOW: WIND :SUNSHINE: SKY :PK WND
================================================================================
1 2 3 4 5 6A 6B 7 8 9 10 11 12 13 14 15 16 17 18
12Z AVG MX 2MIN
DY MAX MIN AVG DEP HDD CDD WTR SNW DPTH SPD SPD DIR MIN PSBL S-S WX SPD DR
================================================================================
1 99 77 88 8 0 23 0.00 0.0 0 4.1 15 80 M M 1 8 21 80
2 94 73 84 5 0 19 0.32 0.0 0 4.5 14 80 M M 1 13 21 110
3 94 75 85 6 0 20 0.00 0.0 0 3.6 10 140 M M 1 18 14 130
4 96 77 87 8 0 22 0.00 0.0 0 6.7 14 260 M M 1 18 21 240
5 90 76 83 5 0 18 0.04 0.0 0 5.0 13 20 M M 4 1 17 350
6 90 70 80 2 0 15 0.00 0.0 0 4.0 12 70 M M 1 128 15 60
7 92 64 78 0 0 13 0.00 0.0 0 3.3 9 160 M M 0 8 13 150
8 92 68 80 2 0 15 0.00 0.0 0 3.8 15 310 M M 2 8 20 330
9 91 63 77 -1 0 12 0.00 0.0 0 4.3 14 70 M M 0 8 19 40
10 92 63 78 1 0 13 0.00 0.0 0 3.3 9 160 M M 0 13 160
11 90 66 78 1 0 13 0.00 0.0 0 4.1 10 60 M M 0 8 14 70
12 92 63 78 1 0 13 0.00 0.0 0 4.8 15 160 M M 0 8 21 190
13 87 74 81 5 0 16 0.02 0.0 0 7.1 22 200 M M 3 29 190
14 89 71 80 4 0 15 0.00 0.0 0 6.1 15 150 M M 3 1 19 180
15 89 68 79 3 0 14 0.00 0.0 0 6.2 15 20 M M 2 8 21 50
16 88 69 79 3 0 14 0.00 0.0 0 5.3 14 50 M M 3 18 19 60
17 89 71 80 5 0 15 0.17 0.0 0 4.2 12 10 M M 7 8 16 10
18 87 74 81 6 0 16 0.00 0.0 0 4.9 13 160 M M 6 13 16 160
19 89 73 81 7 0 16 0.21 0.0 0 4.6 15 170 M M 4 13 18 160
20 94 72 83 9 0 18 0.00 0.0 0 7.1 13 150 M M 3 18 16 140
21 90 63 77 3 0 12 0.18 0.0 0 7.1 16 350 M M 3 13 22 350
22 82 55 69 -5 0 4 0.00 0.0 0 6.4 18 20 M M 0 8 26 350
23 83 54 69 -4 0 4 0.00 0.0 0 2.7 10 310 M M 0 8 14 360
24 85 55 70 -3 0 5 0.00 0.0 0 3.4 10 170 M M 0 18 14 220
25 89 59 74 1 0 9 0.00 0.0 0 4.7 10 320 M M 0 14 290
26 91 60 76 4 0 11 0.00 0.0 0 5.7 12 160 M M 0 15 170
27 89 65 77 5 0 12 0.00 0.0 0 5.9 15 210 M M 0 8 20 230
28 90 68 79 7 0 14 0.00 0.0 0 6.6 18 160 M M 3 18 22 150
29 88 70 79 8 0 14 0.00 0.0 0 5.8 12 180 M M 6 8 15 170
30 88 71 80 9 0 15 0.01 0.0 0 3.6 10 70 M M 6 18 14 70
================================================================================
SM 2699 2027 0 420 0.95 0.0 148.9 M 60
================================================================================
AV 90.0 67.6 5.0 FASTST M M 2 MAX(MPH)
MISC ----> 22 200 29 190
================================================================================
NOTES:
# LAST OF SEVERAL OCCURRENCES
COLUMN 17 PEAK WIND IN M.P.H.
PRELIMINARY LOCAL CLIMATOLOGICAL DATA (WS FORM: F-6) , PAGE 2
STATION: TEXARKANA
MONTH: SEPTEMBER
YEAR: 2021
LATITUDE: 33 27 N
LONGITUDE: 94 0 W
[TEMPERATURE DATA] [PRECIPITATION DATA] SYMBOLS USED IN COLUMN 16
AVERAGE MONTHLY: 78.8 TOTAL FOR MONTH: 0.95 1 = FOG OR MIST
DPTR FM NORMAL: 3.4 DPTR FM NORMAL: -2.65 2 = FOG REDUCING VISIBILITY
HIGHEST: 99 ON 1 GRTST 24HR 0.32 ON 2- 2 TO 1/4 MILE OR LESS
LOWEST: 54 ON 23 3 = THUNDER
SNOW, ICE PELLETS, HAIL 4 = ICE PELLETS
TOTAL MONTH: 0.0 INCH 5 = HAIL
GRTST 24HR 0.0 6 = FREEZING RAIN OR DRIZZLE
GRTST DEPTH: 0 7 = DUSTSTORM OR SANDSTORM:
VSBY 1/2 MILE OR LESS
8 = SMOKE OR HAZE
[NO. OF DAYS WITH] [WEATHER - DAYS WITH] 9 = BLOWING SNOW
X = TORNADO
MAX 32 OR BELOW: 0 0.01 INCH OR MORE: 7
MAX 90 OR ABOVE: 16 0.10 INCH OR MORE: 4
MIN 32 OR BELOW: 0 0.50 INCH OR MORE: 0
MIN 0 OR BELOW: 0 1.00 INCH OR MORE: 0
[HDD (BASE 65) ]
TOTAL THIS MO. 0 CLEAR (SCALE 0-3) 22
DPTR FM NORMAL -6 PTCLDY (SCALE 4-7) 8
TOTAL FM JUL 1 0 CLOUDY (SCALE 8-10) 0
DPTR FM NORMAL -4
[CDD (BASE 65) ]
TOTAL THIS MO. 420
DPTR FM NORMAL 100 [PRESSURE DATA]
TOTAL FM JAN 1 2418 HIGHEST SLP 30.27 ON 22
DPTR FM NORMAL 290 LOWEST SLP 29.75 ON 1
[REMARKS]
#FINAL-09-21#