000
CXUS53 KLSX 011534
CLMUIN
CLIMATE REPORT
NATIONAL WEATHER SERVICE ST LOUIS MO
1034 AM CDT WED NOV 01 2023
...................................
...THE QUINCY IL CLIMATE SUMMARY FOR THE MONTH OF OCTOBER 2023...
CLIMATE NORMAL PERIOD 1991 TO 2020
CLIMATE RECORD PERIOD 1901 TO 2023
WEATHER OBSERVED NORMAL DEPART LAST YEAR`S
VALUE DATE(S) VALUE FROM VALUE
NORMAL
..............................................................
TEMPERATURE (F)
RECORD
HIGH 96 10/07/1939
LOW 10 10/30/1925
HIGHEST 89 10/03 85
LOWEST 23 10/31 24
AVG. MAXIMUM 67.7 65.3 2.4 66.5
AVG. MINIMUM 46.8 44.8 2.0 41.9
MEAN 57.2 55.1 2.1 54.2
DAYS MAX >= 90 0 0.2 -0.2 0
DAYS MAX <= 32 0 0.0 0.0 0
DAYS MIN <= 32 2 2.8 -0.8 5
DAYS MIN <= 0 0 0.0 0.0 0
PRECIPITATION (INCHES)
RECORD
MAXIMUM 10.84 1969
MINIMUM 0.16 1904
TOTALS 2.28 3.05 -0.77 2.31
DAILY AVG. 0.07 0.10 -0.03 0.07
DAYS >= .01 14 8.9 5.1 8
DAYS >= .10 5 5.5 -0.5 4
DAYS >= .50 1 2.0 -1.0 2
DAYS >= 1.00 0 0.9 -0.9 1
GREATEST
24 HR. TOTAL 0.77 10/24 TO 10/25
DEGREE DAYS
HEATING TOTAL 287 331 -44
SINCE 7/1 290 409 -119
COOLING TOTAL 55 23 32
SINCE 1/1 1279 1117 162
..............................................................
WIND (MPH)
HIGHEST WIND SPEED/DIRECTION 28/310 DATE 10/31
28/320 10/21
HIGHEST GUST SPEED/DIRECTION 38/300 DATE 10/31
38/330 10/21
SKY COVER
NUMBER OF DAYS FAIR 15
NUMBER OF DAYS PC 9
NUMBER OF DAYS CLOUDY 7
WEATHER CONDITIONS. NUMBER OF DAYS WITH
THUNDERSTORM 2 MIXED PRECIP 0
HEAVY RAIN 1 RAIN 13
LIGHT RAIN 13 FREEZING RAIN 0
LT FREEZING RAIN 0 HAIL 0
HEAVY SNOW 0 SNOW 0
LIGHT SNOW 0 SLEET 0
FOG 11 FOG W/VIS <= 1/4 MILE 1
HAZE 3
- INDICATES NEGATIVE NUMBERS.
R INDICATES RECORD WAS SET OR TIED.
MM INDICATES DATA IS MISSING.
T INDICATES TRACE AMOUNT.
...MONTHLY...
TIED 5TH MOST OCCURRENCES WITH MEASURABLE PRECIPITATION (14 DAYS).
...DAILY...
RECORD HIGH MINIMUM TEMPERATURE OF 65 DEGREES TIED ON 10/26. ALSO
SET IN 1939.
$$
GOSSELLIN