000
CXUS56 KEKA 251230
CF6UKI
PRELIMINARY LOCAL CLIMATOLOGICAL DATA (WS FORM: F-6)
STATION: UKIAH CA
MONTH: APRIL
YEAR: 2024
LATITUDE: 39 7 N
LONGITUDE: 123 12 W
TEMPERATURE IN F: :PCPN: SNOW: WIND :SUNSHINE: SKY :PK WND
================================================================================
1 2 3 4 5 6A 6B 7 8 9 10 11 12 13 14 15 16 17 18
12Z AVG MX 2MIN
DY MAX MIN AVG DEP HDD CDD WTR SNW DPTH SPD SPD DIR MIN PSBL S-S WX SPD DR
================================================================================
1 79 39 59 5 6 0 T M M 1.4 9 310 M M 0 14 310
2 81 46 64 10 1 0 0.00 M M 2.6 13 160 M M 0 18 160
3 67 43 55 1 10 0 T M M 4.6 17 290 M M 4 12 25 280
4 49 39 44 -10 21 0 0.44 M M 3.7 13 180 M M 9 1 18 190
5 57 36 47 -7 18 0 0.02 M M 5.6 20 320 M M 3 30 300
6 60 34 47 -7 18 0 0.00 M M 2.7 13 310 M M 1 19 320
7 64 37 51 -3 14 0 T M M 2.8 17 340 M M 3 23 290
8 73 39 56 2 9 0 0.00 M M 2.3 14 310 M M 0 18 330
9 80 43 62 7 3 0 0.00 M M 2.2 14 340 M M 0 17 340
10 85 45 65 10 0 0 0.00 M M 1.1 12 330 M M 0 16 330
11 82 46 64 9 1 0 0.00 M M 3.7 16 350 M M 0 23 340
12 67 43 55 0 10 0 0.04 M M 5.8 15 160 M M 5 1 27 170
13 52 44 48 -7 17 0 0.39 M M 6.2 17 130 M M 10 1 24 150
14 55 42 49 -6 16 0 0.23 M M 1.4 8 10 M M 8 1 14 10
15 71 44 58 2 7 0 0.00 M M 2.7 13 330 M M 4 17 320
16 79 44 62 6 3 0 0.00 M M 2.3 14 310 M M 0 23 290
17 80 45 63 7 2 0 0.00 M M 1.8 12 330 M M 0 18 310
18 82 45 64 8 1 0 0.00 M M 1.8 12 290 M M 0 17 280
19 85 47 66 10 0 1 0.00 M M 2.8 14 270 M M 0 22 300
20 80 48 64 7 1 0 0.00 M M 4.2 15 320 M M 0 23 330
21 86 45 66 9 0 1 0.00 M M 1.9 10 320 M M 0 14 320
22 87 51 69 12 0 4 0.00 M M 4.2 15 310 M M 0 24 170
23 67 52 60 3 5 0 0.00 M M 7.7 16 150 M M 7 24 130
24 70 54 62 4 3 0 0.00 M M 3.0 13 320 M M 9 19 310
================================================================================
SM 1738 1051 166 6 1.12 M 78.5 M 63
================================================================================
AV 72.4 43.8 3.3 FASTST M M 3 MAX(MPH)
MISC ----> 20 320 30 300
================================================================================
NOTES:
# LAST OF SEVERAL OCCURRENCES
COLUMN 17 PEAK WIND IN M.P.H.
PRELIMINARY LOCAL CLIMATOLOGICAL DATA (WS FORM: F-6) , PAGE 2
STATION: UKIAH CA
MONTH: APRIL
YEAR: 2024
LATITUDE: 39 7 N
LONGITUDE: 123 12 W
[TEMPERATURE DATA] [PRECIPITATION DATA] SYMBOLS USED IN COLUMN 16
AVERAGE MONTHLY: 58.1 TOTAL FOR MONTH: 1.12 1 = FOG OR MIST
DPTR FM NORMAL: 2.8 DPTR FM NORMAL: -1.15 2 = FOG REDUCING VISIBILITY
HIGHEST: 87 ON 22 GRTST 24HR 0.44 ON 4- 4 TO 1/4 MILE OR LESS
LOWEST: 34 ON 6 3 = THUNDER
SNOW, ICE PELLETS, HAIL 4 = ICE PELLETS
TOTAL MONTH: M 5 = HAIL
GRTST 24HR M ON M 6 = FREEZING RAIN OR DRIZZLE
GRTST DEPTH: M ON M 7 = DUSTSTORM OR SANDSTORM:
VSBY 1/2 MILE OR LESS
8 = SMOKE OR HAZE
[NO. OF DAYS WITH] [WEATHER - DAYS WITH] 9 = BLOWING SNOW
X = TORNADO
MAX 32 OR BELOW: 0 0.01 INCH OR MORE: 5
MAX 90 OR ABOVE: 0 0.10 INCH OR MORE: 3
MIN 32 OR BELOW: 0 0.50 INCH OR MORE: 0
MIN 0 OR BELOW: 0 1.00 INCH OR MORE: 0
[HDD (BASE 65) ]
TOTAL THIS MO. 166 CLEAR (SCALE 0-3) 15
DPTR FM NORMAL -69 PTCLDY (SCALE 4-7) 6
TOTAL FM JUL 1 2312 CLOUDY (SCALE 8-10) 3
DPTR FM NORMAL -376
[CDD (BASE 65) ]
TOTAL THIS MO. 6
DPTR FM NORMAL 6 [PRESSURE DATA]
TOTAL FM JAN 1 6 HIGHEST SLP M ON M
DPTR FM NORMAL 5 LOWEST SLP 29.67 ON 12
[REMARKS]