000
CXUS56 KEKA 011330
CF6UKI
PRELIMINARY LOCAL CLIMATOLOGICAL DATA (WS FORM: F-6)
STATION: UKIAH CA
MONTH: DECEMBER
YEAR: 2023
LATITUDE: 39 7 N
LONGITUDE: 123 12 W
TEMPERATURE IN F: :PCPN: SNOW: WIND :SUNSHINE: SKY :PK WND
================================================================================
1 2 3 4 5 6A 6B 7 8 9 10 11 12 13 14 15 16 17 18
12Z AVG MX 2MIN
DY MAX MIN AVG DEP HDD CDD WTR SNW DPTH SPD SPD DIR MIN PSBL S-S WX SPD DR
================================================================================
1 51 36 44 -4 21 0 0.19 M M 0.7 6 350 M M 9 128 9 210
2 56 48 52 5 13 0 0.28 M M 2.0 8 180 M M 10 1 10 160
3 60 50 55 8 10 0 0.06 M M 2.2 9 330 M M 10 1 12 330
4 66 48 57 10 8 0 0.00 M M 0.6 7 300 M M 3 12 9 300
5 65 47 56 9 9 0 0.00 M M 0.3 3 360 M M 5 12 5 350
6 56 47 52 5 13 0 0.70 M M 3.7 14 190 M M 9 12 20 200
7 56 37 47 0 18 0 0.22 M M 3.5 15 330 M M 6 12 22 330
8 56 32 44 -2 21 0 0.00 M M 1.0 7 310 M M 4 12 10 350
9 60 32 46 0 19 0 0.00 M M 0.4 5 280 M M 0 1 8 330
10 59 31 45 -1 20 0 0.00 M M 1.1 7 350 M M 0 18 9 350
11 65 34 50 4 15 0 0.00 M M 0.8 6 280 M M 0 1 7 290
12 63 39 51 5 14 0 0.00 M M 0.8 7 280 M M 4 12 8 280
13 62 33 48 2 17 0 0.00 0.0 M 0.5 6 280 M M 3 12 7 280
14 58 33 46 0 19 0 0.00 0.0 M 0.3 6 360 M M 0 18 8 340
15 66 34 50 4 15 0 0.00 0.0 M 0.4 6 320 M M 0 18 7 320
16 72 32 52 6 13 0 0.00 M M 0.8 9 170 M M 0 8 12 170
17 51 36 44 -2 21 0 0.29 M M 2.0 10 330 M M 7 13 13 330
18 61 50 56 10 9 0 2.11 M M 6.4 18 160 M M 10 1 31 150
19 59 51 55 9 10 0 1.26 M M 8.8 15 240 M M 10 1 24 140
20 60 46 53 7 12 0 0.70 M M 3.6 15 180 M M 7 1 24 180
21 67 45 56 10 9 0 T M M 0.8 6 190 M M 3 1 8 270
22 65 41 53 7 12 0 0.00 M M 3.1 14 310 M M 3 12 21 300
23 59 33 46 0 19 0 0.00 M M 1.1 6 330 M M 0 1 8 340
24 55 37 46 0 19 0 0.00 M M 0.7 6 280 M M 4 12 8 290
25 56 37 47 1 18 0 0.00 M M 0.6 7 290 M M 3 12 9 290
26 57 40 49 3 16 0 0.00 M M 3.6 13 150 M M 1 19 180
27 55 51 53 7 12 0 0.69 M M 6.1 20 190 M M 9 1 30 200
28 60 53 57 11 8 0 0.07 M M 3.6 12 150 M M 10 1 16 160
29 58 52 55 9 10 0 0.88 M M 6.3 17 170 M M 10 1 28 170
30 59 45 52 6 13 0 0.41 M M 1.1 7 290 M M 7 1 10 340
31 55 42 49 3 16 0 T M M 0.5 7 140 M M 8 1 8 160
================================================================================
SM 1848 1272 449 0 7.86 0.0 67.4 M 155
================================================================================
AV 59.6 41.0 2.2 FASTST M M 5 MAX(MPH)
MISC ----> 20 190 31 150
================================================================================
NOTES:
# LAST OF SEVERAL OCCURRENCES
COLUMN 17 PEAK WIND IN M.P.H.
PRELIMINARY LOCAL CLIMATOLOGICAL DATA (WS FORM: F-6) , PAGE 2
STATION: UKIAH CA
MONTH: DECEMBER
YEAR: 2023
LATITUDE: 39 7 N
LONGITUDE: 123 12 W
[TEMPERATURE DATA] [PRECIPITATION DATA] SYMBOLS USED IN COLUMN 16
AVERAGE MONTHLY: 50.3 TOTAL FOR MONTH: 7.86 1 = FOG OR MIST
DPTR FM NORMAL: 4.0 DPTR FM NORMAL: 0.94 2 = FOG REDUCING VISIBILITY
HIGHEST: 72 ON 16 GRTST 24HR 2.11 ON 18-18 TO 1/4 MILE OR LESS
LOWEST: 31 ON 10 3 = THUNDER
SNOW, ICE PELLETS, HAIL 4 = ICE PELLETS
TOTAL MONTH: 0.0 INCH 5 = HAIL
GRTST 24HR 0.0 6 = FREEZING RAIN OR DRIZZLE
GRTST DEPTH: M ON M 7 = DUSTSTORM OR SANDSTORM:
VSBY 1/2 MILE OR LESS
8 = SMOKE OR HAZE
[NO. OF DAYS WITH] [WEATHER - DAYS WITH] 9 = BLOWING SNOW
X = TORNADO
MAX 32 OR BELOW: 0 0.01 INCH OR MORE: 13
MAX 90 OR ABOVE: 0 0.10 INCH OR MORE: 11
MIN 32 OR BELOW: 4 0.50 INCH OR MORE: 6
MIN 0 OR BELOW: 0 1.00 INCH OR MORE: 2
[HDD (BASE 65) ]
TOTAL THIS MO. 449 CLEAR (SCALE 0-3) 12
DPTR FM NORMAL -131 PTCLDY (SCALE 4-7) 10
TOTAL FM JUL 1 916 CLOUDY (SCALE 8-10) 9
DPTR FM NORMAL -198
[CDD (BASE 65) ]
TOTAL THIS MO. 0
DPTR FM NORMAL 0 [PRESSURE DATA]
TOTAL FM JAN 1 1190 HIGHEST SLP 30.40 ON 9
DPTR FM NORMAL 185 LOWEST SLP 29.63 ON 18
[REMARKS]
#FINAL-12-23#