000
CXUS54 KHGX 011510
CF6UTS
PRELIMINARY LOCAL CLIMATOLOGICAL DATA (WS FORM: F-6)
STATION: HUNTSVILLE
MONTH: JANUARY
YEAR: 2023
LATITUDE: 30 45 N
LONGITUDE: 95 35 W
TEMPERATURE IN F: :PCPN: SNOW: WIND :SUNSHINE: SKY :PK WND
================================================================================
1 2 3 4 5 6A 6B 7 8 9 10 11 12 13 14 15 16 17 18
12Z AVG MX 2MIN
DY MAX MIN AVG DEP HDD CDD WTR SNW DPTH SPD SPD DIR MIN PSBL S-S WX SPD DR
================================================================================
1 78 59 69 18 0 4 0.00 0.0 0 8.3 16 180 M M 5 128 24 190
2 78 72 75 24 0 10 0.20 0.0 0 10.7 22 190 M M 10 138 33 180
3 75 55 65 14 0 0 0.22 0.0 0 4.3 17 300 M M 3 13 28 200
4 69 46 58 7 7 0 0.00 0.0 0 4.3 15 300 M M 0 23 300
5 68 40 54 3 11 0 0.00 0.0 0 1.2 8 60 M M 0 13 60
6 78 46 62 11 3 0 0.00 0.0 0 5.6 18 200 M M 0 8 28 200
7 78 57 68 17 0 3 0.23 0.0 0 4.4 15 200 M M 8 13 21 200
8 68 46 57 6 8 0 0.14 0.0 0 3.9 15 340 M M 4 13 25 330
9 71 42 57 6 8 0 0.00 0.0 0 2.7 9 200 M M 0 8 15 120
10 76 54 65 14 0 0 0.00 0.0 0 9.0 15 200 M M 4 128 22 220
11 80 64 72 21 0 7 0.00 0.0 0 12.7 23 200 M M 4 36 190
12 71 47 59 8 6 0 0.00 0.0 0 11.9 21 310 M M 1 32 320
13 61 36 49 -2 16 0 0.00 0.0 0 4.0 15 330 M M 0 26 330
14 64 34 49 -2 16 0 0.00 0.0 0 4.1 13 160 M M 0 22 160
15 75 50 63 12 2 0 0.00 0.0 0 8.6 22 180 M M 7 36 190
16 75 65 70 19 0 5 0.00 0.0 0 7.9 16 200 M M 5 18 27 210
17 79 63 71 20 0 6 0.00 0.0 0 6.0 14 160 M M 8 12 20 160
18 77 54 66 15 0 1 T 0.0 0 6.7 25 310 M M 7 41 300
19 67 46 57 6 8 0 0.00 0.0 0 4.6 13 330 M M 0 18 340
20 52 44 48 -3 17 0 0.09 0.0 0 3.8 9 60 M M 8 1 17 70
21 53 49 51 0 14 0 0.06 0.0 0 2.8 7 110 M M 10 1 11 80
22 59 37 48 -3 17 0 0.00 0.0 0 5.9 16 300 M M 2 1 26 310
23 60 33 47 -4 18 0 0.00 0.0 0 3.2 10 60 M M 2 17 60
24 53 46 50 -2 15 0 1.73 0.0 0 10.2 18 300 M M 9 13 32 90
25 49 37 43 -9 22 0 0.00 0.0 0 8.1 21 290 M M 7 31 300
26 56 31 44 -8 21 0 0.00 0.0 0 2.8 12 320 M M 0 1 18 340
27 57 34 46 -6 19 0 0.00 0.0 0 5.0 10 170 M M 5 19 180
28 68 54 61 9 4 0 0.20 0.0 0 8.2 16 180 M M 10 1 24 180
29 70 43 57 5 8 0 0.32 0.0 0 6.1 17 180 M M 9 1 27 180
30 43 35 39 -13 26 0 0.03 0.0 0 7.6 14 330 M M 10 1 22 340
31 37 34 36 -16 29 0 0.05 0.0 0 7.5 14 340 M M 10 1 24 330
================================================================================
SM 2045 1453 295 36 3.27 0.0 192.1 M 148
================================================================================
AV 66.0 46.9 6.2 FASTST M M 5 MAX(MPH)
MISC ----> 25 310 41 300
================================================================================
NOTES:
# LAST OF SEVERAL OCCURRENCES
COLUMN 17 PEAK WIND IN M.P.H.
PRELIMINARY LOCAL CLIMATOLOGICAL DATA (WS FORM: F-6) , PAGE 2
STATION: HUNTSVILLE
MONTH: JANUARY
YEAR: 2023
LATITUDE: 30 45 N
LONGITUDE: 95 35 W
[TEMPERATURE DATA] [PRECIPITATION DATA] SYMBOLS USED IN COLUMN 16
AVERAGE MONTHLY: 56.4 TOTAL FOR MONTH: 3.27 1 = FOG OR MIST
DPTR FM NORMAL: 5.3 DPTR FM NORMAL: -0.37 2 = FOG REDUCING VISIBILITY
HIGHEST: 80 ON 11 GRTST 24HR 3.05 ON 24-24 TO 1/4 MILE OR LESS
LOWEST: 31 ON 26 3 = THUNDER
SNOW, ICE PELLETS, HAIL 4 = ICE PELLETS
TOTAL MONTH: 0.0 INCH 5 = HAIL
GRTST 24HR 0.0 6 = FREEZING RAIN OR DRIZZLE
GRTST DEPTH: 0 7 = DUSTSTORM OR SANDSTORM:
VSBY 1/2 MILE OR LESS
8 = SMOKE OR HAZE
[NO. OF DAYS WITH] [WEATHER - DAYS WITH] 9 = BLOWING SNOW
X = TORNADO
MAX 32 OR BELOW: 0 0.01 INCH OR MORE: 11
MAX 90 OR ABOVE: 0 0.10 INCH OR MORE: 7
MIN 32 OR BELOW: 1 0.50 INCH OR MORE: 1
MIN 0 OR BELOW: 0 1.00 INCH OR MORE: 1
[HDD (BASE 65) ]
TOTAL THIS MO. 295 CLEAR (SCALE 0-3) 12
DPTR FM NORMAL -147 PTCLDY (SCALE 4-7) 11
TOTAL FM JUL 1 914 CLOUDY (SCALE 8-10) 8
DPTR FM NORMAL -197
[CDD (BASE 65) ]
TOTAL THIS MO. 36
DPTR FM NORMAL 24 [PRESSURE DATA]
TOTAL FM JAN 1 36 HIGHEST SLP 30.45 ON 26
DPTR FM NORMAL 24 LOWEST SLP 29.65 ON 24
[REMARKS]
#FINAL-01-23#