000
CXUS54 KHGX 072354
CF6UTS
PRELIMINARY LOCAL CLIMATOLOGICAL DATA (WS FORM: F-6)
STATION: HUNTSVILLE
MONTH: JULY
YEAR: 2021
LATITUDE: 30 45 N
LONGITUDE: 95 35 W
TEMPERATURE IN F: :PCPN: SNOW: WIND :SUNSHINE: SKY :PK WND
================================================================================
1 2 3 4 5 6A 6B 7 8 9 10 11 12 13 14 15 16 17 18
12Z AVG MX 2MIN
DY MAX MIN AVG DEP HDD CDD WTR SNW DPTH SPD SPD DIR MIN PSBL S-S WX SPD DR
================================================================================
1 96 75 86 3 0 21 0.00 0.0 0 1.4 8 180 M M 2 11 180
2 95 77 86 3 0 21 0.00 0.0 0 3.4 13 190 M M 2 3 16 40
3 82 75 79 -5 0 14 0.41 0.0 0 1.7 8 10 M M 6 13 13 10
4 91 75 83 -1 0 18 T 0.0 0 1.9 10 200 M M 7 12 15 50
5 89 76 83 -1 0 18 2.54 0.0 M 1.2 12 180 M M 7 1238 19 190
6 91 74 83 -1 0 18 T 0.0 0 2.4 10 170 M M 5 1 16 170
7 90 74 82 -2 0 17 T 0.0 0 3.4 12 180 M M 3 1 16 170
8 91 75 83 -1 0 18 0.01 0.0 0 3.3 16 190 M M 4 20 120
9 88 74 81 -3 0 16 0.47 0.0 0 4.4 23 190 M M 6 18 32 200
10 95 77 86 2 0 21 T 0.0 0 5.8 15 190 M M 4 18 20 190
11 91 72 82 -2 0 17 0.27 0.0 0 6.1 17 340 M M 2 13 25 350
12 84 70 77 -7 0 12 1.74 0.0 0 4.3 20 290 M M 4 123 24 280
13 94 70 82 -2 0 17 0.41 0.0 0 1.9 26 190 M M 3 13 32 190
14 91 71 81 -3 0 16 0.31 0.0 0 2.2 17 180 M M 2 138 24 170
15 93 77 85 1 0 20 0.36 0.0 0 3.9 22 210 M M 2 13 34 200
16 93 78 86 2 0 21 0.00 0.0 0 6.9 20 190 M M 3 25 190
17 94 77 86 2 0 21 0.00 0.0 0 4.6 13 200 M M 2 1 17 220
18 95 76 86 2 0 21 0.00 0.0 0 4.4 12 170 M M 2 15 180
19 92 77 85 0 0 20 0.02 0.0 0 4.9 21 340 M M 3 13 29 350
20 91 75 83 -2 0 18 0.00 0.0 0 3.0 10 320 M M 6 1 14 360
21 92 74 83 -2 0 18 0.56 0.0 0 2.0 13 330 M M 2 138 18 330
22 94 74 84 -1 0 19 T 0.0 0 4.2 15 190 M M 2 13 21 190
23 97 77 87 2 0 22 0.00 0.0 0 6.8 14 190 M M 1 20 200
24 96 78 87 2 0 22 0.00 0.0 0 5.5 13 230 M M 1 18 200
25 96 76 86 1 0 21 0.00 0.0 0 4.2 10 240 M M 2 1 14 210
26 96 76 86 1 0 21 0.00 0.0 0 3.1 10 230 M M 0 13 230
27 98 75 87 2 0 22 0.01 0.0 0 2.9 10 200 M M 1 3 15 160
28 97 74 86 1 0 21 0.00 0.0 0 0.9 8 350 M M 0 12 50
29 98 78 88 3 0 23 0.00 0.0 0 1.9 9 190 M M 2 38 12 190
30 96 78 87 2 0 22 0.03 0.0 0 2.3 8 180 M M 2 38 14 190
31 97 78 88 3 0 23 0.00 0.0 0 4.5 9 240 M M 1 15 160
================================================================================
SM 2883 2333 0 599 7.14 0.0 109.4 M 89
================================================================================
AV 93.0 75.3 3.5 FASTST M M 3 MAX(MPH)
MISC ----> 26 190 34 200
================================================================================
NOTES:
# LAST OF SEVERAL OCCURRENCES
COLUMN 17 PEAK WIND IN M.P.H.
PRELIMINARY LOCAL CLIMATOLOGICAL DATA (WS FORM: F-6) , PAGE 2
STATION: HUNTSVILLE
MONTH: JULY
YEAR: 2021
LATITUDE: 30 45 N
LONGITUDE: 95 35 W
[TEMPERATURE DATA] [PRECIPITATION DATA] SYMBOLS USED IN COLUMN 16
AVERAGE MONTHLY: 84.1 TOTAL FOR MONTH: 7.14 1 = FOG OR MIST
DPTR FM NORMAL: -0.3 DPTR FM NORMAL: 4.39 2 = FOG REDUCING VISIBILITY
HIGHEST: 98 ON 29,27 GRTST 24HR 2.54 ON 4- 5 TO 1/4 MILE OR LESS
LOWEST: 70 ON 13,12 3 = THUNDER
SNOW, ICE PELLETS, HAIL 4 = ICE PELLETS
TOTAL MONTH: 0.0 INCH 5 = HAIL
GRTST 24HR 0.0 6 = FREEZING RAIN OR DRIZZLE
GRTST DEPTH: 0 7 = DUSTSTORM OR SANDSTORM:
VSBY 1/2 MILE OR LESS
8 = SMOKE OR HAZE
[NO. OF DAYS WITH] [WEATHER - DAYS WITH] 9 = BLOWING SNOW
X = TORNADO
MAX 32 OR BELOW: 0 0.01 INCH OR MORE: 13
MAX 90 OR ABOVE: 27 0.10 INCH OR MORE: 9
MIN 32 OR BELOW: 0 0.50 INCH OR MORE: 3
MIN 0 OR BELOW: 0 1.00 INCH OR MORE: 2
[HDD (BASE 65) ]
TOTAL THIS MO. 0 CLEAR (SCALE 0-3) 21
DPTR FM NORMAL 0 PTCLDY (SCALE 4-7) 10
TOTAL FM JUL 1 0 CLOUDY (SCALE 8-10) 0
DPTR FM NORMAL 0
[CDD (BASE 65) ]
TOTAL THIS MO. 599
DPTR FM NORMAL -2 [PRESSURE DATA]
TOTAL FM JAN 1 1742 HIGHEST SLP 30.22 ON 13
DPTR FM NORMAL 32 LOWEST SLP 29.85 ON 6
[REMARKS]
#FINAL-07-21#