000
CXUS54 KEWX 011110
CF6UVA
PRELIMINARY LOCAL CLIMATOLOGICAL DATA (WS FORM: F-6)
STATION: UVALDE
MONTH: NOVEMBER
YEAR: 2022
LATITUDE: 29 12 N
LONGITUDE: 99 44 W
TEMPERATURE IN F: :PCPN: SNOW: WIND :SUNSHINE: SKY :PK WND
================================================================================
1 2 3 4 5 6A 6B 7 8 9 10 11 12 13 14 15 16 17 18
12Z AVG MX 2MIN
DY MAX MIN AVG DEP HDD CDD WTR SNW DPTH SPD SPD DIR MIN PSBL S-S WX SPD DR
================================================================================
1 76 59 68 M 0 3 0.00 M M 4.4 10 120 M M 4 M M
2 73 55 64 M 1 0 0.00 M M 4.2 9 130 M M 10 12 M M
3 81 66 74 M 0 9 0.00 M M 8.1 15 140 M M 9 1 24 140
4 85 61 73 M 0 8 0.00 M M 9.3 15 340 M M 6 25 170
5 78 48 63 M 2 0 0.00 M M 3.2 9 10 M M 2 M M
6 84 47 66 M 0 1 0.00 M M 3.5 8 60 M M 3 1 M M
7 88 68 78 M 0 13 0.00 M M 7.2 14 110 M M 6 1 20 130
8 82 67 75 M 0 10 0.00 M M 7.8 12 160 M M 7 16 130
9 82 69 76 M 0 11 0.06 M M 7.3 14 140 M M 8 1 18 120
10 82 67 75 M 0 10 0.00 M M 5.8 14 140 M M 8 17 130
11 74 44 59 M 6 0 0.00 M M 7.2 20 360 M M 8 26 360
12 62 39 51 M 14 0 0.00 M M 3.3 9 50 M M 2 M M
13 60 35 48 M 17 0 0.00 M M 6.5 15 90 M M 2 18 90
14 73 49 61 M 4 0 0.00 M M 8.2 23 360 M M 6 1 28 360
15 60 37 49 M 16 0 0.00 M M 4.7 10 360 M M 0 22 10
16 60 38 49 M 16 0 0.00 M M 4.5 12 70 M M 0 22 50
17 58 38 48 M 17 0 0.00 M M 3.5 8 140 M M 9 M M
18 58 48 53 M 12 0 0.00 M M 6.1 12 70 M M 10 17 80
19 49 42 46 M 19 0 0.00 M M 5.7 12 360 M M 10 M M
20 46 42 44 M 21 0 0.00 M M 2.3 10 60 M M 10 M M
21 46 40 43 M 22 0 0.00 M M 0.8 5 110 M M 10 1 M M
22 53 45 49 M 16 0 0.00 M M 0.3 4 270 M M 10 1 M M
23 55 49 52 M 13 0 0.00 M M 3.1 7 90 M M 10 1 M M
24 68 55 62 M 3 0 0.01 0.0 0 4.4 13 20 M M 10 1 16 330
25 61 49 55 M 10 0 0.00 M M 6.6 13 310 M M 10 1 21 310
26 63 42 53 M 12 0 0.00 M M 9.2 22 270 M M 2 26 290
27 78 37 58 M 7 0 0.00 M M 2.3 12 270 M M 0 17 270
28 75 38 57 M 8 0 0.00 M M 4.4 12 140 M M 1 M M
29 80 57 69 M 0 4 0.00 0.0 M 2.4 9 10 M M 5 1 M M
30 63 42 53 M 12 0 0.00 0.0 M 8.2 14 70 M M 1 17 50
================================================================================
SM 2053 1473 248 69 0.07 0.0 154.5 M 179
================================================================================
AV 68.4 49.1 5.1 FASTST M M 6 MAX(MPH)
MISC ----> 23 360 28 360
================================================================================
NOTES:
# LAST OF SEVERAL OCCURRENCES
COLUMN 17 PEAK WIND IN M.P.H.
PRELIMINARY LOCAL CLIMATOLOGICAL DATA (WS FORM: F-6) , PAGE 2
STATION: UVALDE
MONTH: NOVEMBER
YEAR: 2022
LATITUDE: 29 12 N
LONGITUDE: 99 44 W
[TEMPERATURE DATA] [PRECIPITATION DATA] SYMBOLS USED IN COLUMN 16
AVERAGE MONTHLY: 58.8 TOTAL FOR MONTH: 0.07 1 = FOG OR MIST
DPTR FM NORMAL: 0.0 DPTR FM NORMAL: M 2 = FOG REDUCING VISIBILITY
HIGHEST: 88 ON 7 GRTST 24HR 0.06 ON 9- 9 TO 1/4 MILE OR LESS
LOWEST: 35 ON 13 3 = THUNDER
SNOW, ICE PELLETS, HAIL 4 = ICE PELLETS
TOTAL MONTH: 0.0 INCH 5 = HAIL
GRTST 24HR 0.0 6 = FREEZING RAIN OR DRIZZLE
GRTST DEPTH: 0 7 = DUSTSTORM OR SANDSTORM:
VSBY 1/2 MILE OR LESS
8 = SMOKE OR HAZE
[NO. OF DAYS WITH] [WEATHER - DAYS WITH] 9 = BLOWING SNOW
X = TORNADO
MAX 32 OR BELOW: 0 0.01 INCH OR MORE: 2
MAX 90 OR ABOVE: 0 0.10 INCH OR MORE: 0
MIN 32 OR BELOW: 0 0.50 INCH OR MORE: 0
MIN 0 OR BELOW: 0 1.00 INCH OR MORE: 0
[HDD (BASE 65) ]
TOTAL THIS MO. 248 CLEAR (SCALE 0-3) 10
DPTR FM NORMAL M PTCLDY (SCALE 4-7) 7
TOTAL FM JUL 1 275 CLOUDY (SCALE 8-10) 13
DPTR FM NORMAL M
[CDD (BASE 65) ]
TOTAL THIS MO. 69
DPTR FM NORMAL M [PRESSURE DATA]
TOTAL FM JAN 1 3530 HIGHEST SLP M ON M
DPTR FM NORMAL M LOWEST SLP M ON M
[REMARKS]
#FINAL-11-22#