000
CXUS54 KEWX 011010
CF6UVA
PRELIMINARY LOCAL CLIMATOLOGICAL DATA (WS FORM: F-6)
STATION: UVALDE
MONTH: MARCH
YEAR: 2022
LATITUDE: 29 12 N
LONGITUDE: 99 44 W
TEMPERATURE IN F: :PCPN: SNOW: WIND :SUNSHINE: SKY :PK WND
================================================================================
1 2 3 4 5 6A 6B 7 8 9 10 11 12 13 14 15 16 17 18
12Z AVG MX 2MIN
DY MAX MIN AVG DEP HDD CDD WTR SNW DPTH SPD SPD DIR MIN PSBL S-S WX SPD DR
================================================================================
1 74 34 54 M 11 0 0.00 M M 6.0 9 140 M M 0 M M
2 76 42 59 M 6 0 0.00 M M 5.5 9 160 M M 0 16 160
3 77 50 64 M 1 0 0.00 M M 6.2 9 160 M M 6 16 140
4 82 63 73 M 0 8 0.00 M M 11.9 18 140 M M 7 29 140
5 82 60 71 M 0 6 0.00 M M 8.5 13 150 M M 6 20 140
6 83 66 75 M 0 10 0.00 M M 10.1 17 160 M M 6 22 140
7 70 49 60 M 5 0 0.00 M M 10.6 16 20 M M 7 26 30
8 50 46 48 M 17 0 0.00 M M 10.0 16 50 M M 10 18 50
9 68 35 52 M 13 0 0.00 M M 6.1 13 170 M M 0 16 100
10 74 36 55 M 10 0 0.00 M M 6.8 12 120 M M 1 20 190
11 62 40 51 M 14 0 0.00 M M 12.2 20 340 M M 7 28 340
12 58 24 41 M 24 0 0.00 M M 4.2 8 170 M M 0 M M
13 69 28 49 M 16 0 0.00 M M 9.7 18 160 M M 0 25 160
14 84 47 66 M 0 1 0.00 M M 7.9 15 350 M M 4 22 280
15 82 43 63 M 2 0 0.00 M M 8.2 20 340 M M 0 24 340
16 86 42 64 M 1 0 0.00 M M 8.6 14 130 M M 0 22 140
17 88 50 69 M 0 4 0.00 M M 6.4 10 310 M M 2 17 150
18 76 50 63 M 2 0 0.00 M M 9.2 18 320 M M 1 8 23 340
19 78 45 62 M 3 0 0.00 M M 6.4 13 130 M M 0 17 120
20 80 42 61 M 4 0 0.00 M M 12.9 23 120 M M 0 29 130
21 88 61 75 M 0 10 0.00 M M 10.9 18 120 M M 6 1 27 120
22 70 53 62 M 3 0 0.00 M M 15.3 27 310 M M 2 35 310
23 69 44 57 M 8 0 0.00 M M 5.8 20 310 M M 0 27 320
24 81 35 58 M 7 0 0.00 M M 5.9 17 300 M M 0 30 290
25 90 41 66 M 0 1 0.00 M M 2.4 14 130 M M 0 M M
26 93 51 72 M 0 7 0.00 M M 4.9 15 190 M M 0 23 180
27 91 50 71 M 0 6 0.00 M M 6.4 16 150 M M 0 20 160
28 89 54 72 M 0 7 0.00 M M 9.5 18 120 M M 2 28 120
29 89 61 75 M 0 10 0.00 M M 11.5 21 140 M M 2 28 140
30 83 56 70 M 0 5 0.00 M M 14.3 35 290 M M 2 40 290
31 84 43 64 M 1 0 0.00 M M 4.6 12 70 M M 0 23 140
================================================================================
SM 2426 1441 148 75 0.00 M 258.9 M 71
================================================================================
AV 78.3 46.5 8.4 FASTST M M 2 MAX(MPH)
MISC ----> 35 290 40 290
================================================================================
NOTES:
# LAST OF SEVERAL OCCURRENCES
COLUMN 17 PEAK WIND IN M.P.H.
PRELIMINARY LOCAL CLIMATOLOGICAL DATA (WS FORM: F-6) , PAGE 2
STATION: UVALDE
MONTH: MARCH
YEAR: 2022
LATITUDE: 29 12 N
LONGITUDE: 99 44 W
[TEMPERATURE DATA] [PRECIPITATION DATA] SYMBOLS USED IN COLUMN 16
AVERAGE MONTHLY: 62.4 TOTAL FOR MONTH: 0.00 1 = FOG OR MIST
DPTR FM NORMAL: 0.0 DPTR FM NORMAL: M 2 = FOG REDUCING VISIBILITY
HIGHEST: 93 ON 26 GRTST 24HR 0.00 ON 17-17 TO 1/4 MILE OR LESS
LOWEST: 24 ON 12 3 = THUNDER
SNOW, ICE PELLETS, HAIL 4 = ICE PELLETS
TOTAL MONTH: M 5 = HAIL
GRTST 24HR M ON M 6 = FREEZING RAIN OR DRIZZLE
GRTST DEPTH: M ON M 7 = DUSTSTORM OR SANDSTORM:
VSBY 1/2 MILE OR LESS
8 = SMOKE OR HAZE
[NO. OF DAYS WITH] [WEATHER - DAYS WITH] 9 = BLOWING SNOW
X = TORNADO
MAX 32 OR BELOW: 0 0.01 INCH OR MORE: 0
MAX 90 OR ABOVE: 3 0.10 INCH OR MORE: 0
MIN 32 OR BELOW: 2 0.50 INCH OR MORE: 0
MIN 0 OR BELOW: 0 1.00 INCH OR MORE: 0
[HDD (BASE 65) ]
TOTAL THIS MO. 148 CLEAR (SCALE 0-3) 22
DPTR FM NORMAL M PTCLDY (SCALE 4-7) 8
TOTAL FM JUL 1 1285 CLOUDY (SCALE 8-10) 1
DPTR FM NORMAL M
[CDD (BASE 65) ]
TOTAL THIS MO. 75
DPTR FM NORMAL M [PRESSURE DATA]
TOTAL FM JAN 1 106 HIGHEST SLP M ON M
DPTR FM NORMAL M LOWEST SLP M ON M
[REMARKS]
#FINAL-03-22#