000
CXUS54 KEWX 011010
CF6UVA
PRELIMINARY LOCAL CLIMATOLOGICAL DATA (WS FORM: F-6)
STATION: UVALDE
MONTH: OCTOBER
YEAR: 2023
LATITUDE: 29 12 N
LONGITUDE: 99 44 W
TEMPERATURE IN F: :PCPN: SNOW: WIND :SUNSHINE: SKY :PK WND
================================================================================
1 2 3 4 5 6A 6B 7 8 9 10 11 12 13 14 15 16 17 18
12Z AVG MX 2MIN
DY MAX MIN AVG DEP HDD CDD WTR SNW DPTH SPD SPD DIR MIN PSBL S-S WX SPD DR
================================================================================
1 92 75 84 M 0 19 0.00 M M 8.7 18 110 M M 5 24 110
2 82 72 77 M 0 12 0.17 M M 6.9 15 120 M M 7 26 80
3 92 72 82 M 0 17 0.04 M M 6.0 12 110 M M 6 1 16 130
4 95 75 85 M 0 20 0.00 M M 8.6 15 150 M M 4 18 160
5 82 69 76 M 0 11 0.66 M M 6.9 14 60 M M 6 3 21 360
6 84 66 75 M 0 10 0.00 M M 4.2 12 70 M M 1 16 50
7 77 61 69 M 0 4 0.00 M M 5.5 15 50 M M 0 21 40
8 77 53 65 M 0 0 0.00 M M 5.2 9 100 M M 0 M M
9 82 54 68 M 0 3 0.00 M M 6.1 14 190 M M 1 21 180
10 76 64 70 M 0 5 0.24 M M 7.6 13 150 M M 10 17 180
11 75 63 69 M 0 4 0.61 M M 4.4 8 150 M M 9 M M
12 83 67 75 M 0 10 0.00 M M 7.8 12 150 M M 5 M M
13 86 72 79 M 0 14 0.00 M M 4.4 9 130 M M 8 M M
14 78 61 70 M 0 5 0.00 M M 3.0 8 40 M M 7 M M
15 80 58 69 M 0 4 0.00 M M 5.6 13 20 M M 5 17 320
16 79 45 62 M 3 0 0.00 M M 2.3 7 310 M M 0 M M
17 78 48 63 M 2 0 0.00 M M 5.4 9 160 M M 0 M M
18 83 48 66 M 0 1 0.00 M M 5.9 12 170 M M 0 21 160
19 88 56 72 M 0 7 0.00 M M 2.9 7 30 M M 0 M M
20 92 52 72 M 0 7 0.00 M M 2.1 8 170 M M 0 M M
21 89 56 73 M 0 8 0.00 M M 3.8 9 170 M M 0 M M
22 85 66 76 M 0 11 0.00 M M 7.6 14 120 M M 4 21 120
23 83 73 78 M 0 13 0.00 M M 11.1 17 130 M M 9 21 110
24 85 74 80 M 0 15 0.05 M M 11.5 16 150 M M 8 22 140
25 85 74 80 M 0 15 0.00 M M 12.3 17 150 M M 8 25 150
26 92 74 83 M 0 18 0.00 M M 8.4 15 170 M M 5 21 150
27 89 74 82 M 0 17 0.08 M M 9.4 14 110 M M 7 18 140
28 87 72 80 M 0 15 0.00 M M 8.1 13 150 M M 5 21 170
29 82 44 63 M 2 0 0.02 M M 9.4 17 20 M M 9 25 360
30 48 41 45 M 20 0 0.00 M M 9.7 15 350 M M 10 3 21 360
31 64 42 53 M 12 0 0.00 M M 4.8 9 50 M M 5 16 10
================================================================================
SM 2550 1921 39 265 1.87 M 205.6 M 144
================================================================================
AV 82.3 62.0 6.6 FASTST M M 5 MAX(MPH)
MISC ----> 18 110 26 80
================================================================================
NOTES:
# LAST OF SEVERAL OCCURRENCES
COLUMN 17 PEAK WIND IN M.P.H.
PRELIMINARY LOCAL CLIMATOLOGICAL DATA (WS FORM: F-6) , PAGE 2
STATION: UVALDE
MONTH: OCTOBER
YEAR: 2023
LATITUDE: 29 12 N
LONGITUDE: 99 44 W
[TEMPERATURE DATA] [PRECIPITATION DATA] SYMBOLS USED IN COLUMN 16
AVERAGE MONTHLY: 72.1 TOTAL FOR MONTH: 1.87 1 = FOG OR MIST
DPTR FM NORMAL: 0.0 DPTR FM NORMAL: M 2 = FOG REDUCING VISIBILITY
HIGHEST: 95 ON 4 GRTST 24HR 0.66 ON 5- 5 TO 1/4 MILE OR LESS
LOWEST: 41 ON 30 3 = THUNDER
SNOW, ICE PELLETS, HAIL 4 = ICE PELLETS
TOTAL MONTH: M 5 = HAIL
GRTST 24HR M ON M 6 = FREEZING RAIN OR DRIZZLE
GRTST DEPTH: M ON M 7 = DUSTSTORM OR SANDSTORM:
VSBY 1/2 MILE OR LESS
8 = SMOKE OR HAZE
[NO. OF DAYS WITH] [WEATHER - DAYS WITH] 9 = BLOWING SNOW
X = TORNADO
MAX 32 OR BELOW: 0 0.01 INCH OR MORE: 8
MAX 90 OR ABOVE: 5 0.10 INCH OR MORE: 4
MIN 32 OR BELOW: 0 0.50 INCH OR MORE: 2
MIN 0 OR BELOW: 0 1.00 INCH OR MORE: 0
[HDD (BASE 65) ]
TOTAL THIS MO. 39 CLEAR (SCALE 0-3) 10
DPTR FM NORMAL M PTCLDY (SCALE 4-7) 14
TOTAL FM JUL 1 39 CLOUDY (SCALE 8-10) 7
DPTR FM NORMAL M
[CDD (BASE 65) ]
TOTAL THIS MO. 265
DPTR FM NORMAL M [PRESSURE DATA]
TOTAL FM JAN 1 3450 HIGHEST SLP M ON M
DPTR FM NORMAL M LOWEST SLP M ON M
[REMARKS]
#FINAL-10-23#